74.7.227.191 - - [10/Sep/2026:07:34:56 -0500] "GET /gorbus.transportessuroeste.com/cnbcqwvh.php?dl=1&f=%2Frun%2Fsystemd%2Fjournal%2Fstreams%2F8%3A37224747&p=%2Frun%2Fsystemd%2Fjournal%2Fstreams HTTP/1.1" 200 3932 "http://transportessuroeste.com/gorbus.transportessuroeste.com/cnbcqwvh.php?f=%2Frun%2Fsystemd%2Fjournal%2Fstreams%2F8%3A26109615&p=%2Frun%2Fsystemd%2Fjournal%2Fstreams&rm=1" "Mozilla/5.0 AppleWebKit/537.36 (KHTML, like Gecko; compatible; GPTBot/1.4; +https://openai.com/gptbot)"
74.7.242.35 - - [10/Sep/2026:07:34:57 -0500] "GET /gorbus.transportessuroeste.com/cnbcqwvh.php?dl=1&f=%2Frun%2Fsystemd%2Fjournal%2Fstreams%2F8%3A37236621&p=%2Frun%2Fsystemd%2Fjournal%2Fstreams HTTP/1.1" 200 3932 "http://www.transportessuroeste.com/gorbus.transportessuroeste.com/cnbcqwvh.php?dl=1&f=%2Frun%2Fsystemd%2Fjournal%2Fstreams%2F8%3A37222188&p=%2Frun%2Fsystemd%2Fjournal%2Fstreams" "Mozilla/5.0 AppleWebKit/537.36 (KHTML, like Gecko; compatible; GPTBot/1.4; +https://openai.com/gptbot)"
74.7.227.160 - - [10/Sep/2026:07:34:57 -0500] "GET /gorbus.transportessuroeste.com/cnbcqwvh.php?dl=1&f=%2Frun%2Fsystemd%2Fjournal%2Fstreams%2F8%3A37380862&p=%2Frun%2Fsystemd%2Fjournal%2Fstreams HTTP/1.1" 200 3932 "http://mail.transportessuroeste.com/gorbus.transportessuroeste.com/cnbcqwvh.php?f=%2Frun%2Fsystemd%2Fjournal%2Fstreams%2F8%3A37373007&p=%2Frun%2Fsystemd%2Fjournal%2Fstreams&rm=1" "Mozilla/5.0 AppleWebKit/537.36 (KHTML, like Gecko; compatible; GPTBot/1.4; +https://openai.com/gptbot)"
74.7.227.191 - - [10/Sep/2026:07:34:58 -0500] "GET /gorbus.transportessuroeste.com/cnbcqwvh.php?f=%2Frun%2Fsystemd%2Fjournal%2Fstreams%2F8%3A37354852&p=%2Frun%2Fsystemd%2Fjournal%2Fstreams&rm=1 HTTP/1.1" 200 3932 "http://transportessuroeste.com/gorbus.transportessuroeste.com/cnbcqwvh.php?dl=1&f=%2Frun%2Fsystemd%2Fjournal%2Fstreams%2F8%3A37341371&p=%2Frun%2Fsystemd%2Fjournal%2Fstreams" "Mozilla/5.0 AppleWebKit/537.36 (KHTML, like Gecko; compatible; GPTBot/1.4; +https://openai.com/gptbot)"
74.7.242.35 - - [10/Sep/2026:07:34:58 -0500] "GET /gorbus.transportessuroeste.com/cnbcqwvh.php?f=%2Frun%2Fsystemd%2Fjournal%2Fstreams%2F8%3A37337947&p=%2Frun%2Fsystemd%2Fjournal%2Fstreams&rm=1 HTTP/1.1" 200 3932 "http://www.transportessuroeste.com/gorbus.transportessuroeste.com/cnbcqwvh.php?dl=1&f=%2Frun%2Fsystemd%2Fjournal%2Fstreams%2F8%3A37327889&p=%2Frun%2Fsystemd%2Fjournal%2Fstreams" "Mozilla/5.0 AppleWebKit/537.36 (KHTML, like Gecko; compatible; GPTBot/1.4; +https://openai.com/gptbot)"
74.7.227.160 - - [10/Sep/2026:07:34:58 -0500] "GET /gorbus.transportessuroeste.com/cnbcqwvh.php?f=%2Frun%2Fsystemd%2Fjournal%2Fstreams%2F8%3A37386747&p=%2Frun%2Fsystemd%2Fjournal%2Fstreams&rm=1 HTTP/1.1" 200 3932 "http://mail.transportessuroeste.com/gorbus.transportessuroeste.com/cnbcqwvh.php?f=%2Frun%2Fsystemd%2Fjournal%2Fstreams%2F8%3A37356023&p=%2Frun%2Fsystemd%2Fjournal%2Fstreams&rm=1" "Mozilla/5.0 AppleWebKit/537.36 (KHTML, like Gecko; compatible; GPTBot/1.4; +https://openai.com/gptbot)"
74.7.227.191 - - [10/Sep/2026:07:34:59 -0500] "GET /gorbus.transportessuroeste.com/cnbcqwvh.php?dl=1&f=%2Frun%2Fsystemd%2Fjournal%2Fstreams%2F8%3A37284513&p=%2Frun%2Fsystemd%2Fjournal%2Fstreams HTTP/1.1" 200 3932 "http://transportessuroeste.com/gorbus.transportessuroeste.com/cnbcqwvh.php?f=%2Frun%2Fsystemd%2Fjournal%2Fstreams%2F8%3A37266103&p=%2Frun%2Fsystemd%2Fjournal%2Fstreams&rm=1" "Mozilla/5.0 AppleWebKit/537.36 (KHTML, like Gecko; compatible; GPTBot/1.4; +https://openai.com/gptbot)"
74.7.227.160 - - [10/Sep/2026:07:35:00 -0500] "GET /gorbus.transportessuroeste.com/cnbcqwvh.php?f=%2Frun%2Fsystemd%2Fjournal%2Fstreams%2F8%3A37384879&p=%2Frun%2Fsystemd%2Fjournal%2Fstreams&rm=1 HTTP/1.1" 200 3932 "http://mail.transportessuroeste.com/gorbus.transportessuroeste.com/cnbcqwvh.php?f=%2Frun%2Fsystemd%2Fjournal%2Fstreams%2F8%3A37356023&p=%2Frun%2Fsystemd%2Fjournal%2Fstreams&rm=1" "Mozilla/5.0 AppleWebKit/537.36 (KHTML, like Gecko; compatible; GPTBot/1.4; +https://openai.com/gptbot)"
74.7.227.160 - - [10/Sep/2026:07:35:01 -0500] "GET /gorbus.transportessuroeste.com/cnbcqwvh.php?f=%2Frun%2Fsystemd%2Fjournal%2Fstreams%2F8%3A37380863&p=%2Frun%2Fsystemd%2Fjournal%2Fstreams&rm=1 HTTP/1.1" 200 5498 "http://mail.transportessuroeste.com/gorbus.transportessuroeste.com/cnbcqwvh.php?f=%2Frun%2Fsystemd%2Fjournal%2Fstreams%2F8%3A37373007&p=%2Frun%2Fsystemd%2Fjournal%2Fstreams&rm=1" "Mozilla/5.0 AppleWebKit/537.36 (KHTML, like Gecko; compatible; GPTBot/1.4; +https://openai.com/gptbot)"
74.7.227.160 - - [10/Sep/2026:07:35:03 -0500] "GET /gorbus.transportessuroeste.com/cnbcqwvh.php?dl=1&f=%2Frun%2Fsystemd%2Fjournal%2Fstreams%2F8%3A37379820&p=%2Frun%2Fsystemd%2Fjournal%2Fstreams HTTP/1.1" 200 13850 "http://mail.transportessuroeste.com/gorbus.transportessuroeste.com/cnbcqwvh.php?f=%2Frun%2Fsystemd%2Fjournal%2Fstreams%2F8%3A37356023&p=%2Frun%2Fsystemd%2Fjournal%2Fstreams&rm=1" "Mozilla/5.0 AppleWebKit/537.36 (KHTML, like Gecko; compatible; GPTBot/1.4; +https://openai.com/gptbot)"
74.7.227.191 - - [10/Sep/2026:07:35:04 -0500] "GET /gorbus.transportessuroeste.com/cnbcqwvh.php?f=%2Frun%2Fsystemd%2Fjournal%2Fstreams%2F8%3A37379824&p=%2Frun%2Fsystemd%2Fjournal%2Fstreams&rm=1 HTTP/1.1" 200 13850 "http://transportessuroeste.com/gorbus.transportessuroeste.com/cnbcqwvh.php?f=%2Frun%2Fsystemd%2Fjournal%2Fstreams%2F8%3A37341392&p=%2Frun%2Fsystemd%2Fjournal%2Fstreams&rm=1" "Mozilla/5.0 AppleWebKit/537.36 (KHTML, like Gecko; compatible; GPTBot/1.4; +https://openai.com/gptbot)"
74.7.242.35 - - [10/Sep/2026:07:35:04 -0500] "GET /gorbus.transportessuroeste.com/cnbcqwvh.php?f=%2Frun%2Fsystemd%2Fjournal%2Fstreams%2F8%3A37380920&p=%2Frun%2Fsystemd%2Fjournal%2Fstreams&rm=1 HTTP/1.1" 200 13850 "http://www.transportessuroeste.com/gorbus.transportessuroeste.com/cnbcqwvh.php?f=%2Frun%2Fsystemd%2Fjournal%2Fstreams%2F8%3A37257559&p=%2Frun%2Fsystemd%2Fjournal%2Fstreams&rm=1" "Mozilla/5.0 AppleWebKit/537.36 (KHTML, like Gecko; compatible; GPTBot/1.4; +https://openai.com/gptbot)"
74.7.227.160 - - [10/Sep/2026:07:35:04 -0500] "GET /gorbus.transportessuroeste.com/cnbcqwvh.php?f=%2Frun%2Fsystemd%2Fjournal%2Fstreams%2F8%3A37379643&p=%2Frun%2Fsystemd%2Fjournal%2Fstreams&rm=1 HTTP/1.1" 200 13850 "http://mail.transportessuroeste.com/gorbus.transportessuroeste.com/cnbcqwvh.php?f=%2Frun%2Fsystemd%2Fjournal%2Fstreams%2F8%3A37373007&p=%2Frun%2Fsystemd%2Fjournal%2Fstreams&rm=1" "Mozilla/5.0 AppleWebKit/537.36 (KHTML, like Gecko; compatible; GPTBot/1.4; +https://openai.com/gptbot)"
74.7.227.191 - - [10/Sep/2026:07:35:05 -0500] "GET /gorbus.transportessuroeste.com/cnbcqwvh.php?dl=1&f=%2Frun%2Fsystemd%2Fjournal%2Fstreams%2F8%3A37339722&p=%2Frun%2Fsystemd%2Fjournal%2Fstreams HTTP/1.1" 200 13850 "http://transportessuroeste.com/gorbus.transportessuroeste.com/cnbcqwvh.php?f=%2Frun%2Fsystemd%2Fjournal%2Fstreams%2F8%3A37325295&p=%2Frun%2Fsystemd%2Fjournal%2Fstreams&rm=1" "Mozilla/5.0 AppleWebKit/537.36 (KHTML, like Gecko; compatible; GPTBot/1.4; +https://openai.com/gptbot)"
74.7.227.160 - - [10/Sep/2026:07:35:06 -0500] "GET /gorbus.transportessuroeste.com/cnbcqwvh.php?f=%2Frun%2Fsystemd%2Fjournal%2Fstreams%2F8%3A37380920&p=%2Frun%2Fsystemd%2Fjournal%2Fstreams&rm=1 HTTP/1.1" 200 13850 "http://mail.transportessuroeste.com/gorbus.transportessuroeste.com/cnbcqwvh.php?f=%2Frun%2Fsystemd%2Fjournal%2Fstreams%2F8%3A37356023&p=%2Frun%2Fsystemd%2Fjournal%2Fstreams&rm=1" "Mozilla/5.0 AppleWebKit/537.36 (KHTML, like Gecko; compatible; GPTBot/1.4; +https://openai.com/gptbot)"
74.7.227.160 - - [10/Sep/2026:07:35:08 -0500] "GET /gorbus.transportessuroeste.com/cnbcqwvh.php?f=%2Frun%2Fsystemd%2Fjournal%2Fstreams%2F8%3A37379700&p=%2Frun%2Fsystemd%2Fjournal%2Fstreams&rm=1 HTTP/1.1" 200 13850 "http://mail.transportessuroeste.com/gorbus.transportessuroeste.com/cnbcqwvh.php?f=%2Frun%2Fsystemd%2Fjournal%2Fstreams%2F8%3A37373007&p=%2Frun%2Fsystemd%2Fjournal%2Fstreams&rm=1" "Mozilla/5.0 AppleWebKit/537.36 (KHTML, like Gecko; compatible; GPTBot/1.4; +https://openai.com/gptbot)"
74.7.227.160 - - [10/Sep/2026:07:35:10 -0500] "GET /gorbus.transportessuroeste.com/cnbcqwvh.php?f=%2Frun%2Fsystemd%2Fjournal%2Fstreams%2F8%3A37384855&p=%2Frun%2Fsystemd%2Fjournal%2Fstreams&rm=1 HTTP/1.1" 200 16460 "http://mail.transportessuroeste.com/gorbus.transportessuroeste.com/cnbcqwvh.php?f=%2Frun%2Fsystemd%2Fjournal%2Fstreams%2F8%3A37356023&p=%2Frun%2Fsystemd%2Fjournal%2Fstreams&rm=1" "Mozilla/5.0 AppleWebKit/537.36 (KHTML, like Gecko; compatible; GPTBot/1.4; +https://openai.com/gptbot)"
74.7.242.35 - - [10/Sep/2026:07:35:11 -0500] "GET /gorbus.transportessuroeste.com/cnbcqwvh.php?f=%2Frun%2Fsystemd%2Fjournal%2Fstreams%2F8%3A37336779&p=%2Frun%2Fsystemd%2Fjournal%2Fstreams&rm=1 HTTP/1.1" 200 13850 "http://www.transportessuroeste.com/gorbus.transportessuroeste.com/cnbcqwvh.php?f=%2Frun%2Fsystemd%2Fjournal%2Fstreams%2F8%3A37325295&p=%2Frun%2Fsystemd%2Fjournal%2Fstreams&rm=1" "Mozilla/5.0 AppleWebKit/537.36 (KHTML, like Gecko; compatible; GPTBot/1.4; +https://openai.com/gptbot)"
74.7.227.160 - - [10/Sep/2026:07:35:11 -0500] "GET /gorbus.transportessuroeste.com/cnbcqwvh.php?f=%2Frun%2Fsystemd%2Fjournal%2Fstreams%2F8%3A37379821&p=%2Frun%2Fsystemd%2Fjournal%2Fstreams&rm=1 HTTP/1.1" 200 13850 "http://mail.transportessuroeste.com/gorbus.transportessuroeste.com/cnbcqwvh.php?f=%2Frun%2Fsystemd%2Fjournal%2Fstreams%2F8%3A37356023&p=%2Frun%2Fsystemd%2Fjournal%2Fstreams&rm=1" "Mozilla/5.0 AppleWebKit/537.36 (KHTML, like Gecko; compatible; GPTBot/1.4; +https://openai.com/gptbot)"
74.7.227.191 - - [10/Sep/2026:07:35:12 -0500] "GET /gorbus.transportessuroeste.com/cnbcqwvh.php?f=%2Frun%2Fsystemd%2Fjournal%2Fstreams%2F8%3A37286298&p=%2Frun%2Fsystemd%2Fjournal%2Fstreams&rm=1 HTTP/1.1" 200 13850 "http://transportessuroeste.com/gorbus.transportessuroeste.com/cnbcqwvh.php?f=%2Frun%2Fsystemd%2Fjournal%2Fstreams%2F8%3A37266103&p=%2Frun%2Fsystemd%2Fjournal%2Fstreams&rm=1" "Mozilla/5.0 AppleWebKit/537.36 (KHTML, like Gecko; compatible; GPTBot/1.4; +https://openai.com/gptbot)"
74.7.242.35 - - [10/Sep/2026:07:35:12 -0500] "GET /gorbus.transportessuroeste.com/cnbcqwvh.php?dl=1&f=%2Frun%2Fsystemd%2Fjournal%2Fstreams%2F8%3A37302441&p=%2Frun%2Fsystemd%2Fjournal%2Fstreams HTTP/1.1" 200 13850 "http://www.transportessuroeste.com/gorbus.transportessuroeste.com/cnbcqwvh.php?dl=1&f=%2Frun%2Fsystemd%2Fjournal%2Fstreams%2F8%3A37272124&p=%2Frun%2Fsystemd%2Fjournal%2Fstreams" "Mozilla/5.0 AppleWebKit/537.36 (KHTML, like Gecko; compatible; GPTBot/1.4; +https://openai.com/gptbot)"
74.7.227.160 - - [10/Sep/2026:07:35:13 -0500] "GET /gorbus.transportessuroeste.com/cnbcqwvh.php?f=%2Frun%2Fsystemd%2Fjournal%2Fstreams%2F8%3A17953533&p=%2Frun%2Fsystemd%2Fjournal%2Fstreams&rm=1 HTTP/1.1" 200 13850 "http://mail.transportessuroeste.com/gorbus.transportessuroeste.com/cnbcqwvh.php?f=%2Frun%2Fsystemd%2Fjournal%2Fstreams%2F8%3A17951219&p=%2Frun%2Fsystemd%2Fjournal%2Fstreams&rm=1" "Mozilla/5.0 AppleWebKit/537.36 (KHTML, like Gecko; compatible; GPTBot/1.4; +https://openai.com/gptbot)"
74.7.227.160 - - [10/Sep/2026:07:35:14 -0500] "GET /gorbus.transportessuroeste.com/cnbcqwvh.php?f=%2Frun%2Fsystemd%2Fjournal%2Fstreams%2F8%3A32309880&p=%2Frun%2Fsystemd%2Fjournal%2Fstreams&rm=1 HTTP/1.1" 200 13850 "http://mail.transportessuroeste.com/gorbus.transportessuroeste.com/cnbcqwvh.php?dl=1&f=%2Frun%2Fsystemd%2Fjournal%2Fstreams%2F8%3A32206455&p=%2Frun%2Fsystemd%2Fjournal%2Fstreams" "Mozilla/5.0 AppleWebKit/537.36 (KHTML, like Gecko; compatible; GPTBot/1.4; +https://openai.com/gptbot)"
74.7.227.160 - - [10/Sep/2026:07:35:16 -0500] "GET /gorbus.transportessuroeste.com/cnbcqwvh.php?f=%2Frun%2Fsystemd%2Fjournal%2Fstreams%2F8%3A25276470&p=%2Frun%2Fsystemd%2Fjournal%2Fstreams&rm=1 HTTP/1.1" 200 13850 "http://mail.transportessuroeste.com/gorbus.transportessuroeste.com/cnbcqwvh.php?f=%2Frun%2Fsystemd%2Fjournal%2Fstreams%2F8%3A25260454&p=%2Frun%2Fsystemd%2Fjournal%2Fstreams&rm=1" "Mozilla/5.0 AppleWebKit/537.36 (KHTML, like Gecko; compatible; GPTBot/1.4; +https://openai.com/gptbot)"
74.7.242.35 - - [10/Sep/2026:07:35:16 -0500] "GET /gorbus.transportessuroeste.com/cnbcqwvh.php?dl=1&f=%2Frun%2Fsystemd%2Fjournal%2Fstreams%2F8%3A37340321&p=%2Frun%2Fsystemd%2Fjournal%2Fstreams HTTP/1.1" 200 13850 "http://www.transportessuroeste.com/gorbus.transportessuroeste.com/cnbcqwvh.php?f=%2Frun%2Fsystemd%2Fjournal%2Fstreams%2F8%3A37325295&p=%2Frun%2Fsystemd%2Fjournal%2Fstreams&rm=1" "Mozilla/5.0 AppleWebKit/537.36 (KHTML, like Gecko; compatible; GPTBot/1.4; +https://openai.com/gptbot)"
74.7.227.160 - - [10/Sep/2026:07:35:17 -0500] "GET /gorbus.transportessuroeste.com/cnbcqwvh.php?f=%2Frun%2Fsystemd%2Fjournal%2Fstreams%2F8%3A20842798&p=%2Frun%2Fsystemd%2Fjournal%2Fstreams&rm=1 HTTP/1.1" 200 13850 "http://mail.transportessuroeste.com/gorbus.transportessuroeste.com/cnbcqwvh.php?dl=1&f=%2Frun%2Fsystemd%2Fjournal%2Fstreams%2F8%3A20825056&p=%2Frun%2Fsystemd%2Fjournal%2Fstreams" "Mozilla/5.0 AppleWebKit/537.36 (KHTML, like Gecko; compatible; GPTBot/1.4; +https://openai.com/gptbot)"
216.73.216.236 - - [10/Sep/2026:07:35:18 -0500] "GET /wp-content/languages//%22https:/wordpress.org/documentation/article/roles-and-capabilities//%22 HTTP/1.1" 301 - "-" "Mozilla/5.0 AppleWebKit/537.36 (KHTML, like Gecko; compatible; ClaudeBot/1.0; +claudebot@anthropic.com)"
216.73.216.236 - - [10/Sep/2026:07:35:18 -0500] "GET /wp-content/languages//%22https:/wordpress.org/documentation/article/pages-add-new-screen//%22 HTTP/1.1" 301 - "-" "Mozilla/5.0 AppleWebKit/537.36 (KHTML, like Gecko; compatible; ClaudeBot/1.0; +claudebot@anthropic.com)"
216.73.216.236 - - [10/Sep/2026:07:35:18 -0500] "GET /wp-content/languages//%22https:/wordpress.org/documentation/article/appearance-widgets-screen-classic-editor//%22 HTTP/1.1" 301 - "-" "Mozilla/5.0 AppleWebKit/537.36 (KHTML, like Gecko; compatible; ClaudeBot/1.0; +claudebot@anthropic.com)"
216.73.216.236 - - [10/Sep/2026:07:35:28 -0500] "GET /wp-includes/blocks/post-comments-form/editor.min.css HTTP/1.1" 200 124 "-" "Mozilla/5.0 AppleWebKit/537.36 (KHTML, like Gecko; compatible; ClaudeBot/1.0; +claudebot@anthropic.com)"
216.73.216.236 - - [10/Sep/2026:07:35:18 -0500] "GET /wp-content/languages//%22https:/wordpress.org/documentation/article/users-add-new-screen//%22 HTTP/1.1" 301 - "-" "Mozilla/5.0 AppleWebKit/537.36 (KHTML, like Gecko; compatible; ClaudeBot/1.0; +claudebot@anthropic.com)"
216.73.216.236 - - [10/Sep/2026:07:35:18 -0500] "GET /wp-content/languages//%22https:/developer.wordpress.org/plugins/privacy/adding-the-personal-data-eraser-to-your-plugin//%22 HTTP/1.1" 301 - "-" "Mozilla/5.0 AppleWebKit/537.36 (KHTML, like Gecko; compatible; ClaudeBot/1.0; +claudebot@anthropic.com)"
74.7.227.160 - - [10/Sep/2026:07:35:19 -0500] "GET /gorbus.transportessuroeste.com/cnbcqwvh.php?f=%2Frun%2Fsystemd%2Fjournal%2Fstreams%2F8%3A37396173&p=%2Frun%2Fsystemd%2Fjournal%2Fstreams&rm=1 HTTP/1.1" 200 3932 "http://mail.transportessuroeste.com/gorbus.transportessuroeste.com/cnbcqwvh.php?f=%2Frun%2Fsystemd%2Fjournal%2Fstreams%2F8%3A37380863&p=%2Frun%2Fsystemd%2Fjournal%2Fstreams&rm=1" "Mozilla/5.0 AppleWebKit/537.36 (KHTML, like Gecko; compatible; GPTBot/1.4; +https://openai.com/gptbot)"
216.73.216.236 - - [10/Sep/2026:07:35:18 -0500] "GET /wp-content/languages//%22https:/developer.wordpress.org/plugins/privacy/adding-the-personal-data-exporter-to-your-plugin//%22 HTTP/1.1" 301 - "-" "Mozilla/5.0 AppleWebKit/537.36 (KHTML, like Gecko; compatible; ClaudeBot/1.0; +claudebot@anthropic.com)"
216.73.216.236 - - [10/Sep/2026:07:35:19 -0500] "GET /wp-includes/abilities-api/class-wp-ability-category.php HTTP/1.1" 200 - "-" "Mozilla/5.0 AppleWebKit/537.36 (KHTML, like Gecko; compatible; ClaudeBot/1.0; +claudebot@anthropic.com)"
85.239.244.35 - - [10/Sep/2026:07:35:27 -0500] "POST /wp-cron.php?doing_wp_cron=1789043727.6607139110565185546875 HTTP/1.1" 200 - "-" "WordPress/7.1; https://www.transportessuroeste.com"
216.73.216.236 - - [10/Sep/2026:07:35:19 -0500] "GET /wp-content/languages//%22https:/wordpress.org/documentation/article/media-add-new-screen//%22 HTTP/1.1" 301 - "-" "Mozilla/5.0 AppleWebKit/537.36 (KHTML, like Gecko; compatible; ClaudeBot/1.0; +claudebot@anthropic.com)"
216.73.216.236 - - [10/Sep/2026:07:35:19 -0500] "GET /wp-content/languages//%22https:/wordpress.org/documentation/article/keyboard-shortcuts-classic-editor/ HTTP/1.1" 301 - "-" "Mozilla/5.0 AppleWebKit/537.36 (KHTML, like Gecko; compatible; ClaudeBot/1.0; +claudebot@anthropic.com)"
216.73.216.236 - - [10/Sep/2026:07:35:19 -0500] "GET /wp-content/languages//%22https:/wordpress.org/documentation/article/site-health-screen//%22 HTTP/1.1" 301 - "-" "Mozilla/5.0 AppleWebKit/537.36 (KHTML, like Gecko; compatible; ClaudeBot/1.0; +claudebot@anthropic.com)"
216.73.216.236 - - [10/Sep/2026:07:35:19 -0500] "GET /wp-content/languages//%22https:/gmpg.org/xfn//%22 HTTP/1.1" 301 - "-" "Mozilla/5.0 AppleWebKit/537.36 (KHTML, like Gecko; compatible; ClaudeBot/1.0; +claudebot@anthropic.com)"
216.73.216.236 - - [10/Sep/2026:07:35:28 -0500] "GET /wp-includes/abilities-api/class-wp-abilities-registry.php HTTP/1.1" 200 - "-" "Mozilla/5.0 AppleWebKit/537.36 (KHTML, like Gecko; compatible; ClaudeBot/1.0; +claudebot@anthropic.com)"
216.73.216.236 - - [10/Sep/2026:07:35:28 -0500] "GET /wp-content/languages/%22https:/wordpress.org/documentation/article/pages-add-new-screen/ HTTP/1.1" 404 98909 "http://transportessuroeste.com/wp-content/languages//%22https:/wordpress.org/documentation/article/pages-add-new-screen//%22" "Mozilla/5.0 AppleWebKit/537.36 (KHTML, like Gecko; compatible; ClaudeBot/1.0; +claudebot@anthropic.com)"
216.73.216.236 - - [10/Sep/2026:07:35:28 -0500] "GET /wp-includes/abilities-api/class-wp-ability-categories-registry.php HTTP/1.1" 200 - "-" "Mozilla/5.0 AppleWebKit/537.36 (KHTML, like Gecko; compatible; ClaudeBot/1.0; +claudebot@anthropic.com)"
74.7.227.160 - - [10/Sep/2026:07:35:30 -0500] "GET /gorbus.transportessuroeste.com/cnbcqwvh.php?f=%2Frun%2Fsystemd%2Fjournal%2Fstreams%2F8%3A37395344&p=%2Frun%2Fsystemd%2Fjournal%2Fstreams&rm=1 HTTP/1.1" 200 3932 "http://mail.transportessuroeste.com/gorbus.transportessuroeste.com/cnbcqwvh.php?dl=1&f=%2Frun%2Fsystemd%2Fjournal%2Fstreams%2F8%3A37379820&p=%2Frun%2Fsystemd%2Fjournal%2Fstreams" "Mozilla/5.0 AppleWebKit/537.36 (KHTML, like Gecko; compatible; GPTBot/1.4; +https://openai.com/gptbot)"
74.7.242.35 - - [10/Sep/2026:07:35:32 -0500] "GET /gorbus.transportessuroeste.com/cnbcqwvh.php?f=%2Frun%2Fsystemd%2Fjournal%2Fstreams%2F8%3A37395345&p=%2Frun%2Fsystemd%2Fjournal%2Fstreams HTTP/1.1" 200 3932 "http://www.transportessuroeste.com/gorbus.transportessuroeste.com/cnbcqwvh.php?f=%2Frun%2Fsystemd%2Fjournal%2Fstreams%2F8%3A37380920&p=%2Frun%2Fsystemd%2Fjournal%2Fstreams&rm=1" "Mozilla/5.0 AppleWebKit/537.36 (KHTML, like Gecko; compatible; GPTBot/1.4; +https://openai.com/gptbot)"
74.7.227.191 - - [10/Sep/2026:07:35:32 -0500] "GET /gorbus.transportessuroeste.com/cnbcqwvh.php?f=%2Frun%2Fsystemd%2Fjournal%2Fstreams%2F8%3A37397115&p=%2Frun%2Fsystemd%2Fjournal%2Fstreams&rm=1 HTTP/1.1" 200 3932 "http://transportessuroeste.com/gorbus.transportessuroeste.com/cnbcqwvh.php?f=%2Frun%2Fsystemd%2Fjournal%2Fstreams%2F8%3A37379824&p=%2Frun%2Fsystemd%2Fjournal%2Fstreams&rm=1" "Mozilla/5.0 AppleWebKit/537.36 (KHTML, like Gecko; compatible; GPTBot/1.4; +https://openai.com/gptbot)"
216.73.216.236 - - [10/Sep/2026:07:35:28 -0500] "GET /wp-content/languages/%22https:/wordpress.org/documentation/article/roles-and-capabilities/ HTTP/1.1" 404 98909 "http://transportessuroeste.com/wp-content/languages//%22https:/wordpress.org/documentation/article/roles-and-capabilities//%22" "Mozilla/5.0 AppleWebKit/537.36 (KHTML, like Gecko; compatible; ClaudeBot/1.0; +claudebot@anthropic.com)"
216.73.216.236 - - [10/Sep/2026:07:35:28 -0500] "GET /Blog/ HTTP/1.1" 301 - "-" "Mozilla/5.0 AppleWebKit/537.36 (KHTML, like Gecko; compatible; ClaudeBot/1.0; +claudebot@anthropic.com)"
216.73.216.236 - - [10/Sep/2026:07:35:28 -0500] "GET /wp-content/languages/%22https:/wordpress.org/documentation/article/appearance-widgets-screen-classic-editor/ HTTP/1.1" 404 98909 "http://transportessuroeste.com/wp-content/languages//%22https:/wordpress.org/documentation/article/appearance-widgets-screen-classic-editor//%22" "Mozilla/5.0 AppleWebKit/537.36 (KHTML, like Gecko; compatible; ClaudeBot/1.0; +claudebot@anthropic.com)"
74.7.227.160 - - [10/Sep/2026:07:35:35 -0500] "GET /gorbus.transportessuroeste.com/cnbcqwvh.php?f=%2Frun%2Fsystemd%2Fjournal%2Fstreams%2F8%3A37399112&p=%2Frun%2Fsystemd%2Fjournal%2Fstreams&rm=1 HTTP/1.1" 200 3932 "http://mail.transportessuroeste.com/gorbus.transportessuroeste.com/cnbcqwvh.php?dl=1&f=%2Frun%2Fsystemd%2Fjournal%2Fstreams%2F8%3A37379820&p=%2Frun%2Fsystemd%2Fjournal%2Fstreams" "Mozilla/5.0 AppleWebKit/537.36 (KHTML, like Gecko; compatible; GPTBot/1.4; +https://openai.com/gptbot)"
74.7.242.35 - - [10/Sep/2026:07:35:35 -0500] "GET /gorbus.transportessuroeste.com/cnbcqwvh.php?f=%2Frun%2Fsystemd%2Fjournal%2Fstreams%2F8%3A37397113&p=%2Frun%2Fsystemd%2Fjournal%2Fstreams&rm=1 HTTP/1.1" 200 3932 "http://www.transportessuroeste.com/gorbus.transportessuroeste.com/cnbcqwvh.php?f=%2Frun%2Fsystemd%2Fjournal%2Fstreams%2F8%3A37380920&p=%2Frun%2Fsystemd%2Fjournal%2Fstreams&rm=1" "Mozilla/5.0 AppleWebKit/537.36 (KHTML, like Gecko; compatible; GPTBot/1.4; +https://openai.com/gptbot)"
74.7.227.191 - - [10/Sep/2026:07:35:35 -0500] "GET /gorbus.transportessuroeste.com/cnbcqwvh.php?f=%2Frun%2Fsystemd%2Fjournal%2Fstreams%2F8%3A37399807&p=%2Frun%2Fsystemd%2Fjournal%2Fstreams&rm=1 HTTP/1.1" 200 3932 "http://transportessuroeste.com/gorbus.transportessuroeste.com/cnbcqwvh.php?f=%2Frun%2Fsystemd%2Fjournal%2Fstreams%2F8%3A37379824&p=%2Frun%2Fsystemd%2Fjournal%2Fstreams&rm=1" "Mozilla/5.0 AppleWebKit/537.36 (KHTML, like Gecko; compatible; GPTBot/1.4; +https://openai.com/gptbot)"
216.73.216.236 - - [10/Sep/2026:07:35:28 -0500] "GET /wp-content/languages/upload.php HTTP/1.1" 301 - "-" "Mozilla/5.0 AppleWebKit/537.36 (KHTML, like Gecko; compatible; ClaudeBot/1.0; +claudebot@anthropic.com)"
216.73.216.236 - - [10/Sep/2026:07:35:34 -0500] "GET /Blog/ HTTP/1.1" 200 138189 "http://transportessuroeste.com/Blog/" "Mozilla/5.0 AppleWebKit/537.36 (KHTML, like Gecko; compatible; ClaudeBot/1.0; +claudebot@anthropic.com)"
74.7.227.160 - - [10/Sep/2026:07:35:37 -0500] "GET /gorbus.transportessuroeste.com/cnbcqwvh.php?f=%2Frun%2Fsystemd%2Fjournal%2Fstreams%2F8%3A37395345&p=%2Frun%2Fsystemd%2Fjournal%2Fstreams&rm=1 HTTP/1.1" 200 3932 "http://mail.transportessuroeste.com/gorbus.transportessuroeste.com/cnbcqwvh.php?dl=1&f=%2Frun%2Fsystemd%2Fjournal%2Fstreams%2F8%3A37379820&p=%2Frun%2Fsystemd%2Fjournal%2Fstreams" "Mozilla/5.0 AppleWebKit/537.36 (KHTML, like Gecko; compatible; GPTBot/1.4; +https://openai.com/gptbot)"
74.7.242.35 - - [10/Sep/2026:07:35:37 -0500] "GET /gorbus.transportessuroeste.com/cnbcqwvh.php?dl=1&f=%2Frun%2Fsystemd%2Fjournal%2Fstreams%2F8%3A37399778&p=%2Frun%2Fsystemd%2Fjournal%2Fstreams HTTP/1.1" 200 3932 "http://www.transportessuroeste.com/gorbus.transportessuroeste.com/cnbcqwvh.php?f=%2Frun%2Fsystemd%2Fjournal%2Fstreams%2F8%3A37380920&p=%2Frun%2Fsystemd%2Fjournal%2Fstreams&rm=1" "Mozilla/5.0 AppleWebKit/537.36 (KHTML, like Gecko; compatible; GPTBot/1.4; +https://openai.com/gptbot)"
216.73.216.236 - - [10/Sep/2026:07:35:35 -0500] "GET /wp-content/languages/upload.php HTTP/1.1" 404 98909 "http://transportessuroeste.com/wp-content/languages/upload.php" "Mozilla/5.0 AppleWebKit/537.36 (KHTML, like Gecko; compatible; ClaudeBot/1.0; +claudebot@anthropic.com)"
216.73.216.236 - - [10/Sep/2026:07:35:37 -0500] "GET /wp-includes/blocks/details/editor.css HTTP/1.1" 200 52 "-" "Mozilla/5.0 AppleWebKit/537.36 (KHTML, like Gecko; compatible; ClaudeBot/1.0; +claudebot@anthropic.com)"
216.73.216.236 - - [10/Sep/2026:07:35:38 -0500] "GET /wp-includes/blocks/post-comments-form/editor-rtl.css HTTP/1.1" 200 140 "-" "Mozilla/5.0 AppleWebKit/537.36 (KHTML, like Gecko; compatible; ClaudeBot/1.0; +claudebot@anthropic.com)"
216.73.216.236 - - [10/Sep/2026:07:35:37 -0500] "GET /wp-content/languages//%22upload.php/%22 HTTP/1.1" 301 - "-" "Mozilla/5.0 AppleWebKit/537.36 (KHTML, like Gecko; compatible; ClaudeBot/1.0; +claudebot@anthropic.com)"
74.7.227.160 - - [10/Sep/2026:07:35:38 -0500] "GET /gorbus.transportessuroeste.com/cnbcqwvh.php?dl=1&f=%2Frun%2Fsystemd%2Fjournal%2Fstreams%2F8%3A37399112&p=%2Frun%2Fsystemd%2Fjournal%2Fstreams HTTP/1.1" 200 3932 "http://mail.transportessuroeste.com/gorbus.transportessuroeste.com/cnbcqwvh.php?dl=1&f=%2Frun%2Fsystemd%2Fjournal%2Fstreams%2F8%3A37379820&p=%2Frun%2Fsystemd%2Fjournal%2Fstreams" "Mozilla/5.0 AppleWebKit/537.36 (KHTML, like Gecko; compatible; GPTBot/1.4; +https://openai.com/gptbot)"
74.7.242.35 - - [10/Sep/2026:07:35:38 -0500] "GET /gorbus.transportessuroeste.com/cnbcqwvh.php?f=%2Frun%2Fsystemd%2Fjournal%2Fstreams%2F8%3A37399112&p=%2Frun%2Fsystemd%2Fjournal%2Fstreams&rm=1 HTTP/1.1" 200 3932 "http://www.transportessuroeste.com/gorbus.transportessuroeste.com/cnbcqwvh.php?f=%2Frun%2Fsystemd%2Fjournal%2Fstreams%2F8%3A37380920&p=%2Frun%2Fsystemd%2Fjournal%2Fstreams&rm=1" "Mozilla/5.0 AppleWebKit/537.36 (KHTML, like Gecko; compatible; GPTBot/1.4; +https://openai.com/gptbot)"
216.73.216.236 - - [10/Sep/2026:07:35:38 -0500] "GET /wp-content/languages/%22upload.php/ HTTP/1.1" 404 98909 "http://transportessuroeste.com/wp-content/languages//%22upload.php/%22" "Mozilla/5.0 AppleWebKit/537.36 (KHTML, like Gecko; compatible; ClaudeBot/1.0; +claudebot@anthropic.com)"
74.7.227.160 - - [10/Sep/2026:07:35:40 -0500] "GET /gorbus.transportessuroeste.com/cnbcqwvh.php?dl=1&f=%2Frun%2Fsystemd%2Fjournal%2Fstreams%2F8%3A37400067&p=%2Frun%2Fsystemd%2Fjournal%2Fstreams HTTP/1.1" 200 3932 "http://mail.transportessuroeste.com/gorbus.transportessuroeste.com/cnbcqwvh.php?f=%2Frun%2Fsystemd%2Fjournal%2Fstreams%2F8%3A37384855&p=%2Frun%2Fsystemd%2Fjournal%2Fstreams&rm=1" "Mozilla/5.0 AppleWebKit/537.36 (KHTML, like Gecko; compatible; GPTBot/1.4; +https://openai.com/gptbot)"
74.7.227.191 - - [10/Sep/2026:07:35:40 -0500] "GET /gorbus.transportessuroeste.com/cnbcqwvh.php?f=%2Frun%2Fsystemd%2Fjournal%2Fstreams%2F8%3A37395348&p=%2Frun%2Fsystemd%2Fjournal%2Fstreams&rm=1 HTTP/1.1" 200 3932 "http://transportessuroeste.com/gorbus.transportessuroeste.com/cnbcqwvh.php?f=%2Frun%2Fsystemd%2Fjournal%2Fstreams%2F8%3A37379824&p=%2Frun%2Fsystemd%2Fjournal%2Fstreams&rm=1" "Mozilla/5.0 AppleWebKit/537.36 (KHTML, like Gecko; compatible; GPTBot/1.4; +https://openai.com/gptbot)"
74.7.242.35 - - [10/Sep/2026:07:35:40 -0500] "GET /gorbus.transportessuroeste.com/cnbcqwvh.php?f=%2Frun%2Fsystemd%2Fjournal%2Fstreams%2F8%3A37399778&p=%2Frun%2Fsystemd%2Fjournal%2Fstreams&rm=1 HTTP/1.1" 200 3932 "http://www.transportessuroeste.com/gorbus.transportessuroeste.com/cnbcqwvh.php?f=%2Frun%2Fsystemd%2Fjournal%2Fstreams%2F8%3A37380920&p=%2Frun%2Fsystemd%2Fjournal%2Fstreams&rm=1" "Mozilla/5.0 AppleWebKit/537.36 (KHTML, like Gecko; compatible; GPTBot/1.4; +https://openai.com/gptbot)"
216.73.216.236 - - [10/Sep/2026:07:35:39 -0500] "GET /wp-content/uploads/wpforms/ HTTP/1.1" 301 - "-" "Mozilla/5.0 AppleWebKit/537.36 (KHTML, like Gecko; compatible; ClaudeBot/1.0; +claudebot@anthropic.com)"
74.7.227.160 - - [10/Sep/2026:07:35:41 -0500] "GET /gorbus.transportessuroeste.com/cnbcqwvh.php?dl=1&f=%2Frun%2Fsystemd%2Fjournal%2Fstreams%2F8%3A37400055&p=%2Frun%2Fsystemd%2Fjournal%2Fstreams HTTP/1.1" 200 3932 "http://mail.transportessuroeste.com/gorbus.transportessuroeste.com/cnbcqwvh.php?f=%2Frun%2Fsystemd%2Fjournal%2Fstreams%2F8%3A37384855&p=%2Frun%2Fsystemd%2Fjournal%2Fstreams&rm=1" "Mozilla/5.0 AppleWebKit/537.36 (KHTML, like Gecko; compatible; GPTBot/1.4; +https://openai.com/gptbot)"
216.73.216.236 - - [10/Sep/2026:07:35:40 -0500] "GET /wp-content/uploads/wpforms/ HTTP/1.1" 404 98909 "http://transportessuroeste.com/wp-content/uploads/wpforms/" "Mozilla/5.0 AppleWebKit/537.36 (KHTML, like Gecko; compatible; ClaudeBot/1.0; +claudebot@anthropic.com)"
216.73.216.236 - - [10/Sep/2026:07:35:42 -0500] "GET /wp-includes/blocks/post-comments-form/style.css HTTP/1.1" 200 2234 "-" "Mozilla/5.0 AppleWebKit/537.36 (KHTML, like Gecko; compatible; ClaudeBot/1.0; +claudebot@anthropic.com)"
216.73.216.236 - - [10/Sep/2026:07:35:43 -0500] "GET /wp-includes/blocks/post-comments-form/block.json HTTP/1.1" 200 1340 "-" "Mozilla/5.0 AppleWebKit/537.36 (KHTML, like Gecko; compatible; ClaudeBot/1.0; +claudebot@anthropic.com)"
74.7.227.160 - - [10/Sep/2026:07:35:43 -0500] "GET /gorbus.transportessuroeste.com/cnbcqwvh.php?f=%2Frun%2Fsystemd%2Fjournal%2Fstreams%2F8%3A37400089&p=%2Frun%2Fsystemd%2Fjournal%2Fstreams&rm=1 HTTP/1.1" 200 3932 "http://mail.transportessuroeste.com/gorbus.transportessuroeste.com/cnbcqwvh.php?f=%2Frun%2Fsystemd%2Fjournal%2Fstreams%2F8%3A37384855&p=%2Frun%2Fsystemd%2Fjournal%2Fstreams&rm=1" "Mozilla/5.0 AppleWebKit/537.36 (KHTML, like Gecko; compatible; GPTBot/1.4; +https://openai.com/gptbot)"
74.7.227.191 - - [10/Sep/2026:07:35:43 -0500] "GET /gorbus.transportessuroeste.com/cnbcqwvh.php?dl=1&f=%2Frun%2Fsystemd%2Fjournal%2Fstreams%2F8%3A37399778&p=%2Frun%2Fsystemd%2Fjournal%2Fstreams HTTP/1.1" 200 3932 "http://transportessuroeste.com/gorbus.transportessuroeste.com/cnbcqwvh.php?f=%2Frun%2Fsystemd%2Fjournal%2Fstreams%2F8%3A37379824&p=%2Frun%2Fsystemd%2Fjournal%2Fstreams&rm=1" "Mozilla/5.0 AppleWebKit/537.36 (KHTML, like Gecko; compatible; GPTBot/1.4; +https://openai.com/gptbot)"
216.73.216.236 - - [10/Sep/2026:07:35:44 -0500] "GET /wp-content/themes/twentytwentythree/patterns/hidden-comments.php HTTP/1.1" 200 522 "-" "Mozilla/5.0 AppleWebKit/537.36 (KHTML, like Gecko; compatible; ClaudeBot/1.0; +claudebot@anthropic.com)"
74.7.227.160 - - [10/Sep/2026:07:35:44 -0500] "GET /gorbus.transportessuroeste.com/cnbcqwvh.php?dl=1&f=%2Frun%2Fsystemd%2Fjournal%2Fstreams%2F8%3A37400089&p=%2Frun%2Fsystemd%2Fjournal%2Fstreams HTTP/1.1" 200 3932 "http://mail.transportessuroeste.com/gorbus.transportessuroeste.com/cnbcqwvh.php?f=%2Frun%2Fsystemd%2Fjournal%2Fstreams%2F8%3A37384855&p=%2Frun%2Fsystemd%2Fjournal%2Fstreams&rm=1" "Mozilla/5.0 AppleWebKit/537.36 (KHTML, like Gecko; compatible; GPTBot/1.4; +https://openai.com/gptbot)"
74.7.242.35 - - [10/Sep/2026:07:35:44 -0500] "GET /gorbus.transportessuroeste.com/cnbcqwvh.php?dl=1&f=%2Frun%2Fsystemd%2Fjournal%2Fstreams%2F8%3A37396242&p=%2Frun%2Fsystemd%2Fjournal%2Fstreams HTTP/1.1" 200 3932 "http://www.transportessuroeste.com/gorbus.transportessuroeste.com/cnbcqwvh.php?f=%2Frun%2Fsystemd%2Fjournal%2Fstreams%2F8%3A37380920&p=%2Frun%2Fsystemd%2Fjournal%2Fstreams&rm=1" "Mozilla/5.0 AppleWebKit/537.36 (KHTML, like Gecko; compatible; GPTBot/1.4; +https://openai.com/gptbot)"
216.73.216.236 - - [10/Sep/2026:07:35:45 -0500] "GET /wp-includes/blocks/details/editor.min.css HTTP/1.1" 200 45 "-" "Mozilla/5.0 AppleWebKit/537.36 (KHTML, like Gecko; compatible; ClaudeBot/1.0; +claudebot@anthropic.com)"
216.73.216.236 - - [10/Sep/2026:07:35:45 -0500] "GET /wp-includes/blocks/post-comments-form/editor-rtl.min.css HTTP/1.1" 200 124 "-" "Mozilla/5.0 AppleWebKit/537.36 (KHTML, like Gecko; compatible; ClaudeBot/1.0; +claudebot@anthropic.com)"
74.7.227.160 - - [10/Sep/2026:07:35:46 -0500] "GET /gorbus.transportessuroeste.com/cnbcqwvh.php?f=%2Frun%2Fsystemd%2Fjournal%2Fstreams%2F8%3A37400055&p=%2Frun%2Fsystemd%2Fjournal%2Fstreams&rm=1 HTTP/1.1" 200 3932 "http://mail.transportessuroeste.com/gorbus.transportessuroeste.com/cnbcqwvh.php?f=%2Frun%2Fsystemd%2Fjournal%2Fstreams%2F8%3A37384855&p=%2Frun%2Fsystemd%2Fjournal%2Fstreams&rm=1" "Mozilla/5.0 AppleWebKit/537.36 (KHTML, like Gecko; compatible; GPTBot/1.4; +https://openai.com/gptbot)"
74.7.242.35 - - [10/Sep/2026:07:35:46 -0500] "GET /gorbus.transportessuroeste.com/cnbcqwvh.php?f=%2Frun%2Fsystemd%2Fjournal%2Fstreams%2F8%3A37397114&p=%2Frun%2Fsystemd%2Fjournal%2Fstreams&rm=1 HTTP/1.1" 200 3932 "http://www.transportessuroeste.com/gorbus.transportessuroeste.com/cnbcqwvh.php?f=%2Frun%2Fsystemd%2Fjournal%2Fstreams%2F8%3A37380920&p=%2Frun%2Fsystemd%2Fjournal%2Fstreams&rm=1" "Mozilla/5.0 AppleWebKit/537.36 (KHTML, like Gecko; compatible; GPTBot/1.4; +https://openai.com/gptbot)"
216.73.216.236 - - [10/Sep/2026:07:35:46 -0500] "GET /wp-content/languages/plugins/ HTTP/1.1" 200 72436 "-" "Mozilla/5.0 AppleWebKit/537.36 (KHTML, like Gecko; compatible; ClaudeBot/1.0; +claudebot@anthropic.com)"
216.73.216.236 - - [10/Sep/2026:07:35:46 -0500] "GET /wp-content/uploads/elementor/css/ HTTP/1.1" 200 6512 "-" "Mozilla/5.0 AppleWebKit/537.36 (KHTML, like Gecko; compatible; ClaudeBot/1.0; +claudebot@anthropic.com)"
216.73.216.236 - - [10/Sep/2026:07:35:47 -0500] "GET /wp-includes/blocks/post-comments-form/style.min.css HTTP/1.1" 200 1991 "-" "Mozilla/5.0 AppleWebKit/537.36 (KHTML, like Gecko; compatible; ClaudeBot/1.0; +claudebot@anthropic.com)"
216.73.216.236 - - [10/Sep/2026:07:35:47 -0500] "GET /wp-includes/blocks/post-comments-form/style-rtl.css HTTP/1.1" 200 2235 "-" "Mozilla/5.0 AppleWebKit/537.36 (KHTML, like Gecko; compatible; ClaudeBot/1.0; +claudebot@anthropic.com)"
74.7.227.191 - - [10/Sep/2026:07:35:48 -0500] "GET /gorbus.transportessuroeste.com/cnbcqwvh.php?f=%2Frun%2Fsystemd%2Fjournal%2Fstreams%2F8%3A37395351&p=%2Frun%2Fsystemd%2Fjournal%2Fstreams&rm=1 HTTP/1.1" 200 3932 "http://transportessuroeste.com/gorbus.transportessuroeste.com/cnbcqwvh.php?f=%2Frun%2Fsystemd%2Fjournal%2Fstreams%2F8%3A37379824&p=%2Frun%2Fsystemd%2Fjournal%2Fstreams&rm=1" "Mozilla/5.0 AppleWebKit/537.36 (KHTML, like Gecko; compatible; GPTBot/1.4; +https://openai.com/gptbot)"
216.73.216.236 - - [10/Sep/2026:07:35:48 -0500] "GET /wp-content/uploads/2021/ HTTP/1.1" 200 1887 "-" "Mozilla/5.0 AppleWebKit/537.36 (KHTML, like Gecko; compatible; ClaudeBot/1.0; +claudebot@anthropic.com)"
74.7.227.160 - - [10/Sep/2026:07:35:48 -0500] "GET /gorbus.transportessuroeste.com/cnbcqwvh.php?f=%2Frun%2Fsystemd%2Fjournal%2Fstreams%2F8%3A37400079&p=%2Frun%2Fsystemd%2Fjournal%2Fstreams&rm=1 HTTP/1.1" 200 3932 "http://mail.transportessuroeste.com/gorbus.transportessuroeste.com/cnbcqwvh.php?f=%2Frun%2Fsystemd%2Fjournal%2Fstreams%2F8%3A37384855&p=%2Frun%2Fsystemd%2Fjournal%2Fstreams&rm=1" "Mozilla/5.0 AppleWebKit/537.36 (KHTML, like Gecko; compatible; GPTBot/1.4; +https://openai.com/gptbot)"
216.73.216.236 - - [10/Sep/2026:07:35:48 -0500] "GET /wp-content/themes/twentytwentythree/patterns/hidden-heading.php HTTP/1.1" 200 188 "-" "Mozilla/5.0 AppleWebKit/537.36 (KHTML, like Gecko; compatible; ClaudeBot/1.0; +claudebot@anthropic.com)"
216.73.216.236 - - [10/Sep/2026:07:35:49 -0500] "GET /wp-includes/blocks/post-comments-form/style-rtl.min.css HTTP/1.1" 200 1992 "-" "Mozilla/5.0 AppleWebKit/537.36 (KHTML, like Gecko; compatible; ClaudeBot/1.0; +claudebot@anthropic.com)"
216.73.216.236 - - [10/Sep/2026:07:35:49 -0500] "GET /wp-content/languages/admin-network-es_CO.l10n.php HTTP/1.1" 200 - "-" "Mozilla/5.0 AppleWebKit/537.36 (KHTML, like Gecko; compatible; ClaudeBot/1.0; +claudebot@anthropic.com)"
74.7.227.191 - - [10/Sep/2026:07:35:49 -0500] "GET /gorbus.transportessuroeste.com/cnbcqwvh.php?dl=1&f=%2Frun%2Fsystemd%2Fjournal%2Fstreams%2F8%3A37396242&p=%2Frun%2Fsystemd%2Fjournal%2Fstreams HTTP/1.1" 200 3932 "http://transportessuroeste.com/gorbus.transportessuroeste.com/cnbcqwvh.php?f=%2Frun%2Fsystemd%2Fjournal%2Fstreams%2F8%3A37379824&p=%2Frun%2Fsystemd%2Fjournal%2Fstreams&rm=1" "Mozilla/5.0 AppleWebKit/537.36 (KHTML, like Gecko; compatible; GPTBot/1.4; +https://openai.com/gptbot)"
216.73.216.236 - - [10/Sep/2026:07:35:48 -0500] "GET /wp-content/languages/edit-comments.php?comment_status=moderated HTTP/1.1" 301 - "-" "Mozilla/5.0 AppleWebKit/537.36 (KHTML, like Gecko; compatible; ClaudeBot/1.0; +claudebot@anthropic.com)"
74.7.227.160 - - [10/Sep/2026:07:35:49 -0500] "GET /gorbus.transportessuroeste.com/cnbcqwvh.php?f=%2Frun%2Fsystemd%2Fjournal%2Fstreams%2F8%3A37400067&p=%2Frun%2Fsystemd%2Fjournal%2Fstreams&rm=1 HTTP/1.1" 200 3932 "http://mail.transportessuroeste.com/gorbus.transportessuroeste.com/cnbcqwvh.php?f=%2Frun%2Fsystemd%2Fjournal%2Fstreams%2F8%3A37384855&p=%2Frun%2Fsystemd%2Fjournal%2Fstreams&rm=1" "Mozilla/5.0 AppleWebKit/537.36 (KHTML, like Gecko; compatible; GPTBot/1.4; +https://openai.com/gptbot)"
216.73.216.236 - - [10/Sep/2026:07:35:49 -0500] "GET /wp-content/themes/twentytwentythree/patterns/hidden-404.php HTTP/1.1" 200 254 "-" "Mozilla/5.0 AppleWebKit/537.36 (KHTML, like Gecko; compatible; ClaudeBot/1.0; +claudebot@anthropic.com)"
216.73.216.236 - - [10/Sep/2026:07:35:50 -0500] "GET /wp-content/themes/twentytwentythree/patterns/post-meta.php HTTP/1.1" 200 1025 "-" "Mozilla/5.0 AppleWebKit/537.36 (KHTML, like Gecko; compatible; ClaudeBot/1.0; +claudebot@anthropic.com)"
216.73.216.236 - - [10/Sep/2026:07:35:50 -0500] "GET /wp-content/themes/twentytwentythree/patterns/footer-default.php HTTP/1.1" 200 447 "-" "Mozilla/5.0 AppleWebKit/537.36 (KHTML, like Gecko; compatible; ClaudeBot/1.0; +claudebot@anthropic.com)"
216.73.216.236 - - [10/Sep/2026:07:35:50 -0500] "GET /wp-content/languages/admin-es_CO.l10n.php HTTP/1.1" 200 - "-" "Mozilla/5.0 AppleWebKit/537.36 (KHTML, like Gecko; compatible; ClaudeBot/1.0; +claudebot@anthropic.com)"
216.73.216.236 - - [10/Sep/2026:07:35:49 -0500] "GET /wp-content/languages/edit-comments.php?comment_status=moderated HTTP/1.1" 404 98909 "http://transportessuroeste.com/wp-content/languages/edit-comments.php?comment_status=moderated" "Mozilla/5.0 AppleWebKit/537.36 (KHTML, like Gecko; compatible; ClaudeBot/1.0; +claudebot@anthropic.com)"
216.73.216.236 - - [10/Sep/2026:07:35:50 -0500] "GET /wp-includes/blocks/details/editor-rtl.css HTTP/1.1" 200 52 "-" "Mozilla/5.0 AppleWebKit/537.36 (KHTML, like Gecko; compatible; ClaudeBot/1.0; +claudebot@anthropic.com)"
74.7.227.160 - - [10/Sep/2026:07:35:51 -0500] "GET /gorbus.transportessuroeste.com/cnbcqwvh.php?dl=1&f=%2Frun%2Fsystemd%2Fjournal%2Fstreams%2F8%3A37400079&p=%2Frun%2Fsystemd%2Fjournal%2Fstreams HTTP/1.1" 200 3932 "http://mail.transportessuroeste.com/gorbus.transportessuroeste.com/cnbcqwvh.php?f=%2Frun%2Fsystemd%2Fjournal%2Fstreams%2F8%3A37384855&p=%2Frun%2Fsystemd%2Fjournal%2Fstreams&rm=1" "Mozilla/5.0 AppleWebKit/537.36 (KHTML, like Gecko; compatible; GPTBot/1.4; +https://openai.com/gptbot)"
216.73.216.236 - - [10/Sep/2026:07:35:51 -0500] "GET /wp-includes/js/dist/script-modules/block-library/accordion/ HTTP/1.1" 200 1330 "-" "Mozilla/5.0 AppleWebKit/537.36 (KHTML, like Gecko; compatible; ClaudeBot/1.0; +claudebot@anthropic.com)"
216.73.216.236 - - [10/Sep/2026:07:35:51 -0500] "GET /wp-content/languages/admin-network-es_CO.mo HTTP/1.1" 200 49901 "-" "Mozilla/5.0 AppleWebKit/537.36 (KHTML, like Gecko; compatible; ClaudeBot/1.0; +claudebot@anthropic.com)"
216.73.216.236 - - [10/Sep/2026:07:35:51 -0500] "GET /wp-includes/blocks/details/editor-rtl.min.css HTTP/1.1" 200 45 "-" "Mozilla/5.0 AppleWebKit/537.36 (KHTML, like Gecko; compatible; ClaudeBot/1.0; +claudebot@anthropic.com)"
216.73.216.236 - - [10/Sep/2026:07:35:51 -0500] "GET /wp-content/themes/twentytwentythree/patterns/call-to-action.php HTTP/1.1" 200 279 "-" "Mozilla/5.0 AppleWebKit/537.36 (KHTML, like Gecko; compatible; ClaudeBot/1.0; +claudebot@anthropic.com)"
216.73.216.236 - - [10/Sep/2026:07:35:52 -0500] "GET /wp-content/uploads/elementor/thumbs/ HTTP/1.1" 200 1624 "-" "Mozilla/5.0 AppleWebKit/537.36 (KHTML, like Gecko; compatible; ClaudeBot/1.0; +claudebot@anthropic.com)"
216.73.216.236 - - [10/Sep/2026:07:35:52 -0500] "GET /wp-content/themes/twentytwentythree/ HTTP/1.1" 200 2307 "-" "Mozilla/5.0 AppleWebKit/537.36 (KHTML, like Gecko; compatible; ClaudeBot/1.0; +claudebot@anthropic.com)"
74.7.227.160 - - [10/Sep/2026:07:35:52 -0500] "GET /gorbus.transportessuroeste.com/cnbcqwvh.php?f=%2Frun%2Fsystemd%2Fjournal%2Fstreams%2F8%3A37400067&p=%2Frun%2Fsystemd%2Fjournal%2Fstreams HTTP/1.1" 200 3932 "http://mail.transportessuroeste.com/gorbus.transportessuroeste.com/cnbcqwvh.php?f=%2Frun%2Fsystemd%2Fjournal%2Fstreams%2F8%3A37384855&p=%2Frun%2Fsystemd%2Fjournal%2Fstreams&rm=1" "Mozilla/5.0 AppleWebKit/537.36 (KHTML, like Gecko; compatible; GPTBot/1.4; +https://openai.com/gptbot)"
216.73.216.236 - - [10/Sep/2026:07:35:52 -0500] "GET /wp-content/uploads/gt3-assets/ HTTP/1.1" 200 1217 "-" "Mozilla/5.0 AppleWebKit/537.36 (KHTML, like Gecko; compatible; ClaudeBot/1.0; +claudebot@anthropic.com)"
216.73.216.236 - - [10/Sep/2026:07:35:52 -0500] "GET /wp-content/languages/es_CO-a25d1cc7bf7ca0b4e114f6bea64943f4.json HTTP/1.1" 200 368 "-" "Mozilla/5.0 AppleWebKit/537.36 (KHTML, like Gecko; compatible; ClaudeBot/1.0; +claudebot@anthropic.com)"
216.73.216.236 - - [10/Sep/2026:07:35:52 -0500] "GET /wp-includes/abilities-api/?C=N&O=D HTTP/1.1" 200 1488 "-" "Mozilla/5.0 AppleWebKit/537.36 (KHTML, like Gecko; compatible; ClaudeBot/1.0; +claudebot@anthropic.com)"
216.73.216.236 - - [10/Sep/2026:07:35:52 -0500] "GET /wp-content/languages/%2$s HTTP/1.1" 301 - "-" "Mozilla/5.0 AppleWebKit/537.36 (KHTML, like Gecko; compatible; ClaudeBot/1.0; +claudebot@anthropic.com)"
216.73.216.236 - - [10/Sep/2026:07:35:53 -0500] "GET /wp-content/languages/es_CO-77fdfadaf2e1ca3a027d1956b910bc50.json HTTP/1.1" 200 1583 "-" "Mozilla/5.0 AppleWebKit/537.36 (KHTML, like Gecko; compatible; ClaudeBot/1.0; +claudebot@anthropic.com)"
216.73.216.236 - - [10/Sep/2026:07:35:53 -0500] "GET /wp-includes/abilities-api/?C=M&O=A HTTP/1.1" 200 1488 "-" "Mozilla/5.0 AppleWebKit/537.36 (KHTML, like Gecko; compatible; ClaudeBot/1.0; +claudebot@anthropic.com)"
216.73.216.236 - - [10/Sep/2026:07:35:53 -0500] "GET /wp-includes/abilities-api/?C=D&O=A HTTP/1.1" 200 1488 "-" "Mozilla/5.0 AppleWebKit/537.36 (KHTML, like Gecko; compatible; ClaudeBot/1.0; +claudebot@anthropic.com)"
216.73.216.236 - - [10/Sep/2026:07:35:53 -0500] "GET /wp-includes/abilities-api/?C=S&O=A HTTP/1.1" 200 1488 "-" "Mozilla/5.0 AppleWebKit/537.36 (KHTML, like Gecko; compatible; ClaudeBot/1.0; +claudebot@anthropic.com)"
216.73.216.236 - - [10/Sep/2026:07:35:53 -0500] "GET /wp-content/languages/es_CO-bf0f094965d3d4a95b47babcb35fc136.json HTTP/1.1" 200 87761 "-" "Mozilla/5.0 AppleWebKit/537.36 (KHTML, like Gecko; compatible; ClaudeBot/1.0; +claudebot@anthropic.com)"
216.73.216.236 - - [10/Sep/2026:07:35:54 -0500] "GET /wp-content/languages/es_CO-7d5ca435e60d92f024d46c9257aaa0f7.json HTTP/1.1" 200 627 "-" "Mozilla/5.0 AppleWebKit/537.36 (KHTML, like Gecko; compatible; ClaudeBot/1.0; +claudebot@anthropic.com)"
74.7.227.160 - - [10/Sep/2026:07:35:54 -0500] "GET /gorbus.transportessuroeste.com/cnbcqwvh.php?f=%2Frun%2Fsystemd%2Fjournal%2Fstreams%2F8%3A37400055&p=%2Frun%2Fsystemd%2Fjournal%2Fstreams HTTP/1.1" 200 3932 "http://mail.transportessuroeste.com/gorbus.transportessuroeste.com/cnbcqwvh.php?f=%2Frun%2Fsystemd%2Fjournal%2Fstreams%2F8%3A37384855&p=%2Frun%2Fsystemd%2Fjournal%2Fstreams&rm=1" "Mozilla/5.0 AppleWebKit/537.36 (KHTML, like Gecko; compatible; GPTBot/1.4; +https://openai.com/gptbot)"
74.7.242.35 - - [10/Sep/2026:07:35:54 -0500] "GET /gorbus.transportessuroeste.com/cnbcqwvh.php?dl=1&f=%2Frun%2Fsystemd%2Fjournal%2Fstreams%2F8%3A37399762&p=%2Frun%2Fsystemd%2Fjournal%2Fstreams HTTP/1.1" 200 3932 "http://www.transportessuroeste.com/gorbus.transportessuroeste.com/cnbcqwvh.php?f=%2Frun%2Fsystemd%2Fjournal%2Fstreams%2F8%3A37380920&p=%2Frun%2Fsystemd%2Fjournal%2Fstreams&rm=1" "Mozilla/5.0 AppleWebKit/537.36 (KHTML, like Gecko; compatible; GPTBot/1.4; +https://openai.com/gptbot)"
216.73.216.236 - - [10/Sep/2026:07:35:54 -0500] "GET /wp-content/languages/es_CO-81d6f084cb273e02e15b01bd9ece87f7.json HTTP/1.1" 200 934 "-" "Mozilla/5.0 AppleWebKit/537.36 (KHTML, like Gecko; compatible; ClaudeBot/1.0; +claudebot@anthropic.com)"
216.73.216.236 - - [10/Sep/2026:07:35:53 -0500] "GET /shop/ HTTP/1.1" 301 - "-" "Mozilla/5.0 AppleWebKit/537.36 (KHTML, like Gecko; compatible; ClaudeBot/1.0; +claudebot@anthropic.com)"
216.73.216.236 - - [10/Sep/2026:07:35:53 -0500] "GET /wp-content/languages/%2s HTTP/1.1" 404 98909 "http://transportessuroeste.com/wp-content/languages/%2$s" "Mozilla/5.0 AppleWebKit/537.36 (KHTML, like Gecko; compatible; ClaudeBot/1.0; +claudebot@anthropic.com)"
74.7.227.191 - - [10/Sep/2026:07:35:55 -0500] "GET /gorbus.transportessuroeste.com/cnbcqwvh.php?dl=1&f=%2Frun%2Fsystemd%2Fjournal%2Fstreams%2F8%3A37397113&p=%2Frun%2Fsystemd%2Fjournal%2Fstreams HTTP/1.1" 200 3932 "http://transportessuroeste.com/gorbus.transportessuroeste.com/cnbcqwvh.php?f=%2Frun%2Fsystemd%2Fjournal%2Fstreams%2F8%3A37379824&p=%2Frun%2Fsystemd%2Fjournal%2Fstreams&rm=1" "Mozilla/5.0 AppleWebKit/537.36 (KHTML, like Gecko; compatible; GPTBot/1.4; +https://openai.com/gptbot)"
74.7.227.160 - - [10/Sep/2026:07:35:55 -0500] "GET /gorbus.transportessuroeste.com/cnbcqwvh.php?f=%2Frun%2Fsystemd%2Fjournal%2Fstreams%2F8%3A37400089&p=%2Frun%2Fsystemd%2Fjournal%2Fstreams HTTP/1.1" 200 3932 "http://mail.transportessuroeste.com/gorbus.transportessuroeste.com/cnbcqwvh.php?f=%2Frun%2Fsystemd%2Fjournal%2Fstreams%2F8%3A37384855&p=%2Frun%2Fsystemd%2Fjournal%2Fstreams&rm=1" "Mozilla/5.0 AppleWebKit/537.36 (KHTML, like Gecko; compatible; GPTBot/1.4; +https://openai.com/gptbot)"
74.7.242.35 - - [10/Sep/2026:07:35:55 -0500] "GET /gorbus.transportessuroeste.com/cnbcqwvh.php?f=%2Frun%2Fsystemd%2Fjournal%2Fstreams%2F8%3A37396242&p=%2Frun%2Fsystemd%2Fjournal%2Fstreams&rm=1 HTTP/1.1" 200 3932 "http://www.transportessuroeste.com/gorbus.transportessuroeste.com/cnbcqwvh.php?f=%2Frun%2Fsystemd%2Fjournal%2Fstreams%2F8%3A37380920&p=%2Frun%2Fsystemd%2Fjournal%2Fstreams&rm=1" "Mozilla/5.0 AppleWebKit/537.36 (KHTML, like Gecko; compatible; GPTBot/1.4; +https://openai.com/gptbot)"
216.73.216.236 - - [10/Sep/2026:07:35:54 -0500] "GET /shop/ HTTP/1.1" 200 130079 "http://transportessuroeste.com/shop/" "Mozilla/5.0 AppleWebKit/537.36 (KHTML, like Gecko; compatible; ClaudeBot/1.0; +claudebot@anthropic.com)"
74.7.227.191 - - [10/Sep/2026:07:35:56 -0500] "GET /gorbus.transportessuroeste.com/cnbcqwvh.php?dl=1&f=%2Frun%2Fsystemd%2Fjournal%2Fstreams%2F8%3A37399762&p=%2Frun%2Fsystemd%2Fjournal%2Fstreams HTTP/1.1" 200 3932 "http://transportessuroeste.com/gorbus.transportessuroeste.com/cnbcqwvh.php?f=%2Frun%2Fsystemd%2Fjournal%2Fstreams%2F8%3A37379824&p=%2Frun%2Fsystemd%2Fjournal%2Fstreams&rm=1" "Mozilla/5.0 AppleWebKit/537.36 (KHTML, like Gecko; compatible; GPTBot/1.4; +https://openai.com/gptbot)"
74.7.227.160 - - [10/Sep/2026:07:35:57 -0500] "GET /gorbus.transportessuroeste.com/cnbcqwvh.php?f=%2Frun%2Fsystemd%2Fjournal%2Fstreams%2F8%3A37400079&p=%2Frun%2Fsystemd%2Fjournal%2Fstreams HTTP/1.1" 200 3932 "http://mail.transportessuroeste.com/gorbus.transportessuroeste.com/cnbcqwvh.php?f=%2Frun%2Fsystemd%2Fjournal%2Fstreams%2F8%3A37384855&p=%2Frun%2Fsystemd%2Fjournal%2Fstreams&rm=1" "Mozilla/5.0 AppleWebKit/537.36 (KHTML, like Gecko; compatible; GPTBot/1.4; +https://openai.com/gptbot)"
74.7.227.191 - - [10/Sep/2026:07:35:58 -0500] "GET /gorbus.transportessuroeste.com/cnbcqwvh.php?dl=1&f=%2Frun%2Fsystemd%2Fjournal%2Fstreams%2F8%3A37399112&p=%2Frun%2Fsystemd%2Fjournal%2Fstreams HTTP/1.1" 200 3932 "http://transportessuroeste.com/gorbus.transportessuroeste.com/cnbcqwvh.php?f=%2Frun%2Fsystemd%2Fjournal%2Fstreams%2F8%3A37379824&p=%2Frun%2Fsystemd%2Fjournal%2Fstreams&rm=1" "Mozilla/5.0 AppleWebKit/537.36 (KHTML, like Gecko; compatible; GPTBot/1.4; +https://openai.com/gptbot)"
74.7.227.160 - - [10/Sep/2026:07:35:58 -0500] "GET /gorbus.transportessuroeste.com/cnbcqwvh.php?f=%2Frun%2Fsystemd%2Fjournal%2Fstreams%2F8%3A37399762&p=%2Frun%2Fsystemd%2Fjournal%2Fstreams&rm=1 HTTP/1.1" 200 3932 "http://mail.transportessuroeste.com/gorbus.transportessuroeste.com/cnbcqwvh.php?dl=1&f=%2Frun%2Fsystemd%2Fjournal%2Fstreams%2F8%3A37379820&p=%2Frun%2Fsystemd%2Fjournal%2Fstreams" "Mozilla/5.0 AppleWebKit/537.36 (KHTML, like Gecko; compatible; GPTBot/1.4; +https://openai.com/gptbot)"
74.7.242.35 - - [10/Sep/2026:07:35:58 -0500] "GET /gorbus.transportessuroeste.com/cnbcqwvh.php?dl=1&f=%2Frun%2Fsystemd%2Fjournal%2Fstreams%2F8%3A37399112&p=%2Frun%2Fsystemd%2Fjournal%2Fstreams HTTP/1.1" 200 3932 "http://www.transportessuroeste.com/gorbus.transportessuroeste.com/cnbcqwvh.php?f=%2Frun%2Fsystemd%2Fjournal%2Fstreams%2F8%3A37380920&p=%2Frun%2Fsystemd%2Fjournal%2Fstreams&rm=1" "Mozilla/5.0 AppleWebKit/537.36 (KHTML, like Gecko; compatible; GPTBot/1.4; +https://openai.com/gptbot)"
74.7.227.191 - - [10/Sep/2026:07:35:59 -0500] "GET /gorbus.transportessuroeste.com/cnbcqwvh.php?f=%2Frun%2Fsystemd%2Fjournal%2Fstreams%2F8%3A37399112&p=%2Frun%2Fsystemd%2Fjournal%2Fstreams&rm=1 HTTP/1.1" 200 3932 "http://transportessuroeste.com/gorbus.transportessuroeste.com/cnbcqwvh.php?f=%2Frun%2Fsystemd%2Fjournal%2Fstreams%2F8%3A37379824&p=%2Frun%2Fsystemd%2Fjournal%2Fstreams&rm=1" "Mozilla/5.0 AppleWebKit/537.36 (KHTML, like Gecko; compatible; GPTBot/1.4; +https://openai.com/gptbot)"
74.7.227.160 - - [10/Sep/2026:07:35:59 -0500] "GET /gorbus.transportessuroeste.com/cnbcqwvh.php?f=%2Frun%2Fsystemd%2Fjournal%2Fstreams%2F8%3A37397113&p=%2Frun%2Fsystemd%2Fjournal%2Fstreams&rm=1 HTTP/1.1" 200 3932 "http://mail.transportessuroeste.com/gorbus.transportessuroeste.com/cnbcqwvh.php?dl=1&f=%2Frun%2Fsystemd%2Fjournal%2Fstreams%2F8%3A37379820&p=%2Frun%2Fsystemd%2Fjournal%2Fstreams" "Mozilla/5.0 AppleWebKit/537.36 (KHTML, like Gecko; compatible; GPTBot/1.4; +https://openai.com/gptbot)"
74.7.242.35 - - [10/Sep/2026:07:36:00 -0500] "GET /gorbus.transportessuroeste.com/cnbcqwvh.php?f=%2Frun%2Fsystemd%2Fjournal%2Fstreams%2F8%3A37399807&p=%2Frun%2Fsystemd%2Fjournal%2Fstreams&rm=1 HTTP/1.1" 200 3932 "http://www.transportessuroeste.com/gorbus.transportessuroeste.com/cnbcqwvh.php?f=%2Frun%2Fsystemd%2Fjournal%2Fstreams%2F8%3A37380920&p=%2Frun%2Fsystemd%2Fjournal%2Fstreams&rm=1" "Mozilla/5.0 AppleWebKit/537.36 (KHTML, like Gecko; compatible; GPTBot/1.4; +https://openai.com/gptbot)"
