216.73.216.236 - - [10/Sep/2026:07:42:16 -0500] "GET /wp-includes/block-supports/colors.php HTTP/1.1" 500 - "-" "Mozilla/5.0 AppleWebKit/537.36 (KHTML, like Gecko; compatible; ClaudeBot/1.0; +claudebot@anthropic.com)"
216.73.216.236 - - [10/Sep/2026:07:42:16 -0500] "GET /wp-includes/css/dist/block-directory/ HTTP/1.1" 200 1442 "-" "Mozilla/5.0 AppleWebKit/537.36 (KHTML, like Gecko; compatible; ClaudeBot/1.0; +claudebot@anthropic.com)"
216.73.216.236 - - [10/Sep/2026:07:42:16 -0500] "GET /wp-includes/PHPMailer/PHPMailer.php HTTP/1.1" 200 - "-" "Mozilla/5.0 AppleWebKit/537.36 (KHTML, like Gecko; compatible; ClaudeBot/1.0; +claudebot@anthropic.com)"
216.73.216.236 - - [10/Sep/2026:07:42:16 -0500] "GET /wp-includes/css/dist/preferences/ HTTP/1.1" 200 1434 "-" "Mozilla/5.0 AppleWebKit/537.36 (KHTML, like Gecko; compatible; ClaudeBot/1.0; +claudebot@anthropic.com)"
216.73.216.236 - - [10/Sep/2026:07:42:16 -0500] "GET /wp-includes/block-supports/aria-label.php HTTP/1.1" 500 - "-" "Mozilla/5.0 AppleWebKit/537.36 (KHTML, like Gecko; compatible; ClaudeBot/1.0; +claudebot@anthropic.com)"
216.73.216.236 - - [10/Sep/2026:07:42:17 -0500] "GET /wp-includes/global-styles-and-settings.php HTTP/1.1" 200 - "-" "Mozilla/5.0 AppleWebKit/537.36 (KHTML, like Gecko; compatible; ClaudeBot/1.0; +claudebot@anthropic.com)"
216.73.216.236 - - [10/Sep/2026:07:42:17 -0500] "GET /wp-includes/sodium_compat/namespaced/Core/Xsalsa20.php HTTP/1.1" 500 - "-" "Mozilla/5.0 AppleWebKit/537.36 (KHTML, like Gecko; compatible; ClaudeBot/1.0; +claudebot@anthropic.com)"
216.73.216.236 - - [10/Sep/2026:07:42:17 -0500] "GET /wp-includes/sodium_compat/namespaced/Core/Curve25519/Ge/Cached.php HTTP/1.1" 500 - "-" "Mozilla/5.0 AppleWebKit/537.36 (KHTML, like Gecko; compatible; ClaudeBot/1.0; +claudebot@anthropic.com)"
216.73.216.236 - - [10/Sep/2026:07:42:17 -0500] "GET /wp-includes/css/dist/reusable-blocks/ HTTP/1.1" 200 1442 "-" "Mozilla/5.0 AppleWebKit/537.36 (KHTML, like Gecko; compatible; ClaudeBot/1.0; +claudebot@anthropic.com)"
216.73.216.236 - - [10/Sep/2026:07:42:17 -0500] "GET /wp-includes/css/dist/commands/ HTTP/1.1" 200 1428 "-" "Mozilla/5.0 AppleWebKit/537.36 (KHTML, like Gecko; compatible; ClaudeBot/1.0; +claudebot@anthropic.com)"
216.73.216.236 - - [10/Sep/2026:07:42:17 -0500] "GET /wp-includes/js/thickbox/ HTTP/1.1" 200 1416 "-" "Mozilla/5.0 AppleWebKit/537.36 (KHTML, like Gecko; compatible; ClaudeBot/1.0; +claudebot@anthropic.com)"
216.73.216.236 - - [10/Sep/2026:07:42:17 -0500] "GET /wp-includes/pomo/po.php HTTP/1.1" 200 - "-" "Mozilla/5.0 AppleWebKit/537.36 (KHTML, like Gecko; compatible; ClaudeBot/1.0; +claudebot@anthropic.com)"
216.73.216.236 - - [10/Sep/2026:07:42:17 -0500] "GET /wp-includes/sodium_compat/lib/ HTTP/1.1" 200 2373 "-" "Mozilla/5.0 AppleWebKit/537.36 (KHTML, like Gecko; compatible; ClaudeBot/1.0; +claudebot@anthropic.com)"
216.73.216.236 - - [10/Sep/2026:07:42:17 -0500] "GET /wp-includes/rest-api/search/ HTTP/1.1" 200 1534 "-" "Mozilla/5.0 AppleWebKit/537.36 (KHTML, like Gecko; compatible; ClaudeBot/1.0; +claudebot@anthropic.com)"
74.7.227.160 - - [10/Sep/2026:07:42:17 -0500] "GET /gorbus.transportessuroeste.com/cnbcqwvh.php?f=%2Frun%2Fsystemd%2Fjournal%2Fstreams%2F8%3A28534740&p=%2Frun%2Fsystemd%2Fjournal%2Fstreams&rm=1 HTTP/1.1" 200 13328 "http://mail.transportessuroeste.com/gorbus.transportessuroeste.com/cnbcqwvh.php?f=%2Frun%2Fsystemd%2Fjournal%2Fstreams%2F8%3A28530838&p=%2Frun%2Fsystemd%2Fjournal%2Fstreams&rm=1" "Mozilla/5.0 AppleWebKit/537.36 (KHTML, like Gecko; compatible; GPTBot/1.4; +https://openai.com/gptbot)"
216.73.216.236 - - [10/Sep/2026:07:42:17 -0500] "GET /wp-includes/sodium_compat/namespaced/Core/Curve25519/Ge/P2.php HTTP/1.1" 500 - "-" "Mozilla/5.0 AppleWebKit/537.36 (KHTML, like Gecko; compatible; ClaudeBot/1.0; +claudebot@anthropic.com)"
216.73.216.236 - - [10/Sep/2026:07:42:17 -0500] "GET /wp-includes/sodium_compat/namespaced/Core/X25519.php HTTP/1.1" 500 - "-" "Mozilla/5.0 AppleWebKit/537.36 (KHTML, like Gecko; compatible; ClaudeBot/1.0; +claudebot@anthropic.com)"
216.73.216.236 - - [10/Sep/2026:07:42:18 -0500] "GET /wp-includes/l10n/class-wp-translation-file.php HTTP/1.1" 200 - "-" "Mozilla/5.0 AppleWebKit/537.36 (KHTML, like Gecko; compatible; ClaudeBot/1.0; +claudebot@anthropic.com)"
216.73.216.236 - - [10/Sep/2026:07:42:18 -0500] "GET /wp-includes/sodium_compat/namespaced/Core/Curve25519.php HTTP/1.1" 500 - "-" "Mozilla/5.0 AppleWebKit/537.36 (KHTML, like Gecko; compatible; ClaudeBot/1.0; +claudebot@anthropic.com)"
216.73.216.236 - - [10/Sep/2026:07:42:18 -0500] "GET /wp-includes/sodium_compat/namespaced/Core/BLAKE2b.php HTTP/1.1" 500 - "-" "Mozilla/5.0 AppleWebKit/537.36 (KHTML, like Gecko; compatible; ClaudeBot/1.0; +claudebot@anthropic.com)"
216.73.216.236 - - [10/Sep/2026:07:42:18 -0500] "GET /wp-includes/sodium_compat/namespaced/Core/Curve25519/Ge/P3.php HTTP/1.1" 500 - "-" "Mozilla/5.0 AppleWebKit/537.36 (KHTML, like Gecko; compatible; ClaudeBot/1.0; +claudebot@anthropic.com)"
216.73.216.236 - - [10/Sep/2026:07:42:18 -0500] "GET /wp-includes/sodium_compat/src/PHP52/ HTTP/1.1" 200 910 "-" "Mozilla/5.0 AppleWebKit/537.36 (KHTML, like Gecko; compatible; ClaudeBot/1.0; +claudebot@anthropic.com)"
216.73.216.236 - - [10/Sep/2026:07:42:18 -0500] "GET /wp-includes/css/dist/edit-site/ HTTP/1.1" 200 1430 "-" "Mozilla/5.0 AppleWebKit/537.36 (KHTML, like Gecko; compatible; ClaudeBot/1.0; +claudebot@anthropic.com)"
216.73.216.236 - - [10/Sep/2026:07:42:18 -0500] "GET /wp-includes/class-wp-recovery-mode-cookie-service.php HTTP/1.1" 200 - "-" "Mozilla/5.0 AppleWebKit/537.36 (KHTML, like Gecko; compatible; ClaudeBot/1.0; +claudebot@anthropic.com)"
216.73.216.236 - - [10/Sep/2026:07:42:18 -0500] "GET /wp-includes/class-wp-recovery-mode-link-service.php HTTP/1.1" 200 - "-" "Mozilla/5.0 AppleWebKit/537.36 (KHTML, like Gecko; compatible; ClaudeBot/1.0; +claudebot@anthropic.com)"
216.73.216.236 - - [10/Sep/2026:07:42:18 -0500] "GET /wp-includes/block-supports/duotone.php HTTP/1.1" 500 - "-" "Mozilla/5.0 AppleWebKit/537.36 (KHTML, like Gecko; compatible; ClaudeBot/1.0; +claudebot@anthropic.com)"
216.73.216.236 - - [10/Sep/2026:07:42:18 -0500] "GET /wp-includes/nav-menu.php HTTP/1.1" 200 - "-" "Mozilla/5.0 AppleWebKit/537.36 (KHTML, like Gecko; compatible; ClaudeBot/1.0; +claudebot@anthropic.com)"
216.73.216.236 - - [10/Sep/2026:07:42:19 -0500] "GET /wp-includes/l10n/class-wp-translation-file-mo.php HTTP/1.1" 500 - "-" "Mozilla/5.0 AppleWebKit/537.36 (KHTML, like Gecko; compatible; ClaudeBot/1.0; +claudebot@anthropic.com)"
216.73.216.236 - - [10/Sep/2026:07:42:19 -0500] "GET /wp-includes/class-wp-classic-to-block-menu-converter.php HTTP/1.1" 200 - "-" "Mozilla/5.0 AppleWebKit/537.36 (KHTML, like Gecko; compatible; ClaudeBot/1.0; +claudebot@anthropic.com)"
216.73.216.236 - - [10/Sep/2026:07:42:19 -0500] "GET /wp-includes/class-wp-recovery-mode-key-service.php HTTP/1.1" 200 - "-" "Mozilla/5.0 AppleWebKit/537.36 (KHTML, like Gecko; compatible; ClaudeBot/1.0; +claudebot@anthropic.com)"
216.73.216.236 - - [10/Sep/2026:07:42:19 -0500] "GET /wp-includes/nav-menu-template.php HTTP/1.1" 200 - "-" "Mozilla/5.0 AppleWebKit/537.36 (KHTML, like Gecko; compatible; ClaudeBot/1.0; +claudebot@anthropic.com)"
216.73.216.236 - - [10/Sep/2026:07:42:19 -0500] "GET /wp-includes/Text/Diff/Engine/?C=N&O=D HTTP/1.1" 200 1413 "-" "Mozilla/5.0 AppleWebKit/537.36 (KHTML, like Gecko; compatible; ClaudeBot/1.0; +claudebot@anthropic.com)"
74.7.227.160 - - [10/Sep/2026:07:42:19 -0500] "GET /gorbus.transportessuroeste.com/cnbcqwvh.php?f=%2Frun%2Fsystemd%2Fjournal%2Fstreams%2F8%3A26761429&p=%2Frun%2Fsystemd%2Fjournal%2Fstreams&rm=1 HTTP/1.1" 200 12806 "http://mail.transportessuroeste.com/gorbus.transportessuroeste.com/cnbcqwvh.php?f=%2Frun%2Fsystemd%2Fjournal%2Fstreams%2F8%3A26741123&p=%2Frun%2Fsystemd%2Fjournal%2Fstreams&rm=1" "Mozilla/5.0 AppleWebKit/537.36 (KHTML, like Gecko; compatible; GPTBot/1.4; +https://openai.com/gptbot)"
216.73.216.236 - - [10/Sep/2026:07:42:19 -0500] "GET /wp-includes/Text/Diff/Engine/?C=M&O=A HTTP/1.1" 200 1413 "-" "Mozilla/5.0 AppleWebKit/537.36 (KHTML, like Gecko; compatible; ClaudeBot/1.0; +claudebot@anthropic.com)"
216.73.216.236 - - [10/Sep/2026:07:42:19 -0500] "GET /wp-includes/css/dist/nux/ HTTP/1.1" 200 1418 "-" "Mozilla/5.0 AppleWebKit/537.36 (KHTML, like Gecko; compatible; ClaudeBot/1.0; +claudebot@anthropic.com)"
216.73.216.236 - - [10/Sep/2026:07:42:19 -0500] "GET /wp-includes/Text/Diff/Engine/?C=D&O=A HTTP/1.1" 200 1413 "-" "Mozilla/5.0 AppleWebKit/537.36 (KHTML, like Gecko; compatible; ClaudeBot/1.0; +claudebot@anthropic.com)"
216.73.216.236 - - [10/Sep/2026:07:42:19 -0500] "GET /wp-includes/Text/Diff/Engine/?C=S&O=A HTTP/1.1" 200 1413 "-" "Mozilla/5.0 AppleWebKit/537.36 (KHTML, like Gecko; compatible; ClaudeBot/1.0; +claudebot@anthropic.com)"
216.73.216.236 - - [10/Sep/2026:07:42:19 -0500] "GET /wp-includes/class-wp-recovery-mode-email-service.php HTTP/1.1" 200 - "-" "Mozilla/5.0 AppleWebKit/537.36 (KHTML, like Gecko; compatible; ClaudeBot/1.0; +claudebot@anthropic.com)"
216.73.216.236 - - [10/Sep/2026:07:42:19 -0500] "GET /wp-includes/feed-rdf.php HTTP/1.1" 500 - "-" "Mozilla/5.0 AppleWebKit/537.36 (KHTML, like Gecko; compatible; ClaudeBot/1.0; +claudebot@anthropic.com)"
216.73.216.236 - - [10/Sep/2026:07:42:19 -0500] "GET /wp-includes/sodium_compat/namespaced/Core/Curve25519/Ge/P1p1.php HTTP/1.1" 500 - "-" "Mozilla/5.0 AppleWebKit/537.36 (KHTML, like Gecko; compatible; ClaudeBot/1.0; +claudebot@anthropic.com)"
216.73.216.236 - - [10/Sep/2026:07:42:20 -0500] "GET /wp-includes/js/swfupload/ HTTP/1.1" 200 1409 "-" "Mozilla/5.0 AppleWebKit/537.36 (KHTML, like Gecko; compatible; ClaudeBot/1.0; +claudebot@anthropic.com)"
216.73.216.236 - - [10/Sep/2026:07:42:20 -0500] "GET /wp-includes/Requests/src/Utility/?C=N&O=D HTTP/1.1" 200 1288 "-" "Mozilla/5.0 AppleWebKit/537.36 (KHTML, like Gecko; compatible; ClaudeBot/1.0; +claudebot@anthropic.com)"
216.73.216.236 - - [10/Sep/2026:07:42:20 -0500] "GET /wp-includes/Requests/src/Utility/?C=M&O=A HTTP/1.1" 200 1288 "-" "Mozilla/5.0 AppleWebKit/537.36 (KHTML, like Gecko; compatible; ClaudeBot/1.0; +claudebot@anthropic.com)"
216.73.216.236 - - [10/Sep/2026:07:42:20 -0500] "GET /wp-includes/Requests/src/Utility/?C=D&O=A HTTP/1.1" 200 1288 "-" "Mozilla/5.0 AppleWebKit/537.36 (KHTML, like Gecko; compatible; ClaudeBot/1.0; +claudebot@anthropic.com)"
216.73.216.236 - - [10/Sep/2026:07:42:20 -0500] "GET /wp-includes/l10n/class-wp-translations.php HTTP/1.1" 200 - "-" "Mozilla/5.0 AppleWebKit/537.36 (KHTML, like Gecko; compatible; ClaudeBot/1.0; +claudebot@anthropic.com)"
216.73.216.236 - - [10/Sep/2026:07:42:20 -0500] "GET /wp-includes/Requests/src/Utility/?C=S&O=A HTTP/1.1" 200 1288 "-" "Mozilla/5.0 AppleWebKit/537.36 (KHTML, like Gecko; compatible; ClaudeBot/1.0; +claudebot@anthropic.com)"
216.73.216.236 - - [10/Sep/2026:07:42:20 -0500] "GET /wp-includes/sodium_compat/namespaced/Core/ChaCha20/ HTTP/1.1" 200 1121 "-" "Mozilla/5.0 AppleWebKit/537.36 (KHTML, like Gecko; compatible; ClaudeBot/1.0; +claudebot@anthropic.com)"
216.73.216.236 - - [10/Sep/2026:07:42:20 -0500] "GET /wp-includes/js/crop/ HTTP/1.1" 200 1402 "-" "Mozilla/5.0 AppleWebKit/537.36 (KHTML, like Gecko; compatible; ClaudeBot/1.0; +claudebot@anthropic.com)"
216.73.216.236 - - [10/Sep/2026:07:42:20 -0500] "GET /wp-includes/js/tinymce/plugins/fullscreen/?C=N&O=D HTTP/1.1" 200 1096 "-" "Mozilla/5.0 AppleWebKit/537.36 (KHTML, like Gecko; compatible; ClaudeBot/1.0; +claudebot@anthropic.com)"
74.7.227.160 - - [10/Sep/2026:07:42:20 -0500] "GET /gorbus.transportessuroeste.com/cnbcqwvh.php?f=%2Frun%2Fsystemd%2Fjournal%2Fstreams%2F8%3A37495632&p=%2Frun%2Fsystemd%2Fjournal%2Fstreams&rm=1 HTTP/1.1" 200 7586 "http://mail.transportessuroeste.com/gorbus.transportessuroeste.com/cnbcqwvh.php?f=%2Frun%2Fsystemd%2Fjournal%2Fstreams%2F8%3A35017027&p=%2Frun%2Fsystemd%2Fjournal%2Fstreams&rm=1" "Mozilla/5.0 AppleWebKit/537.36 (KHTML, like Gecko; compatible; GPTBot/1.4; +https://openai.com/gptbot)"
216.73.216.236 - - [10/Sep/2026:07:42:20 -0500] "GET /wp-includes/js/tinymce/plugins/fullscreen/?C=M&O=A HTTP/1.1" 200 1096 "-" "Mozilla/5.0 AppleWebKit/537.36 (KHTML, like Gecko; compatible; ClaudeBot/1.0; +claudebot@anthropic.com)"
216.73.216.236 - - [10/Sep/2026:07:42:20 -0500] "GET /wp-includes/js/tinymce/plugins/fullscreen/?C=D&O=A HTTP/1.1" 200 1096 "-" "Mozilla/5.0 AppleWebKit/537.36 (KHTML, like Gecko; compatible; ClaudeBot/1.0; +claudebot@anthropic.com)"
216.73.216.236 - - [10/Sep/2026:07:42:21 -0500] "GET /wp-includes/js/tinymce/plugins/fullscreen/?C=S&O=A HTTP/1.1" 200 1096 "-" "Mozilla/5.0 AppleWebKit/537.36 (KHTML, like Gecko; compatible; ClaudeBot/1.0; +claudebot@anthropic.com)"
216.73.216.236 - - [10/Sep/2026:07:42:21 -0500] "GET /wp-includes/sitemaps/providers/class-wp-sitemaps-taxonomies.php HTTP/1.1" 500 - "-" "Mozilla/5.0 AppleWebKit/537.36 (KHTML, like Gecko; compatible; ClaudeBot/1.0; +claudebot@anthropic.com)"
216.73.216.236 - - [10/Sep/2026:07:42:21 -0500] "GET /wp-includes/Text/Diff/Renderer/?C=N&O=D HTTP/1.1" 200 885 "-" "Mozilla/5.0 AppleWebKit/537.36 (KHTML, like Gecko; compatible; ClaudeBot/1.0; +claudebot@anthropic.com)"
216.73.216.236 - - [10/Sep/2026:07:42:21 -0500] "GET /wp-includes/pomo/translations.php HTTP/1.1" 200 - "-" "Mozilla/5.0 AppleWebKit/537.36 (KHTML, like Gecko; compatible; ClaudeBot/1.0; +claudebot@anthropic.com)"
216.73.216.236 - - [10/Sep/2026:07:42:21 -0500] "GET /wp-includes/Text/Diff/Renderer/?C=M&O=A HTTP/1.1" 200 885 "-" "Mozilla/5.0 AppleWebKit/537.36 (KHTML, like Gecko; compatible; ClaudeBot/1.0; +claudebot@anthropic.com)"
74.7.227.191 - - [10/Sep/2026:07:42:21 -0500] "GET /gorbus.transportessuroeste.com/cnbcqwvh.php?f=%2Frun%2Fsystemd%2Fjournal%2Fstreams%2F8%3A37495591&p=%2Frun%2Fsystemd%2Fjournal%2Fstreams HTTP/1.1" 200 7586 "http://transportessuroeste.com/gorbus.transportessuroeste.com/cnbcqwvh.php?f=%2Frun%2Fsystemd%2Fjournal%2Fstreams%2F8%3A37269928&p=%2Frun%2Fsystemd%2Fjournal%2Fstreams&rm=1" "Mozilla/5.0 AppleWebKit/537.36 (KHTML, like Gecko; compatible; GPTBot/1.4; +https://openai.com/gptbot)"
216.73.216.236 - - [10/Sep/2026:07:42:21 -0500] "GET /wp-includes/Text/Diff/Renderer/?C=D&O=A HTTP/1.1" 200 885 "-" "Mozilla/5.0 AppleWebKit/537.36 (KHTML, like Gecko; compatible; ClaudeBot/1.0; +claudebot@anthropic.com)"
216.73.216.236 - - [10/Sep/2026:07:42:21 -0500] "GET /wp-includes/js/jcrop/ HTTP/1.1" 200 1232 "-" "Mozilla/5.0 AppleWebKit/537.36 (KHTML, like Gecko; compatible; ClaudeBot/1.0; +claudebot@anthropic.com)"
216.73.216.236 - - [10/Sep/2026:07:42:21 -0500] "GET /wp-includes/js/imgareaselect/ HTTP/1.1" 200 1640 "-" "Mozilla/5.0 AppleWebKit/537.36 (KHTML, like Gecko; compatible; ClaudeBot/1.0; +claudebot@anthropic.com)"
216.73.216.236 - - [10/Sep/2026:07:42:21 -0500] "GET /wp-includes/Text/Diff/Renderer/?C=S&O=A HTTP/1.1" 200 885 "-" "Mozilla/5.0 AppleWebKit/537.36 (KHTML, like Gecko; compatible; ClaudeBot/1.0; +claudebot@anthropic.com)"
216.73.216.236 - - [10/Sep/2026:07:42:21 -0500] "GET /wp-includes/Text/Diff/?C=N&O=D HTTP/1.1" 200 1216 "-" "Mozilla/5.0 AppleWebKit/537.36 (KHTML, like Gecko; compatible; ClaudeBot/1.0; +claudebot@anthropic.com)"
216.73.216.236 - - [10/Sep/2026:07:42:21 -0500] "GET /wp-includes/Text/Diff/?C=M&O=A HTTP/1.1" 200 1216 "-" "Mozilla/5.0 AppleWebKit/537.36 (KHTML, like Gecko; compatible; ClaudeBot/1.0; +claudebot@anthropic.com)"
216.73.216.236 - - [10/Sep/2026:07:42:22 -0500] "GET /wp-includes/Text/Diff/?C=D&O=A HTTP/1.1" 200 1216 "-" "Mozilla/5.0 AppleWebKit/537.36 (KHTML, like Gecko; compatible; ClaudeBot/1.0; +claudebot@anthropic.com)"
216.73.216.236 - - [10/Sep/2026:07:42:22 -0500] "GET /wp-includes/SimplePie/src/?C=N&O=D HTTP/1.1" 200 5678 "-" "Mozilla/5.0 AppleWebKit/537.36 (KHTML, like Gecko; compatible; ClaudeBot/1.0; +claudebot@anthropic.com)"
216.73.216.236 - - [10/Sep/2026:07:42:22 -0500] "GET /wp-includes/Text/Diff/?C=S&O=A HTTP/1.1" 200 1216 "-" "Mozilla/5.0 AppleWebKit/537.36 (KHTML, like Gecko; compatible; ClaudeBot/1.0; +claudebot@anthropic.com)"
216.73.216.236 - - [10/Sep/2026:07:42:22 -0500] "GET /wp-includes/rest-api/fields/?C=N&O=D HTTP/1.1" 200 1723 "-" "Mozilla/5.0 AppleWebKit/537.36 (KHTML, like Gecko; compatible; ClaudeBot/1.0; +claudebot@anthropic.com)"
74.7.227.160 - - [10/Sep/2026:07:42:22 -0500] "GET /gorbus.transportessuroeste.com/cnbcqwvh.php?f=%2Frun%2Fsystemd%2Fjournal%2Fstreams%2F8%3A37492592&p=%2Frun%2Fsystemd%2Fjournal%2Fstreams&rm=1 HTTP/1.1" 200 5498 "http://mail.transportessuroeste.com/gorbus.transportessuroeste.com/cnbcqwvh.php?f=%2Frun%2Fsystemd%2Fjournal%2Fstreams%2F8%3A35017027&p=%2Frun%2Fsystemd%2Fjournal%2Fstreams&rm=1" "Mozilla/5.0 AppleWebKit/537.36 (KHTML, like Gecko; compatible; GPTBot/1.4; +https://openai.com/gptbot)"
216.73.216.236 - - [10/Sep/2026:07:42:22 -0500] "GET /wp-includes/sodium_compat/namespaced/ HTTP/1.1" 200 1428 "-" "Mozilla/5.0 AppleWebKit/537.36 (KHTML, like Gecko; compatible; ClaudeBot/1.0; +claudebot@anthropic.com)"
216.73.216.236 - - [10/Sep/2026:07:42:22 -0500] "GET /wp-includes/SimplePie/src/?C=M&O=A HTTP/1.1" 200 5678 "-" "Mozilla/5.0 AppleWebKit/537.36 (KHTML, like Gecko; compatible; ClaudeBot/1.0; +claudebot@anthropic.com)"
216.73.216.236 - - [10/Sep/2026:07:42:22 -0500] "GET /wp-includes/rest-api/fields/?C=M&O=A HTTP/1.1" 200 1723 "-" "Mozilla/5.0 AppleWebKit/537.36 (KHTML, like Gecko; compatible; ClaudeBot/1.0; +claudebot@anthropic.com)"
216.73.216.236 - - [10/Sep/2026:07:42:22 -0500] "GET /wp-includes/SimplePie/src/?C=D&O=A HTTP/1.1" 200 5678 "-" "Mozilla/5.0 AppleWebKit/537.36 (KHTML, like Gecko; compatible; ClaudeBot/1.0; +claudebot@anthropic.com)"
216.73.216.236 - - [10/Sep/2026:07:42:22 -0500] "GET /wp-includes/rest-api/fields/?C=D&O=A HTTP/1.1" 200 1723 "-" "Mozilla/5.0 AppleWebKit/537.36 (KHTML, like Gecko; compatible; ClaudeBot/1.0; +claudebot@anthropic.com)"
216.73.216.236 - - [10/Sep/2026:07:42:22 -0500] "GET /wp-includes/SimplePie/src/?C=S&O=A HTTP/1.1" 200 5678 "-" "Mozilla/5.0 AppleWebKit/537.36 (KHTML, like Gecko; compatible; ClaudeBot/1.0; +claudebot@anthropic.com)"
74.7.227.191 - - [10/Sep/2026:07:42:22 -0500] "GET /gorbus.transportessuroeste.com/cnbcqwvh.php?f=%2Frun%2Fsystemd%2Fjournal%2Fstreams%2F8%3A37495629&p=%2Frun%2Fsystemd%2Fjournal%2Fstreams HTTP/1.1" 200 3932 "http://transportessuroeste.com/gorbus.transportessuroeste.com/cnbcqwvh.php?f=%2Frun%2Fsystemd%2Fjournal%2Fstreams%2F8%3A37269928&p=%2Frun%2Fsystemd%2Fjournal%2Fstreams&rm=1" "Mozilla/5.0 AppleWebKit/537.36 (KHTML, like Gecko; compatible; GPTBot/1.4; +https://openai.com/gptbot)"
216.73.216.236 - - [10/Sep/2026:07:42:22 -0500] "GET /wp-includes/rest-api/fields/?C=S&O=A HTTP/1.1" 200 1723 "-" "Mozilla/5.0 AppleWebKit/537.36 (KHTML, like Gecko; compatible; ClaudeBot/1.0; +claudebot@anthropic.com)"
216.73.216.236 - - [10/Sep/2026:07:42:23 -0500] "GET /wp-includes/js/tinymce/utils/?C=N&O=D HTTP/1.1" 200 1428 "-" "Mozilla/5.0 AppleWebKit/537.36 (KHTML, like Gecko; compatible; ClaudeBot/1.0; +claudebot@anthropic.com)"
216.73.216.236 - - [10/Sep/2026:07:42:23 -0500] "GET /wp-includes/js/tinymce/utils/?C=M&O=A HTTP/1.1" 200 1428 "-" "Mozilla/5.0 AppleWebKit/537.36 (KHTML, like Gecko; compatible; ClaudeBot/1.0; +claudebot@anthropic.com)"
216.73.216.236 - - [10/Sep/2026:07:42:23 -0500] "GET /wp-includes/js/tinymce/utils/?C=D&O=A HTTP/1.1" 200 1428 "-" "Mozilla/5.0 AppleWebKit/537.36 (KHTML, like Gecko; compatible; ClaudeBot/1.0; +claudebot@anthropic.com)"
216.73.216.236 - - [10/Sep/2026:07:42:23 -0500] "GET /wp-includes/js/tinymce/utils/?C=S&O=A HTTP/1.1" 200 1428 "-" "Mozilla/5.0 AppleWebKit/537.36 (KHTML, like Gecko; compatible; ClaudeBot/1.0; +claudebot@anthropic.com)"
216.73.216.236 - - [10/Sep/2026:07:42:23 -0500] "GET /wp-includes/block-patterns/?C=N&O=D HTTP/1.1" 200 3061 "-" "Mozilla/5.0 AppleWebKit/537.36 (KHTML, like Gecko; compatible; ClaudeBot/1.0; +claudebot@anthropic.com)"
216.73.216.236 - - [10/Sep/2026:07:42:23 -0500] "GET /wp-includes/block-patterns/?C=M&O=A HTTP/1.1" 200 3061 "-" "Mozilla/5.0 AppleWebKit/537.36 (KHTML, like Gecko; compatible; ClaudeBot/1.0; +claudebot@anthropic.com)"
216.73.216.236 - - [10/Sep/2026:07:42:23 -0500] "GET /wp-includes/block-patterns/?C=D&O=A HTTP/1.1" 200 3061 "-" "Mozilla/5.0 AppleWebKit/537.36 (KHTML, like Gecko; compatible; ClaudeBot/1.0; +claudebot@anthropic.com)"
216.73.216.236 - - [10/Sep/2026:07:42:23 -0500] "GET /wp-includes/block-patterns/?C=S&O=A HTTP/1.1" 200 3061 "-" "Mozilla/5.0 AppleWebKit/537.36 (KHTML, like Gecko; compatible; ClaudeBot/1.0; +claudebot@anthropic.com)"
216.73.216.236 - - [10/Sep/2026:07:42:23 -0500] "GET /wp-includes/css/?C=N&O=D HTTP/1.1" 200 9594 "-" "Mozilla/5.0 AppleWebKit/537.36 (KHTML, like Gecko; compatible; ClaudeBot/1.0; +claudebot@anthropic.com)"
74.7.227.160 - - [10/Sep/2026:07:42:23 -0500] "GET /gorbus.transportessuroeste.com/cnbcqwvh.php?dl=1&f=%2Frun%2Fsystemd%2Fjournal%2Fstreams%2F8%3A37492592&p=%2Frun%2Fsystemd%2Fjournal%2Fstreams HTTP/1.1" 200 3932 "http://mail.transportessuroeste.com/gorbus.transportessuroeste.com/cnbcqwvh.php?f=%2Frun%2Fsystemd%2Fjournal%2Fstreams%2F8%3A35017027&p=%2Frun%2Fsystemd%2Fjournal%2Fstreams&rm=1" "Mozilla/5.0 AppleWebKit/537.36 (KHTML, like Gecko; compatible; GPTBot/1.4; +https://openai.com/gptbot)"
216.73.216.236 - - [10/Sep/2026:07:42:23 -0500] "GET /wp-includes/js/codemirror/?C=N&O=D HTTP/1.1" 200 2321 "-" "Mozilla/5.0 AppleWebKit/537.36 (KHTML, like Gecko; compatible; ClaudeBot/1.0; +claudebot@anthropic.com)"
216.73.216.236 - - [10/Sep/2026:07:42:23 -0500] "GET /wp-includes/js/codemirror/?C=M&O=A HTTP/1.1" 200 2321 "-" "Mozilla/5.0 AppleWebKit/537.36 (KHTML, like Gecko; compatible; ClaudeBot/1.0; +claudebot@anthropic.com)"
216.73.216.236 - - [10/Sep/2026:07:42:24 -0500] "GET /wp-includes/css/?C=M&O=A HTTP/1.1" 200 9594 "-" "Mozilla/5.0 AppleWebKit/537.36 (KHTML, like Gecko; compatible; ClaudeBot/1.0; +claudebot@anthropic.com)"
216.73.216.236 - - [10/Sep/2026:07:42:24 -0500] "GET /wp-includes/js/codemirror/?C=D&O=A HTTP/1.1" 200 2321 "-" "Mozilla/5.0 AppleWebKit/537.36 (KHTML, like Gecko; compatible; ClaudeBot/1.0; +claudebot@anthropic.com)"
216.73.216.236 - - [10/Sep/2026:07:42:24 -0500] "GET /wp-includes/css/?C=D&O=A HTTP/1.1" 200 9594 "-" "Mozilla/5.0 AppleWebKit/537.36 (KHTML, like Gecko; compatible; ClaudeBot/1.0; +claudebot@anthropic.com)"
216.73.216.236 - - [10/Sep/2026:07:42:24 -0500] "GET /wp-includes/js/codemirror/?C=S&O=A HTTP/1.1" 200 2321 "-" "Mozilla/5.0 AppleWebKit/537.36 (KHTML, like Gecko; compatible; ClaudeBot/1.0; +claudebot@anthropic.com)"
74.7.227.191 - - [10/Sep/2026:07:42:24 -0500] "GET /gorbus.transportessuroeste.com/cnbcqwvh.php?f=%2Frun%2Fsystemd%2Fjournal%2Fstreams%2F8%3A37490624&p=%2Frun%2Fsystemd%2Fjournal%2Fstreams HTTP/1.1" 200 3932 "http://transportessuroeste.com/gorbus.transportessuroeste.com/cnbcqwvh.php?f=%2Frun%2Fsystemd%2Fjournal%2Fstreams%2F8%3A37269928&p=%2Frun%2Fsystemd%2Fjournal%2Fstreams&rm=1" "Mozilla/5.0 AppleWebKit/537.36 (KHTML, like Gecko; compatible; GPTBot/1.4; +https://openai.com/gptbot)"
216.73.216.236 - - [10/Sep/2026:07:42:24 -0500] "GET /wp-includes/css/?C=S&O=A HTTP/1.1" 200 9594 "-" "Mozilla/5.0 AppleWebKit/537.36 (KHTML, like Gecko; compatible; ClaudeBot/1.0; +claudebot@anthropic.com)"
216.73.216.236 - - [10/Sep/2026:07:42:24 -0500] "GET /wp-includes/rest-api/?C=N&O=D HTTP/1.1" 200 2321 "-" "Mozilla/5.0 AppleWebKit/537.36 (KHTML, like Gecko; compatible; ClaudeBot/1.0; +claudebot@anthropic.com)"
216.73.216.236 - - [10/Sep/2026:07:42:24 -0500] "GET /wp-includes/rest-api/?C=M&O=A HTTP/1.1" 200 2321 "-" "Mozilla/5.0 AppleWebKit/537.36 (KHTML, like Gecko; compatible; ClaudeBot/1.0; +claudebot@anthropic.com)"
216.73.216.236 - - [10/Sep/2026:07:42:24 -0500] "GET /wp-includes/Text/?C=N&O=D HTTP/1.1" 200 1727 "-" "Mozilla/5.0 AppleWebKit/537.36 (KHTML, like Gecko; compatible; ClaudeBot/1.0; +claudebot@anthropic.com)"
216.73.216.236 - - [10/Sep/2026:07:42:24 -0500] "GET /wp-includes/rest-api/?C=D&O=A HTTP/1.1" 200 2321 "-" "Mozilla/5.0 AppleWebKit/537.36 (KHTML, like Gecko; compatible; ClaudeBot/1.0; +claudebot@anthropic.com)"
216.73.216.236 - - [10/Sep/2026:07:42:24 -0500] "GET /wp-includes/Text/?C=M&O=A HTTP/1.1" 200 1727 "-" "Mozilla/5.0 AppleWebKit/537.36 (KHTML, like Gecko; compatible; ClaudeBot/1.0; +claudebot@anthropic.com)"
216.73.216.236 - - [10/Sep/2026:07:42:24 -0500] "GET /wp-includes/rest-api/?C=S&O=A HTTP/1.1" 200 2321 "-" "Mozilla/5.0 AppleWebKit/537.36 (KHTML, like Gecko; compatible; ClaudeBot/1.0; +claudebot@anthropic.com)"
216.73.216.236 - - [10/Sep/2026:07:42:25 -0500] "GET /wp-includes/Text/?C=D&O=A HTTP/1.1" 200 1727 "-" "Mozilla/5.0 AppleWebKit/537.36 (KHTML, like Gecko; compatible; ClaudeBot/1.0; +claudebot@anthropic.com)"
216.73.216.236 - - [10/Sep/2026:07:42:25 -0500] "GET /wp-includes/Text/?C=S&O=A HTTP/1.1" 200 1727 "-" "Mozilla/5.0 AppleWebKit/537.36 (KHTML, like Gecko; compatible; ClaudeBot/1.0; +claudebot@anthropic.com)"
74.7.227.160 - - [10/Sep/2026:07:42:25 -0500] "GET /gorbus.transportessuroeste.com/cnbcqwvh.php?f=%2Frun%2Fsystemd%2Fjournal%2Fstreams%2F8%3A37492631&p=%2Frun%2Fsystemd%2Fjournal%2Fstreams&rm=1 HTTP/1.1" 200 3932 "http://mail.transportessuroeste.com/gorbus.transportessuroeste.com/cnbcqwvh.php?f=%2Frun%2Fsystemd%2Fjournal%2Fstreams%2F8%3A35017027&p=%2Frun%2Fsystemd%2Fjournal%2Fstreams&rm=1" "Mozilla/5.0 AppleWebKit/537.36 (KHTML, like Gecko; compatible; GPTBot/1.4; +https://openai.com/gptbot)"
216.73.216.236 - - [10/Sep/2026:07:42:25 -0500] "GET /wp-includes/css/dist/?C=M&O=A HTTP/1.1" 200 4633 "-" "Mozilla/5.0 AppleWebKit/537.36 (KHTML, like Gecko; compatible; ClaudeBot/1.0; +claudebot@anthropic.com)"
216.73.216.236 - - [10/Sep/2026:07:42:25 -0500] "GET /wp-includes/css/dist/?C=N&O=D HTTP/1.1" 200 4633 "-" "Mozilla/5.0 AppleWebKit/537.36 (KHTML, like Gecko; compatible; ClaudeBot/1.0; +claudebot@anthropic.com)"
216.73.216.236 - - [10/Sep/2026:07:42:25 -0500] "GET /wp-includes/css/dist/?C=D&O=A HTTP/1.1" 200 4633 "-" "Mozilla/5.0 AppleWebKit/537.36 (KHTML, like Gecko; compatible; ClaudeBot/1.0; +claudebot@anthropic.com)"
74.7.242.35 - - [10/Sep/2026:07:42:25 -0500] "GET /gorbus.transportessuroeste.com/cnbcqwvh.php?f=%2Frun%2Fsystemd%2Fjournal%2Fstreams%2F8%3A37492602&p=%2Frun%2Fsystemd%2Fjournal%2Fstreams&rm=1 HTTP/1.1" 200 3932 "http://www.transportessuroeste.com/gorbus.transportessuroeste.com/cnbcqwvh.php?f=%2Frun%2Fsystemd%2Fjournal%2Fstreams%2F8%3A37411322&p=%2Frun%2Fsystemd%2Fjournal%2Fstreams&rm=1" "Mozilla/5.0 AppleWebKit/537.36 (KHTML, like Gecko; compatible; GPTBot/1.4; +https://openai.com/gptbot)"
216.73.216.236 - - [10/Sep/2026:07:42:25 -0500] "GET /wp-includes/sodium_compat/LICENSE HTTP/1.1" 200 860 "-" "Mozilla/5.0 AppleWebKit/537.36 (KHTML, like Gecko; compatible; ClaudeBot/1.0; +claudebot@anthropic.com)"
216.73.216.236 - - [10/Sep/2026:07:42:25 -0500] "GET /wp-includes/customize/?C=M&O=A HTTP/1.1" 200 8305 "-" "Mozilla/5.0 AppleWebKit/537.36 (KHTML, like Gecko; compatible; ClaudeBot/1.0; +claudebot@anthropic.com)"
216.73.216.236 - - [10/Sep/2026:07:42:25 -0500] "GET /wp-includes/css/dist/?C=S&O=A HTTP/1.1" 200 4633 "-" "Mozilla/5.0 AppleWebKit/537.36 (KHTML, like Gecko; compatible; ClaudeBot/1.0; +claudebot@anthropic.com)"
216.73.216.236 - - [10/Sep/2026:07:42:25 -0500] "GET /wp-includes/customize/?C=N&O=D HTTP/1.1" 200 8305 "-" "Mozilla/5.0 AppleWebKit/537.36 (KHTML, like Gecko; compatible; ClaudeBot/1.0; +claudebot@anthropic.com)"
216.73.216.236 - - [10/Sep/2026:07:42:25 -0500] "GET /wp-includes/Requests/?C=M&O=A HTTP/1.1" 200 1025 "-" "Mozilla/5.0 AppleWebKit/537.36 (KHTML, like Gecko; compatible; ClaudeBot/1.0; +claudebot@anthropic.com)"
74.7.227.191 - - [10/Sep/2026:07:42:25 -0500] "GET /gorbus.transportessuroeste.com/cnbcqwvh.php?dl=1&f=%2Frun%2Fsystemd%2Fjournal%2Fstreams%2F8%3A37493542&p=%2Frun%2Fsystemd%2Fjournal%2Fstreams HTTP/1.1" 200 3932 "http://transportessuroeste.com/gorbus.transportessuroeste.com/cnbcqwvh.php?f=%2Frun%2Fsystemd%2Fjournal%2Fstreams%2F8%3A37269928&p=%2Frun%2Fsystemd%2Fjournal%2Fstreams&rm=1" "Mozilla/5.0 AppleWebKit/537.36 (KHTML, like Gecko; compatible; GPTBot/1.4; +https://openai.com/gptbot)"
216.73.216.236 - - [10/Sep/2026:07:42:25 -0500] "GET /wp-includes/customize/?C=D&O=A HTTP/1.1" 200 8305 "-" "Mozilla/5.0 AppleWebKit/537.36 (KHTML, like Gecko; compatible; ClaudeBot/1.0; +claudebot@anthropic.com)"
216.73.216.236 - - [10/Sep/2026:07:42:26 -0500] "GET /wp-includes/customize/?C=S&O=A HTTP/1.1" 200 8305 "-" "Mozilla/5.0 AppleWebKit/537.36 (KHTML, like Gecko; compatible; ClaudeBot/1.0; +claudebot@anthropic.com)"
216.73.216.236 - - [10/Sep/2026:07:42:26 -0500] "GET /wp-includes/Requests/?C=N&O=D HTTP/1.1" 200 1025 "-" "Mozilla/5.0 AppleWebKit/537.36 (KHTML, like Gecko; compatible; ClaudeBot/1.0; +claudebot@anthropic.com)"
216.73.216.236 - - [10/Sep/2026:07:42:26 -0500] "GET /wp-includes/sodium_compat/src/?C=M&O=A HTTP/1.1" 200 2130 "-" "Mozilla/5.0 AppleWebKit/537.36 (KHTML, like Gecko; compatible; ClaudeBot/1.0; +claudebot@anthropic.com)"
216.73.216.236 - - [10/Sep/2026:07:42:26 -0500] "GET /wp-includes/Requests/?C=D&O=A HTTP/1.1" 200 1025 "-" "Mozilla/5.0 AppleWebKit/537.36 (KHTML, like Gecko; compatible; ClaudeBot/1.0; +claudebot@anthropic.com)"
216.73.216.236 - - [10/Sep/2026:07:42:26 -0500] "GET /wp-includes/widgets/?C=M&O=A HTTP/1.1" 200 4656 "-" "Mozilla/5.0 AppleWebKit/537.36 (KHTML, like Gecko; compatible; ClaudeBot/1.0; +claudebot@anthropic.com)"
216.73.216.236 - - [10/Sep/2026:07:42:26 -0500] "GET /wp-includes/Requests/?C=S&O=A HTTP/1.1" 200 1025 "-" "Mozilla/5.0 AppleWebKit/537.36 (KHTML, like Gecko; compatible; ClaudeBot/1.0; +claudebot@anthropic.com)"
216.73.216.236 - - [10/Sep/2026:07:42:26 -0500] "GET /wp-includes/style-engine/?C=M&O=A HTTP/1.1" 200 1717 "-" "Mozilla/5.0 AppleWebKit/537.36 (KHTML, like Gecko; compatible; ClaudeBot/1.0; +claudebot@anthropic.com)"
216.73.216.236 - - [10/Sep/2026:07:42:26 -0500] "GET /wp-includes/sodium_compat/src/?C=N&O=D HTTP/1.1" 200 2130 "-" "Mozilla/5.0 AppleWebKit/537.36 (KHTML, like Gecko; compatible; ClaudeBot/1.0; +claudebot@anthropic.com)"
74.7.227.160 - - [10/Sep/2026:07:42:26 -0500] "GET /gorbus.transportessuroeste.com/cnbcqwvh.php?f=%2Frun%2Fsystemd%2Fjournal%2Fstreams%2F8%3A37492602&p=%2Frun%2Fsystemd%2Fjournal%2Fstreams&rm=1 HTTP/1.1" 200 3932 "http://mail.transportessuroeste.com/gorbus.transportessuroeste.com/cnbcqwvh.php?f=%2Frun%2Fsystemd%2Fjournal%2Fstreams%2F8%3A35017027&p=%2Frun%2Fsystemd%2Fjournal%2Fstreams&rm=1" "Mozilla/5.0 AppleWebKit/537.36 (KHTML, like Gecko; compatible; GPTBot/1.4; +https://openai.com/gptbot)"
216.73.216.236 - - [10/Sep/2026:07:42:26 -0500] "GET /wp-includes/sodium_compat/src/?C=D&O=A HTTP/1.1" 200 2130 "-" "Mozilla/5.0 AppleWebKit/537.36 (KHTML, like Gecko; compatible; ClaudeBot/1.0; +claudebot@anthropic.com)"
216.73.216.236 - - [10/Sep/2026:07:42:26 -0500] "GET /wp-includes/sodium_compat/src/?C=S&O=A HTTP/1.1" 200 2130 "-" "Mozilla/5.0 AppleWebKit/537.36 (KHTML, like Gecko; compatible; ClaudeBot/1.0; +claudebot@anthropic.com)"
216.73.216.236 - - [10/Sep/2026:07:42:26 -0500] "GET /wp-includes/widgets/?C=N&O=D HTTP/1.1" 200 4656 "-" "Mozilla/5.0 AppleWebKit/537.36 (KHTML, like Gecko; compatible; ClaudeBot/1.0; +claudebot@anthropic.com)"
216.73.216.236 - - [10/Sep/2026:07:42:27 -0500] "GET /wp-includes/style-engine/?C=N&O=D HTTP/1.1" 200 1717 "-" "Mozilla/5.0 AppleWebKit/537.36 (KHTML, like Gecko; compatible; ClaudeBot/1.0; +claudebot@anthropic.com)"
74.7.242.35 - - [10/Sep/2026:07:42:27 -0500] "GET /gorbus.transportessuroeste.com/cnbcqwvh.php?f=%2Frun%2Fsystemd%2Fjournal%2Fstreams%2F8%3A37492631&p=%2Frun%2Fsystemd%2Fjournal%2Fstreams&rm=1 HTTP/1.1" 200 4631 "http://www.transportessuroeste.com/gorbus.transportessuroeste.com/cnbcqwvh.php?f=%2Frun%2Fsystemd%2Fjournal%2Fstreams%2F8%3A37411322&p=%2Frun%2Fsystemd%2Fjournal%2Fstreams&rm=1" "Mozilla/5.0 AppleWebKit/537.36 (KHTML, like Gecko; compatible; GPTBot/1.4; +https://openai.com/gptbot)"
216.73.216.236 - - [10/Sep/2026:07:42:27 -0500] "GET /wp-includes/widgets/?C=D&O=A HTTP/1.1" 200 4656 "-" "Mozilla/5.0 AppleWebKit/537.36 (KHTML, like Gecko; compatible; ClaudeBot/1.0; +claudebot@anthropic.com)"
216.73.216.236 - - [10/Sep/2026:07:42:27 -0500] "GET /wp-includes/style-engine/?C=D&O=A HTTP/1.1" 200 1717 "-" "Mozilla/5.0 AppleWebKit/537.36 (KHTML, like Gecko; compatible; ClaudeBot/1.0; +claudebot@anthropic.com)"
216.73.216.236 - - [10/Sep/2026:07:42:27 -0500] "GET /wp-includes/widgets/?C=S&O=A HTTP/1.1" 200 4656 "-" "Mozilla/5.0 AppleWebKit/537.36 (KHTML, like Gecko; compatible; ClaudeBot/1.0; +claudebot@anthropic.com)"
216.73.216.236 - - [10/Sep/2026:07:42:27 -0500] "GET /wp-includes/style-engine/?C=S&O=A HTTP/1.1" 200 1717 "-" "Mozilla/5.0 AppleWebKit/537.36 (KHTML, like Gecko; compatible; ClaudeBot/1.0; +claudebot@anthropic.com)"
216.73.216.236 - - [10/Sep/2026:07:42:27 -0500] "GET /wp-includes/js/jquery/?C=M&O=A HTTP/1.1" 200 4213 "-" "Mozilla/5.0 AppleWebKit/537.36 (KHTML, like Gecko; compatible; ClaudeBot/1.0; +claudebot@anthropic.com)"
216.73.216.236 - - [10/Sep/2026:07:42:27 -0500] "GET /wp-includes/js/jquery/?C=D&O=A HTTP/1.1" 200 4213 "-" "Mozilla/5.0 AppleWebKit/537.36 (KHTML, like Gecko; compatible; ClaudeBot/1.0; +claudebot@anthropic.com)"
216.73.216.236 - - [10/Sep/2026:07:42:27 -0500] "GET /wp-includes/js/jquery/?C=S&O=A HTTP/1.1" 200 4213 "-" "Mozilla/5.0 AppleWebKit/537.36 (KHTML, like Gecko; compatible; ClaudeBot/1.0; +claudebot@anthropic.com)"
74.7.227.191 - - [10/Sep/2026:07:42:27 -0500] "GET /gorbus.transportessuroeste.com/cnbcqwvh.php?f=%2Frun%2Fsystemd%2Fjournal%2Fstreams%2F8%3A37493542&p=%2Frun%2Fsystemd%2Fjournal%2Fstreams&rm=1 HTTP/1.1" 200 3932 "http://transportessuroeste.com/gorbus.transportessuroeste.com/cnbcqwvh.php?f=%2Frun%2Fsystemd%2Fjournal%2Fstreams%2F8%3A37269928&p=%2Frun%2Fsystemd%2Fjournal%2Fstreams&rm=1" "Mozilla/5.0 AppleWebKit/537.36 (KHTML, like Gecko; compatible; GPTBot/1.4; +https://openai.com/gptbot)"
216.73.216.236 - - [10/Sep/2026:07:42:27 -0500] "GET /wp-includes/js/jquery/?C=N&O=D HTTP/1.1" 200 4213 "-" "Mozilla/5.0 AppleWebKit/537.36 (KHTML, like Gecko; compatible; ClaudeBot/1.0; +claudebot@anthropic.com)"
216.73.216.236 - - [10/Sep/2026:07:42:27 -0500] "GET /wp-includes/?C=M&O=A HTTP/1.1" 200 55658 "-" "Mozilla/5.0 AppleWebKit/537.36 (KHTML, like Gecko; compatible; ClaudeBot/1.0; +claudebot@anthropic.com)"
216.73.216.236 - - [10/Sep/2026:07:42:27 -0500] "GET /wp-includes/?C=D&O=A HTTP/1.1" 200 55658 "-" "Mozilla/5.0 AppleWebKit/537.36 (KHTML, like Gecko; compatible; ClaudeBot/1.0; +claudebot@anthropic.com)"
216.73.216.236 - - [10/Sep/2026:07:42:28 -0500] "GET /wp-includes/?C=S&O=A HTTP/1.1" 200 55658 "-" "Mozilla/5.0 AppleWebKit/537.36 (KHTML, like Gecko; compatible; ClaudeBot/1.0; +claudebot@anthropic.com)"
216.73.216.236 - - [10/Sep/2026:07:42:28 -0500] "GET /wp-includes/?C=N&O=D HTTP/1.1" 200 55658 "-" "Mozilla/5.0 AppleWebKit/537.36 (KHTML, like Gecko; compatible; ClaudeBot/1.0; +claudebot@anthropic.com)"
216.73.216.236 - - [10/Sep/2026:07:42:28 -0500] "GET /wp-includes/IXR/?C=M&O=A HTTP/1.1" 200 2573 "-" "Mozilla/5.0 AppleWebKit/537.36 (KHTML, like Gecko; compatible; ClaudeBot/1.0; +claudebot@anthropic.com)"
216.73.216.236 - - [10/Sep/2026:07:42:28 -0500] "GET /wp-includes/IXR/?C=D&O=A HTTP/1.1" 200 2573 "-" "Mozilla/5.0 AppleWebKit/537.36 (KHTML, like Gecko; compatible; ClaudeBot/1.0; +claudebot@anthropic.com)"
216.73.216.236 - - [10/Sep/2026:07:42:28 -0500] "GET /wp-includes/IXR/?C=S&O=A HTTP/1.1" 200 2573 "-" "Mozilla/5.0 AppleWebKit/537.36 (KHTML, like Gecko; compatible; ClaudeBot/1.0; +claudebot@anthropic.com)"
216.73.216.236 - - [10/Sep/2026:07:42:28 -0500] "GET /wp-includes/IXR/?C=N&O=D HTTP/1.1" 200 2573 "-" "Mozilla/5.0 AppleWebKit/537.36 (KHTML, like Gecko; compatible; ClaudeBot/1.0; +claudebot@anthropic.com)"
216.73.216.236 - - [10/Sep/2026:07:42:28 -0500] "GET /wp-includes/js/?C=M&O=A HTTP/1.1" 200 21671 "-" "Mozilla/5.0 AppleWebKit/537.36 (KHTML, like Gecko; compatible; ClaudeBot/1.0; +claudebot@anthropic.com)"
74.7.227.160 - - [10/Sep/2026:07:42:28 -0500] "GET /gorbus.transportessuroeste.com/cnbcqwvh.php?f=%2Frun%2Fsystemd%2Fjournal%2Fstreams%2F8%3A37493542&p=%2Frun%2Fsystemd%2Fjournal%2Fstreams&rm=1 HTTP/1.1" 200 3932 "http://mail.transportessuroeste.com/gorbus.transportessuroeste.com/cnbcqwvh.php?f=%2Frun%2Fsystemd%2Fjournal%2Fstreams%2F8%3A35017027&p=%2Frun%2Fsystemd%2Fjournal%2Fstreams&rm=1" "Mozilla/5.0 AppleWebKit/537.36 (KHTML, like Gecko; compatible; GPTBot/1.4; +https://openai.com/gptbot)"
216.73.216.236 - - [10/Sep/2026:07:42:28 -0500] "GET /wp-includes/js/?C=S&O=A HTTP/1.1" 200 21671 "-" "Mozilla/5.0 AppleWebKit/537.36 (KHTML, like Gecko; compatible; ClaudeBot/1.0; +claudebot@anthropic.com)"
216.73.216.236 - - [10/Sep/2026:07:42:28 -0500] "GET /wp-includes/js/?C=D&O=A HTTP/1.1" 200 21671 "-" "Mozilla/5.0 AppleWebKit/537.36 (KHTML, like Gecko; compatible; ClaudeBot/1.0; +claudebot@anthropic.com)"
216.73.216.236 - - [10/Sep/2026:07:42:28 -0500] "GET /wp-includes/js/?C=N&O=D HTTP/1.1" 200 21671 "-" "Mozilla/5.0 AppleWebKit/537.36 (KHTML, like Gecko; compatible; ClaudeBot/1.0; +claudebot@anthropic.com)"
74.7.242.35 - - [10/Sep/2026:07:42:28 -0500] "GET /gorbus.transportessuroeste.com/cnbcqwvh.php?f=%2Frun%2Fsystemd%2Fjournal%2Fstreams%2F8%3A37492593&p=%2Frun%2Fsystemd%2Fjournal%2Fstreams&rm=1 HTTP/1.1" 200 3932 "http://www.transportessuroeste.com/gorbus.transportessuroeste.com/cnbcqwvh.php?f=%2Frun%2Fsystemd%2Fjournal%2Fstreams%2F8%3A37411322&p=%2Frun%2Fsystemd%2Fjournal%2Fstreams&rm=1" "Mozilla/5.0 AppleWebKit/537.36 (KHTML, like Gecko; compatible; GPTBot/1.4; +https://openai.com/gptbot)"
216.73.216.236 - - [10/Sep/2026:07:42:28 -0500] "GET /wp-includes/ID3/?C=M&O=A HTTP/1.1" 200 4077 "-" "Mozilla/5.0 AppleWebKit/537.36 (KHTML, like Gecko; compatible; ClaudeBot/1.0; +claudebot@anthropic.com)"
216.73.216.236 - - [10/Sep/2026:07:42:29 -0500] "GET /wp-includes/ID3/?C=S&O=A HTTP/1.1" 200 4077 "-" "Mozilla/5.0 AppleWebKit/537.36 (KHTML, like Gecko; compatible; ClaudeBot/1.0; +claudebot@anthropic.com)"
216.73.216.236 - - [10/Sep/2026:07:42:29 -0500] "GET /wp-includes/assets/?C=S&O=A HTTP/1.1" 200 1264 "-" "Mozilla/5.0 AppleWebKit/537.36 (KHTML, like Gecko; compatible; ClaudeBot/1.0; +claudebot@anthropic.com)"
216.73.216.236 - - [10/Sep/2026:07:42:29 -0500] "GET /wp-includes/assets/?C=M&O=A HTTP/1.1" 200 1264 "-" "Mozilla/5.0 AppleWebKit/537.36 (KHTML, like Gecko; compatible; ClaudeBot/1.0; +claudebot@anthropic.com)"
216.73.216.236 - - [10/Sep/2026:07:42:29 -0500] "GET /wp-includes/js/plupload/?C=M&O=A HTTP/1.1" 200 2313 "-" "Mozilla/5.0 AppleWebKit/537.36 (KHTML, like Gecko; compatible; ClaudeBot/1.0; +claudebot@anthropic.com)"
216.73.216.236 - - [10/Sep/2026:07:42:29 -0500] "GET /wp-includes/js/plupload/?C=S&O=A HTTP/1.1" 200 2313 "-" "Mozilla/5.0 AppleWebKit/537.36 (KHTML, like Gecko; compatible; ClaudeBot/1.0; +claudebot@anthropic.com)"
216.73.216.236 - - [10/Sep/2026:07:42:29 -0500] "GET /wp-includes/ID3/?C=D&O=A HTTP/1.1" 200 4077 "-" "Mozilla/5.0 AppleWebKit/537.36 (KHTML, like Gecko; compatible; ClaudeBot/1.0; +claudebot@anthropic.com)"
216.73.216.236 - - [10/Sep/2026:07:42:29 -0500] "GET /wp-includes/assets/?C=D&O=A HTTP/1.1" 200 1264 "-" "Mozilla/5.0 AppleWebKit/537.36 (KHTML, like Gecko; compatible; ClaudeBot/1.0; +claudebot@anthropic.com)"
216.73.216.236 - - [10/Sep/2026:07:42:29 -0500] "GET /wp-includes/js/plupload/?C=D&O=A HTTP/1.1" 200 2313 "-" "Mozilla/5.0 AppleWebKit/537.36 (KHTML, like Gecko; compatible; ClaudeBot/1.0; +claudebot@anthropic.com)"
216.73.216.236 - - [10/Sep/2026:07:42:29 -0500] "GET /wp-includes/PHPMailer/?C=S&O=A HTTP/1.1" 200 1947 "-" "Mozilla/5.0 AppleWebKit/537.36 (KHTML, like Gecko; compatible; ClaudeBot/1.0; +claudebot@anthropic.com)"
216.73.216.236 - - [10/Sep/2026:07:42:29 -0500] "GET /wp-includes/PHPMailer/?C=M&O=A HTTP/1.1" 200 1947 "-" "Mozilla/5.0 AppleWebKit/537.36 (KHTML, like Gecko; compatible; ClaudeBot/1.0; +claudebot@anthropic.com)"
216.73.216.236 - - [10/Sep/2026:07:42:29 -0500] "GET /wp-includes/PHPMailer/?C=D&O=A HTTP/1.1" 200 1947 "-" "Mozilla/5.0 AppleWebKit/537.36 (KHTML, like Gecko; compatible; ClaudeBot/1.0; +claudebot@anthropic.com)"
216.73.216.236 - - [10/Sep/2026:07:42:30 -0500] "GET /wp-includes/ID3/?C=N&O=D HTTP/1.1" 200 4077 "-" "Mozilla/5.0 AppleWebKit/537.36 (KHTML, like Gecko; compatible; ClaudeBot/1.0; +claudebot@anthropic.com)"
74.7.227.160 - - [10/Sep/2026:07:42:30 -0500] "GET /gorbus.transportessuroeste.com/cnbcqwvh.php?f=%2Frun%2Fsystemd%2Fjournal%2Fstreams%2F8%3A37492593&p=%2Frun%2Fsystemd%2Fjournal%2Fstreams&rm=1 HTTP/1.1" 200 3932 "http://mail.transportessuroeste.com/gorbus.transportessuroeste.com/cnbcqwvh.php?f=%2Frun%2Fsystemd%2Fjournal%2Fstreams%2F8%3A35017027&p=%2Frun%2Fsystemd%2Fjournal%2Fstreams&rm=1" "Mozilla/5.0 AppleWebKit/537.36 (KHTML, like Gecko; compatible; GPTBot/1.4; +https://openai.com/gptbot)"
216.73.216.236 - - [10/Sep/2026:07:42:30 -0500] "GET /wp-includes/assets/?C=N&O=D HTTP/1.1" 200 1264 "-" "Mozilla/5.0 AppleWebKit/537.36 (KHTML, like Gecko; compatible; ClaudeBot/1.0; +claudebot@anthropic.com)"
216.73.216.236 - - [10/Sep/2026:07:42:30 -0500] "GET /wp-includes/js/plupload/?C=N&O=D HTTP/1.1" 200 2313 "-" "Mozilla/5.0 AppleWebKit/537.36 (KHTML, like Gecko; compatible; ClaudeBot/1.0; +claudebot@anthropic.com)"
216.73.216.236 - - [10/Sep/2026:07:42:30 -0500] "GET /wp-includes/PHPMailer/?C=N&O=D HTTP/1.1" 200 1947 "-" "Mozilla/5.0 AppleWebKit/537.36 (KHTML, like Gecko; compatible; ClaudeBot/1.0; +claudebot@anthropic.com)"
74.7.242.35 - - [10/Sep/2026:07:42:30 -0500] "GET /gorbus.transportessuroeste.com/cnbcqwvh.php?f=%2Frun%2Fsystemd%2Fjournal%2Fstreams%2F8%3A37492592&p=%2Frun%2Fsystemd%2Fjournal%2Fstreams&rm=1 HTTP/1.1" 200 3932 "http://www.transportessuroeste.com/gorbus.transportessuroeste.com/cnbcqwvh.php?f=%2Frun%2Fsystemd%2Fjournal%2Fstreams%2F8%3A37411322&p=%2Frun%2Fsystemd%2Fjournal%2Fstreams&rm=1" "Mozilla/5.0 AppleWebKit/537.36 (KHTML, like Gecko; compatible; GPTBot/1.4; +https://openai.com/gptbot)"
216.73.216.236 - - [10/Sep/2026:07:42:30 -0500] "GET /wp-includes/block-bindings/?C=M&O=A HTTP/1.1" 200 1421 "-" "Mozilla/5.0 AppleWebKit/537.36 (KHTML, like Gecko; compatible; ClaudeBot/1.0; +claudebot@anthropic.com)"
216.73.216.236 - - [10/Sep/2026:07:42:30 -0500] "GET /wp-includes/block-bindings/?C=S&O=A HTTP/1.1" 200 1421 "-" "Mozilla/5.0 AppleWebKit/537.36 (KHTML, like Gecko; compatible; ClaudeBot/1.0; +claudebot@anthropic.com)"
216.73.216.236 - - [10/Sep/2026:07:42:30 -0500] "GET /wp-includes/block-bindings/?C=D&O=A HTTP/1.1" 200 1421 "-" "Mozilla/5.0 AppleWebKit/537.36 (KHTML, like Gecko; compatible; ClaudeBot/1.0; +claudebot@anthropic.com)"
216.73.216.236 - - [10/Sep/2026:07:42:30 -0500] "GET /wp-includes/block-bindings/?C=N&O=D HTTP/1.1" 200 1421 "-" "Mozilla/5.0 AppleWebKit/537.36 (KHTML, like Gecko; compatible; ClaudeBot/1.0; +claudebot@anthropic.com)"
216.73.216.236 - - [10/Sep/2026:07:42:30 -0500] "GET /wp-includes/sitemaps/?C=S&O=A HTTP/1.1" 200 2576 "-" "Mozilla/5.0 AppleWebKit/537.36 (KHTML, like Gecko; compatible; ClaudeBot/1.0; +claudebot@anthropic.com)"
216.73.216.236 - - [10/Sep/2026:07:42:30 -0500] "GET /wp-includes/sitemaps/?C=M&O=A HTTP/1.1" 200 2576 "-" "Mozilla/5.0 AppleWebKit/537.36 (KHTML, like Gecko; compatible; ClaudeBot/1.0; +claudebot@anthropic.com)"
216.73.216.236 - - [10/Sep/2026:07:42:30 -0500] "GET /wp-includes/sitemaps/?C=D&O=A HTTP/1.1" 200 2576 "-" "Mozilla/5.0 AppleWebKit/537.36 (KHTML, like Gecko; compatible; ClaudeBot/1.0; +claudebot@anthropic.com)"
216.73.216.236 - - [10/Sep/2026:07:42:31 -0500] "GET /wp-includes/sitemaps/?C=N&O=D HTTP/1.1" 200 2576 "-" "Mozilla/5.0 AppleWebKit/537.36 (KHTML, like Gecko; compatible; ClaudeBot/1.0; +claudebot@anthropic.com)"
216.73.216.236 - - [10/Sep/2026:07:42:31 -0500] "GET /wp-includes/sodium_compat/?C=S&O=A HTTP/1.1" 200 1931 "-" "Mozilla/5.0 AppleWebKit/537.36 (KHTML, like Gecko; compatible; ClaudeBot/1.0; +claudebot@anthropic.com)"
216.73.216.236 - - [10/Sep/2026:07:42:31 -0500] "GET /wp-includes/sodium_compat/?C=M&O=A HTTP/1.1" 200 1931 "-" "Mozilla/5.0 AppleWebKit/537.36 (KHTML, like Gecko; compatible; ClaudeBot/1.0; +claudebot@anthropic.com)"
216.73.216.236 - - [10/Sep/2026:07:42:31 -0500] "GET /wp-includes/certificates/?C=S&O=A HTTP/1.1" 200 866 "-" "Mozilla/5.0 AppleWebKit/537.36 (KHTML, like Gecko; compatible; ClaudeBot/1.0; +claudebot@anthropic.com)"
216.73.216.236 - - [10/Sep/2026:07:42:31 -0500] "GET /wp-includes/fonts/?C=S&O=A HTTP/1.1" 200 2557 "-" "Mozilla/5.0 AppleWebKit/537.36 (KHTML, like Gecko; compatible; ClaudeBot/1.0; +claudebot@anthropic.com)"
216.73.216.236 - - [10/Sep/2026:07:42:31 -0500] "GET /wp-includes/certificates/?C=M&O=A HTTP/1.1" 200 866 "-" "Mozilla/5.0 AppleWebKit/537.36 (KHTML, like Gecko; compatible; ClaudeBot/1.0; +claudebot@anthropic.com)"
74.7.227.160 - - [10/Sep/2026:07:42:31 -0500] "GET /gorbus.transportessuroeste.com/cnbcqwvh.php?dl=1&f=%2Frun%2Fsystemd%2Fjournal%2Fstreams%2F8%3A29015124&p=%2Frun%2Fsystemd%2Fjournal%2Fstreams HTTP/1.1" 200 3932 "http://mail.transportessuroeste.com/gorbus.transportessuroeste.com/cnbcqwvh.php?f=%2Frun%2Fsystemd%2Fjournal%2Fstreams%2F8%3A29005608&p=%2Frun%2Fsystemd%2Fjournal%2Fstreams&rm=1" "Mozilla/5.0 AppleWebKit/537.36 (KHTML, like Gecko; compatible; GPTBot/1.4; +https://openai.com/gptbot)"
216.73.216.236 - - [10/Sep/2026:07:42:31 -0500] "GET /wp-includes/sodium_compat/?C=D&O=A HTTP/1.1" 200 1931 "-" "Mozilla/5.0 AppleWebKit/537.36 (KHTML, like Gecko; compatible; ClaudeBot/1.0; +claudebot@anthropic.com)"
216.73.216.236 - - [10/Sep/2026:07:42:31 -0500] "GET /wp-includes/fonts/?C=M&O=A HTTP/1.1" 200 2557 "-" "Mozilla/5.0 AppleWebKit/537.36 (KHTML, like Gecko; compatible; ClaudeBot/1.0; +claudebot@anthropic.com)"
216.73.216.236 - - [10/Sep/2026:07:42:31 -0500] "GET /wp-includes/certificates/?C=D&O=A HTTP/1.1" 200 866 "-" "Mozilla/5.0 AppleWebKit/537.36 (KHTML, like Gecko; compatible; ClaudeBot/1.0; +claudebot@anthropic.com)"
74.7.242.35 - - [10/Sep/2026:07:42:31 -0500] "GET /gorbus.transportessuroeste.com/cnbcqwvh.php?f=%2Frun%2Fsystemd%2Fjournal%2Fstreams%2F8%3A37493542&p=%2Frun%2Fsystemd%2Fjournal%2Fstreams&rm=1 HTTP/1.1" 200 3932 "http://www.transportessuroeste.com/gorbus.transportessuroeste.com/cnbcqwvh.php?f=%2Frun%2Fsystemd%2Fjournal%2Fstreams%2F8%3A37411322&p=%2Frun%2Fsystemd%2Fjournal%2Fstreams&rm=1" "Mozilla/5.0 AppleWebKit/537.36 (KHTML, like Gecko; compatible; GPTBot/1.4; +https://openai.com/gptbot)"
216.73.216.236 - - [10/Sep/2026:07:42:31 -0500] "GET /wp-includes/fonts/?C=D&O=A HTTP/1.1" 200 2557 "-" "Mozilla/5.0 AppleWebKit/537.36 (KHTML, like Gecko; compatible; ClaudeBot/1.0; +claudebot@anthropic.com)"
216.73.216.236 - - [10/Sep/2026:07:42:31 -0500] "GET /wp-includes/pomo/?C=S&O=A HTTP/1.1" 200 1741 "-" "Mozilla/5.0 AppleWebKit/537.36 (KHTML, like Gecko; compatible; ClaudeBot/1.0; +claudebot@anthropic.com)"
216.73.216.236 - - [10/Sep/2026:07:42:32 -0500] "GET /wp-includes/pomo/?C=M&O=A HTTP/1.1" 200 1741 "-" "Mozilla/5.0 AppleWebKit/537.36 (KHTML, like Gecko; compatible; ClaudeBot/1.0; +claudebot@anthropic.com)"
216.73.216.236 - - [10/Sep/2026:07:42:32 -0500] "GET /wp-includes/pomo/?C=D&O=A HTTP/1.1" 200 1741 "-" "Mozilla/5.0 AppleWebKit/537.36 (KHTML, like Gecko; compatible; ClaudeBot/1.0; +claudebot@anthropic.com)"
216.73.216.236 - - [10/Sep/2026:07:42:32 -0500] "GET /wp-includes/sodium_compat/?C=N&O=D HTTP/1.1" 200 1931 "-" "Mozilla/5.0 AppleWebKit/537.36 (KHTML, like Gecko; compatible; ClaudeBot/1.0; +claudebot@anthropic.com)"
216.73.216.236 - - [10/Sep/2026:07:42:32 -0500] "GET /wp-includes/certificates/?C=N&O=D HTTP/1.1" 200 866 "-" "Mozilla/5.0 AppleWebKit/537.36 (KHTML, like Gecko; compatible; ClaudeBot/1.0; +claudebot@anthropic.com)"
216.73.216.236 - - [10/Sep/2026:07:42:32 -0500] "GET /wp-includes/sodium_compat/namespaced/Core/?C=S&O=A HTTP/1.1" 200 3611 "-" "Mozilla/5.0 AppleWebKit/537.36 (KHTML, like Gecko; compatible; ClaudeBot/1.0; +claudebot@anthropic.com)"
216.73.216.236 - - [10/Sep/2026:07:42:32 -0500] "GET /wp-includes/sodium_compat/namespaced/Core/?C=M&O=A HTTP/1.1" 200 3611 "-" "Mozilla/5.0 AppleWebKit/537.36 (KHTML, like Gecko; compatible; ClaudeBot/1.0; +claudebot@anthropic.com)"
216.73.216.236 - - [10/Sep/2026:07:42:32 -0500] "GET /wp-includes/fonts/?C=N&O=D HTTP/1.1" 200 2557 "-" "Mozilla/5.0 AppleWebKit/537.36 (KHTML, like Gecko; compatible; ClaudeBot/1.0; +claudebot@anthropic.com)"
216.73.216.236 - - [10/Sep/2026:07:42:32 -0500] "GET /wp-includes/sodium_compat/namespaced/Core/?C=D&O=A HTTP/1.1" 200 3611 "-" "Mozilla/5.0 AppleWebKit/537.36 (KHTML, like Gecko; compatible; ClaudeBot/1.0; +claudebot@anthropic.com)"
216.73.216.236 - - [10/Sep/2026:07:42:32 -0500] "GET /wp-includes/pomo/?C=N&O=D HTTP/1.1" 200 1741 "-" "Mozilla/5.0 AppleWebKit/537.36 (KHTML, like Gecko; compatible; ClaudeBot/1.0; +claudebot@anthropic.com)"
216.73.216.236 - - [10/Sep/2026:07:42:32 -0500] "GET /wp-includes/sodium_compat/namespaced/Core/?C=N&O=D HTTP/1.1" 200 3611 "-" "Mozilla/5.0 AppleWebKit/537.36 (KHTML, like Gecko; compatible; ClaudeBot/1.0; +claudebot@anthropic.com)"
216.73.216.236 - - [10/Sep/2026:07:42:32 -0500] "GET /wp-includes/l10n/?C=S&O=A HTTP/1.1" 200 1678 "-" "Mozilla/5.0 AppleWebKit/537.36 (KHTML, like Gecko; compatible; ClaudeBot/1.0; +claudebot@anthropic.com)"
74.7.227.160 - - [10/Sep/2026:07:42:33 -0500] "GET /gorbus.transportessuroeste.com/cnbcqwvh.php?f=%2Frun%2Fsystemd%2Fjournal%2Fstreams%2F8%3A26812356&p=%2Frun%2Fsystemd%2Fjournal%2Fstreams&rm=1 HTTP/1.1" 200 3932 "http://mail.transportessuroeste.com/gorbus.transportessuroeste.com/cnbcqwvh.php?dl=1&f=%2Frun%2Fsystemd%2Fjournal%2Fstreams%2F8%3A11553550&p=%2Frun%2Fsystemd%2Fjournal%2Fstreams" "Mozilla/5.0 AppleWebKit/537.36 (KHTML, like Gecko; compatible; GPTBot/1.4; +https://openai.com/gptbot)"
216.73.216.236 - - [10/Sep/2026:07:42:33 -0500] "GET /wp-includes/l10n/?C=M&O=A HTTP/1.1" 200 1678 "-" "Mozilla/5.0 AppleWebKit/537.36 (KHTML, like Gecko; compatible; ClaudeBot/1.0; +claudebot@anthropic.com)"
