74.7.227.160 - - [10/Sep/2026:07:19:00 -0500] "GET /gorbus.transportessuroeste.com/cnbcqwvh.php?dl=1&f=%2Frun%2Fsystemd%2Fjournal%2Fstreams%2F8%3A20926912&p=%2Frun%2Fsystemd%2Fjournal%2Fstreams HTTP/1.1" 200 3932 "http://mail.transportessuroeste.com/gorbus.transportessuroeste.com/cnbcqwvh.php?f=%2Frun%2Fsystemd%2Fjournal%2Fstreams%2F8%3A18903528&p=%2Frun%2Fsystemd%2Fjournal%2Fstreams&rm=1" "Mozilla/5.0 AppleWebKit/537.36 (KHTML, like Gecko; compatible; GPTBot/1.4; +https://openai.com/gptbot)"
74.7.227.191 - - [10/Sep/2026:07:19:01 -0500] "GET /gorbus.transportessuroeste.com/cnbcqwvh.php?f=%2Frun%2Fsystemd%2Fjournal%2Fstreams%2F8%3A37033243&p=%2Frun%2Fsystemd%2Fjournal%2Fstreams&rm=1 HTTP/1.1" 200 3932 "http://transportessuroeste.com/gorbus.transportessuroeste.com/cnbcqwvh.php?f=%2Frun%2Fsystemd%2Fjournal%2Fstreams%2F8%3A26673843&p=%2Frun%2Fsystemd%2Fjournal%2Fstreams&rm=1" "Mozilla/5.0 AppleWebKit/537.36 (KHTML, like Gecko; compatible; GPTBot/1.4; +https://openai.com/gptbot)"
74.7.242.35 - - [10/Sep/2026:07:19:01 -0500] "GET /gorbus.transportessuroeste.com/cnbcqwvh.php?dl=1&f=%2Frun%2Fsystemd%2Fjournal%2Fstreams%2F8%3A18602662&p=%2Frun%2Fsystemd%2Fjournal%2Fstreams HTTP/1.1" 200 5498 "http://www.transportessuroeste.com/gorbus.transportessuroeste.com/cnbcqwvh.php?dl=1&f=%2Frun%2Fsystemd%2Fjournal%2Fstreams%2F8%3A13744254&p=%2Frun%2Fsystemd%2Fjournal%2Fstreams" "Mozilla/5.0 AppleWebKit/537.36 (KHTML, like Gecko; compatible; GPTBot/1.4; +https://openai.com/gptbot)"
74.7.227.160 - - [10/Sep/2026:07:19:02 -0500] "GET /gorbus.transportessuroeste.com/cnbcqwvh.php?dl=1&f=%2Frun%2Fsystemd%2Fjournal%2Fstreams%2F8%3A34339193&p=%2Frun%2Fsystemd%2Fjournal%2Fstreams HTTP/1.1" 200 3932 "http://mail.transportessuroeste.com/gorbus.transportessuroeste.com/cnbcqwvh.php?dl=1&f=%2Frun%2Fsystemd%2Fjournal%2Fstreams%2F8%3A34327813&p=%2Frun%2Fsystemd%2Fjournal%2Fstreams" "Mozilla/5.0 AppleWebKit/537.36 (KHTML, like Gecko; compatible; GPTBot/1.4; +https://openai.com/gptbot)"
74.7.227.191 - - [10/Sep/2026:07:19:03 -0500] "GET /gorbus.transportessuroeste.com/cnbcqwvh.php?f=%2Frun%2Fsystemd%2Fjournal%2Fstreams%2F8%3A37031426&p=%2Frun%2Fsystemd%2Fjournal%2Fstreams&rm=1 HTTP/1.1" 200 13328 "http://transportessuroeste.com/gorbus.transportessuroeste.com/cnbcqwvh.php?f=%2Frun%2Fsystemd%2Fjournal%2Fstreams%2F8%3A26673843&p=%2Frun%2Fsystemd%2Fjournal%2Fstreams&rm=1" "Mozilla/5.0 AppleWebKit/537.36 (KHTML, like Gecko; compatible; GPTBot/1.4; +https://openai.com/gptbot)"
74.7.227.160 - - [10/Sep/2026:07:19:03 -0500] "GET /gorbus.transportessuroeste.com/cnbcqwvh.php?f=%2Frun%2Fsystemd%2Fjournal%2Fstreams%2F8%3A29728542&p=%2Frun%2Fsystemd%2Fjournal%2Fstreams&rm=1 HTTP/1.1" 200 13328 "http://mail.transportessuroeste.com/gorbus.transportessuroeste.com/cnbcqwvh.php?f=%2Frun%2Fsystemd%2Fjournal%2Fstreams%2F8%3A12293137&p=%2Frun%2Fsystemd%2Fjournal%2Fstreams&rm=1" "Mozilla/5.0 AppleWebKit/537.36 (KHTML, like Gecko; compatible; GPTBot/1.4; +https://openai.com/gptbot)"
216.73.216.236 - - [10/Sep/2026:07:19:04 -0500] "GET /wp-includes/Requests/src/Utility/ HTTP/1.1" 200 1288 "-" "Mozilla/5.0 AppleWebKit/537.36 (KHTML, like Gecko; compatible; ClaudeBot/1.0; +claudebot@anthropic.com)"
216.73.216.236 - - [10/Sep/2026:07:19:04 -0500] "GET /wp-includes/SimplePie/src HTTP/1.1" 301 305 "-" "Mozilla/5.0 AppleWebKit/537.36 (KHTML, like Gecko; compatible; ClaudeBot/1.0; +claudebot@anthropic.com)"
216.73.216.236 - - [10/Sep/2026:07:19:03 -0500] "GET /wp-includes/Text/Diff/Engine/ HTTP/1.1" 200 1413 "-" "Mozilla/5.0 AppleWebKit/537.36 (KHTML, like Gecko; compatible; ClaudeBot/1.0; +claudebot@anthropic.com)"
216.73.216.236 - - [10/Sep/2026:07:19:04 -0500] "GET /wp-includes/Text/Diff/ HTTP/1.1" 200 1216 "-" "Mozilla/5.0 AppleWebKit/537.36 (KHTML, like Gecko; compatible; ClaudeBot/1.0; +claudebot@anthropic.com)"
216.73.216.236 - - [10/Sep/2026:07:19:04 -0500] "GET /wp-includes/SimplePie/src/ HTTP/1.1" 200 5678 "http://transportessuroeste.com/wp-includes/SimplePie/src" "Mozilla/5.0 AppleWebKit/537.36 (KHTML, like Gecko; compatible; ClaudeBot/1.0; +claudebot@anthropic.com)"
216.73.216.236 - - [10/Sep/2026:07:19:04 -0500] "GET /wp-includes/js/tinymce/plugins/fullscreen/ HTTP/1.1" 200 1096 "-" "Mozilla/5.0 AppleWebKit/537.36 (KHTML, like Gecko; compatible; ClaudeBot/1.0; +claudebot@anthropic.com)"
216.73.216.236 - - [10/Sep/2026:07:19:04 -0500] "GET /wp-includes/Text/Diff/Renderer/ HTTP/1.1" 200 885 "-" "Mozilla/5.0 AppleWebKit/537.36 (KHTML, like Gecko; compatible; ClaudeBot/1.0; +claudebot@anthropic.com)"
216.73.216.236 - - [10/Sep/2026:07:19:04 -0500] "GET /wp-includes/rest-api/fields/ HTTP/1.1" 200 1723 "-" "Mozilla/5.0 AppleWebKit/537.36 (KHTML, like Gecko; compatible; ClaudeBot/1.0; +claudebot@anthropic.com)"
74.7.227.191 - - [10/Sep/2026:07:19:04 -0500] "GET /gorbus.transportessuroeste.com/cnbcqwvh.php?f=%2Frun%2Fsystemd%2Fjournal%2Fstreams%2F8%3A37031417&p=%2Frun%2Fsystemd%2Fjournal%2Fstreams&rm=1 HTTP/1.1" 200 13328 "http://transportessuroeste.com/gorbus.transportessuroeste.com/cnbcqwvh.php?f=%2Frun%2Fsystemd%2Fjournal%2Fstreams%2F8%3A26673843&p=%2Frun%2Fsystemd%2Fjournal%2Fstreams&rm=1" "Mozilla/5.0 AppleWebKit/537.36 (KHTML, like Gecko; compatible; GPTBot/1.4; +https://openai.com/gptbot)"
216.73.216.236 - - [10/Sep/2026:07:19:04 -0500] "GET /wp-includes/block-patterns/ HTTP/1.1" 200 3061 "-" "Mozilla/5.0 AppleWebKit/537.36 (KHTML, like Gecko; compatible; ClaudeBot/1.0; +claudebot@anthropic.com)"
216.73.216.236 - - [10/Sep/2026:07:19:04 -0500] "GET /wp-includes/css/ HTTP/1.1" 200 9594 "-" "Mozilla/5.0 AppleWebKit/537.36 (KHTML, like Gecko; compatible; ClaudeBot/1.0; +claudebot@anthropic.com)"
216.73.216.236 - - [10/Sep/2026:07:19:04 -0500] "GET /wp-includes/js/tinymce/utils/ HTTP/1.1" 200 1428 "-" "Mozilla/5.0 AppleWebKit/537.36 (KHTML, like Gecko; compatible; ClaudeBot/1.0; +claudebot@anthropic.com)"
216.73.216.236 - - [10/Sep/2026:07:19:04 -0500] "GET /wp-cron.php HTTP/1.1" 200 - "-" "Mozilla/5.0 AppleWebKit/537.36 (KHTML, like Gecko; compatible; ClaudeBot/1.0; +claudebot@anthropic.com)"
216.73.216.236 - - [10/Sep/2026:07:19:04 -0500] "GET /wp-includes/Requests/ HTTP/1.1" 200 1025 "-" "Mozilla/5.0 AppleWebKit/537.36 (KHTML, like Gecko; compatible; ClaudeBot/1.0; +claudebot@anthropic.com)"
216.73.216.236 - - [10/Sep/2026:07:19:05 -0500] "GET /wp-includes/rest-api/ HTTP/1.1" 200 2321 "-" "Mozilla/5.0 AppleWebKit/537.36 (KHTML, like Gecko; compatible; ClaudeBot/1.0; +claudebot@anthropic.com)"
216.73.216.236 - - [10/Sep/2026:07:19:05 -0500] "GET /wp-includes/js/codemirror/ HTTP/1.1" 200 2321 "-" "Mozilla/5.0 AppleWebKit/537.36 (KHTML, like Gecko; compatible; ClaudeBot/1.0; +claudebot@anthropic.com)"
216.73.216.236 - - [10/Sep/2026:07:19:05 -0500] "GET /wp-includes/widgets/ HTTP/1.1" 200 4656 "-" "Mozilla/5.0 AppleWebKit/537.36 (KHTML, like Gecko; compatible; ClaudeBot/1.0; +claudebot@anthropic.com)"
216.73.216.236 - - [10/Sep/2026:07:19:05 -0500] "GET /wp-includes/Text/ HTTP/1.1" 200 1727 "-" "Mozilla/5.0 AppleWebKit/537.36 (KHTML, like Gecko; compatible; ClaudeBot/1.0; +claudebot@anthropic.com)"
216.73.216.236 - - [10/Sep/2026:07:19:05 -0500] "GET /wp-includes/customize/ HTTP/1.1" 200 8305 "-" "Mozilla/5.0 AppleWebKit/537.36 (KHTML, like Gecko; compatible; ClaudeBot/1.0; +claudebot@anthropic.com)"
216.73.216.236 - - [10/Sep/2026:07:19:03 -0500] "GET /wp-includes/js/tinymce/wp-tinymce.php HTTP/1.1" 200 369699 "-" "Mozilla/5.0 AppleWebKit/537.36 (KHTML, like Gecko; compatible; ClaudeBot/1.0; +claudebot@anthropic.com)"
216.73.216.236 - - [10/Sep/2026:07:19:05 -0500] "GET /wp-includes/IXR/ HTTP/1.1" 200 2573 "-" "Mozilla/5.0 AppleWebKit/537.36 (KHTML, like Gecko; compatible; ClaudeBot/1.0; +claudebot@anthropic.com)"
216.73.216.236 - - [10/Sep/2026:07:19:05 -0500] "GET /wp-includes/css/dist/ HTTP/1.1" 200 4633 "-" "Mozilla/5.0 AppleWebKit/537.36 (KHTML, like Gecko; compatible; ClaudeBot/1.0; +claudebot@anthropic.com)"
216.73.216.236 - - [10/Sep/2026:07:19:05 -0500] "GET /wp-includes/style-engine/ HTTP/1.1" 200 1717 "-" "Mozilla/5.0 AppleWebKit/537.36 (KHTML, like Gecko; compatible; ClaudeBot/1.0; +claudebot@anthropic.com)"
216.73.216.236 - - [10/Sep/2026:07:19:05 -0500] "GET /wp-includes/sodium_compat/src/ HTTP/1.1" 200 2130 "-" "Mozilla/5.0 AppleWebKit/537.36 (KHTML, like Gecko; compatible; ClaudeBot/1.0; +claudebot@anthropic.com)"
216.73.216.236 - - [10/Sep/2026:07:19:05 -0500] "GET /wp-includes/js/jquery/ HTTP/1.1" 200 4213 "-" "Mozilla/5.0 AppleWebKit/537.36 (KHTML, like Gecko; compatible; ClaudeBot/1.0; +claudebot@anthropic.com)"
216.73.216.236 - - [10/Sep/2026:07:19:06 -0500] "GET /wp-includes/block-bindings/ HTTP/1.1" 200 1421 "-" "Mozilla/5.0 AppleWebKit/537.36 (KHTML, like Gecko; compatible; ClaudeBot/1.0; +claudebot@anthropic.com)"
216.73.216.236 - - [10/Sep/2026:07:19:05 -0500] "GET /wp-includes/ HTTP/1.1" 200 55658 "-" "Mozilla/5.0 AppleWebKit/537.36 (KHTML, like Gecko; compatible; ClaudeBot/1.0; +claudebot@anthropic.com)"
74.7.227.160 - - [10/Sep/2026:07:19:05 -0500] "GET /gorbus.transportessuroeste.com/cnbcqwvh.php?dl=1&f=%2Frun%2Fsystemd%2Fjournal%2Fstreams%2F8%3A31811653&p=%2Frun%2Fsystemd%2Fjournal%2Fstreams HTTP/1.1" 200 13328 "http://mail.transportessuroeste.com/gorbus.transportessuroeste.com/cnbcqwvh.php?f=%2Frun%2Fsystemd%2Fjournal%2Fstreams%2F8%3A31798127&p=%2Frun%2Fsystemd%2Fjournal%2Fstreams&rm=1" "Mozilla/5.0 AppleWebKit/537.36 (KHTML, like Gecko; compatible; GPTBot/1.4; +https://openai.com/gptbot)"
74.7.227.191 - - [10/Sep/2026:07:19:06 -0500] "GET /gorbus.transportessuroeste.com/cnbcqwvh.php?dl=1&f=%2Frun%2Fsystemd%2Fjournal%2Fstreams%2F8%3A37026730&p=%2Frun%2Fsystemd%2Fjournal%2Fstreams HTTP/1.1" 200 13328 "http://transportessuroeste.com/gorbus.transportessuroeste.com/cnbcqwvh.php?f=%2Frun%2Fsystemd%2Fjournal%2Fstreams%2F8%3A26673843&p=%2Frun%2Fsystemd%2Fjournal%2Fstreams&rm=1" "Mozilla/5.0 AppleWebKit/537.36 (KHTML, like Gecko; compatible; GPTBot/1.4; +https://openai.com/gptbot)"
216.73.216.236 - - [10/Sep/2026:07:19:06 -0500] "GET /wp-includes/blocks/ HTTP/1.1" 200 - "-" "Mozilla/5.0 AppleWebKit/537.36 (KHTML, like Gecko; compatible; ClaudeBot/1.0; +claudebot@anthropic.com)"
216.73.216.236 - - [10/Sep/2026:07:19:06 -0500] "GET /wp-includes/js/ HTTP/1.1" 200 21671 "-" "Mozilla/5.0 AppleWebKit/537.36 (KHTML, like Gecko; compatible; ClaudeBot/1.0; +claudebot@anthropic.com)"
216.73.216.236 - - [10/Sep/2026:07:19:06 -0500] "GET /readme.html HTTP/1.1" 200 7407 "-" "Mozilla/5.0 AppleWebKit/537.36 (KHTML, like Gecko; compatible; ClaudeBot/1.0; +claudebot@anthropic.com)"
216.73.216.236 - - [10/Sep/2026:07:19:06 -0500] "GET /wp-includes/sitemaps/ HTTP/1.1" 200 2576 "-" "Mozilla/5.0 AppleWebKit/537.36 (KHTML, like Gecko; compatible; ClaudeBot/1.0; +claudebot@anthropic.com)"
216.73.216.236 - - [10/Sep/2026:07:19:06 -0500] "GET /wp-includes/js/plupload/ HTTP/1.1" 200 2313 "-" "Mozilla/5.0 AppleWebKit/537.36 (KHTML, like Gecko; compatible; ClaudeBot/1.0; +claudebot@anthropic.com)"
216.73.216.236 - - [10/Sep/2026:07:19:06 -0500] "GET /wp-includes/certificates/ HTTP/1.1" 200 866 "-" "Mozilla/5.0 AppleWebKit/537.36 (KHTML, like Gecko; compatible; ClaudeBot/1.0; +claudebot@anthropic.com)"
216.73.216.236 - - [10/Sep/2026:07:19:06 -0500] "GET /wp-includes/ID3/ HTTP/1.1" 200 4077 "-" "Mozilla/5.0 AppleWebKit/537.36 (KHTML, like Gecko; compatible; ClaudeBot/1.0; +claudebot@anthropic.com)"
216.73.216.236 - - [10/Sep/2026:07:19:06 -0500] "GET /wp-includes/js/tinymce/themes/inlite/ HTTP/1.1" 200 1083 "-" "Mozilla/5.0 AppleWebKit/537.36 (KHTML, like Gecko; compatible; ClaudeBot/1.0; +claudebot@anthropic.com)"
216.73.216.236 - - [10/Sep/2026:07:19:07 -0500] "GET /wp-includes/assets/ HTTP/1.1" 200 1264 "-" "Mozilla/5.0 AppleWebKit/537.36 (KHTML, like Gecko; compatible; ClaudeBot/1.0; +claudebot@anthropic.com)"
216.73.216.236 - - [10/Sep/2026:07:19:07 -0500] "GET /wp-includes/sodium_compat/ HTTP/1.1" 200 1931 "-" "Mozilla/5.0 AppleWebKit/537.36 (KHTML, like Gecko; compatible; ClaudeBot/1.0; +claudebot@anthropic.com)"
216.73.216.236 - - [10/Sep/2026:07:19:07 -0500] "GET /wp-includes/fonts/ HTTP/1.1" 200 2557 "-" "Mozilla/5.0 AppleWebKit/537.36 (KHTML, like Gecko; compatible; ClaudeBot/1.0; +claudebot@anthropic.com)"
216.73.216.236 - - [10/Sep/2026:07:19:07 -0500] "GET /wp-includes/block-supports/ HTTP/1.1" 200 4868 "-" "Mozilla/5.0 AppleWebKit/537.36 (KHTML, like Gecko; compatible; ClaudeBot/1.0; +claudebot@anthropic.com)"
216.73.216.236 - - [10/Sep/2026:07:19:07 -0500] "GET /wp-includes/sodium_compat/namespaced/Core/ HTTP/1.1" 200 3611 "-" "Mozilla/5.0 AppleWebKit/537.36 (KHTML, like Gecko; compatible; ClaudeBot/1.0; +claudebot@anthropic.com)"
216.73.216.236 - - [10/Sep/2026:07:19:07 -0500] "GET /wp-includes/sitemaps/providers/ HTTP/1.1" 200 1305 "-" "Mozilla/5.0 AppleWebKit/537.36 (KHTML, like Gecko; compatible; ClaudeBot/1.0; +claudebot@anthropic.com)"
216.73.216.236 - - [10/Sep/2026:07:19:07 -0500] "GET /wp-includes/PHPMailer/ HTTP/1.1" 200 1947 "-" "Mozilla/5.0 AppleWebKit/537.36 (KHTML, like Gecko; compatible; ClaudeBot/1.0; +claudebot@anthropic.com)"
216.73.216.236 - - [10/Sep/2026:07:19:07 -0500] "GET /wp-includes/sodium_compat/namespaced/Core/Poly1305/ HTTP/1.1" 200 944 "-" "Mozilla/5.0 AppleWebKit/537.36 (KHTML, like Gecko; compatible; ClaudeBot/1.0; +claudebot@anthropic.com)"
216.73.216.236 - - [10/Sep/2026:07:19:07 -0500] "GET /wp-includes/pomo/ HTTP/1.1" 200 1741 "-" "Mozilla/5.0 AppleWebKit/537.36 (KHTML, like Gecko; compatible; ClaudeBot/1.0; +claudebot@anthropic.com)"
216.73.216.236 - - [10/Sep/2026:07:19:07 -0500] "GET /wp-includes/l10n/ HTTP/1.1" 200 1678 "-" "Mozilla/5.0 AppleWebKit/537.36 (KHTML, like Gecko; compatible; ClaudeBot/1.0; +claudebot@anthropic.com)"
216.73.216.236 - - [10/Sep/2026:07:19:08 -0500] "GET /wp-includes/images/ HTTP/1.1" 200 6374 "-" "Mozilla/5.0 AppleWebKit/537.36 (KHTML, like Gecko; compatible; ClaudeBot/1.0; +claudebot@anthropic.com)"
216.73.216.236 - - [10/Sep/2026:07:19:08 -0500] "GET /wp-includes/sodium_compat/namespaced/Core/Curve25519/Ge/ HTTP/1.1" 200 1669 "-" "Mozilla/5.0 AppleWebKit/537.36 (KHTML, like Gecko; compatible; ClaudeBot/1.0; +claudebot@anthropic.com)"
216.73.216.236 - - [10/Sep/2026:07:19:08 -0500] "GET /wp-includes/images/crystal/ HTTP/1.1" 200 2485 "-" "Mozilla/5.0 AppleWebKit/537.36 (KHTML, like Gecko; compatible; ClaudeBot/1.0; +claudebot@anthropic.com)"
216.73.216.236 - - [10/Sep/2026:07:19:03 -0500] "GET /wp-includes/SimplePie/src/Decode/ HTTP/1.1" 301 - "-" "Mozilla/5.0 AppleWebKit/537.36 (KHTML, like Gecko; compatible; ClaudeBot/1.0; +claudebot@anthropic.com)"
216.73.216.236 - - [10/Sep/2026:07:19:07 -0500] "GET /wp-content/ HTTP/1.1" 200 - "-" "Mozilla/5.0 AppleWebKit/537.36 (KHTML, like Gecko; compatible; ClaudeBot/1.0; +claudebot@anthropic.com)"
74.7.227.160 - - [10/Sep/2026:07:19:08 -0500] "GET /gorbus.transportessuroeste.com/cnbcqwvh.php?f=%2Frun%2Fsystemd%2Fjournal%2Fstreams%2F8%3A33135987&p=%2Frun%2Fsystemd%2Fjournal%2Fstreams&rm=1 HTTP/1.1" 200 13328 "http://mail.transportessuroeste.com/gorbus.transportessuroeste.com/cnbcqwvh.php?dl=1&f=%2Frun%2Fsystemd%2Fjournal%2Fstreams%2F8%3A33127134&p=%2Frun%2Fsystemd%2Fjournal%2Fstreams" "Mozilla/5.0 AppleWebKit/537.36 (KHTML, like Gecko; compatible; GPTBot/1.4; +https://openai.com/gptbot)"
74.7.227.191 - - [10/Sep/2026:07:19:08 -0500] "GET /gorbus.transportessuroeste.com/cnbcqwvh.php?f=%2Frun%2Fsystemd%2Fjournal%2Fstreams%2F8%3A20772007&p=%2Frun%2Fsystemd%2Fjournal%2Fstreams&rm=1 HTTP/1.1" 200 13328 "http://transportessuroeste.com/gorbus.transportessuroeste.com/cnbcqwvh.php?dl=1&f=%2Frun%2Fsystemd%2Fjournal%2Fstreams%2F8%3A20698382&p=%2Frun%2Fsystemd%2Fjournal%2Fstreams" "Mozilla/5.0 AppleWebKit/537.36 (KHTML, like Gecko; compatible; GPTBot/1.4; +https://openai.com/gptbot)"
216.73.216.236 - - [10/Sep/2026:07:19:03 -0500] "GET /xmlrpc.php HTTP/1.1" 405 42 "-" "Mozilla/5.0 AppleWebKit/537.36 (KHTML, like Gecko; compatible; ClaudeBot/1.0; +claudebot@anthropic.com)"
216.73.216.236 - - [10/Sep/2026:07:19:03 -0500] "GET /wp-load.php HTTP/1.1" 200 - "-" "Mozilla/5.0 AppleWebKit/537.36 (KHTML, like Gecko; compatible; ClaudeBot/1.0; +claudebot@anthropic.com)"
85.239.244.35 - - [10/Sep/2026:07:19:13 -0500] "POST /wp-cron.php?doing_wp_cron=1789042753.7743248939514160156250 HTTP/1.1" 200 - "-" "WordPress/7.1; https://www.transportessuroeste.com"
216.73.216.236 - - [10/Sep/2026:07:19:06 -0500] "GET /wp-json HTTP/1.1" 200 1265364 "-" "Mozilla/5.0 AppleWebKit/537.36 (KHTML, like Gecko; compatible; ClaudeBot/1.0; +claudebot@anthropic.com)"
216.73.216.236 - - [10/Sep/2026:07:19:08 -0500] "GET /nuestros-horarios/ HTTP/1.1" 301 - "-" "Mozilla/5.0 AppleWebKit/537.36 (KHTML, like Gecko; compatible; ClaudeBot/1.0; +claudebot@anthropic.com)"
216.73.216.236 - - [10/Sep/2026:07:19:08 -0500] "GET /blog/ HTTP/1.1" 301 - "-" "Mozilla/5.0 AppleWebKit/537.36 (KHTML, like Gecko; compatible; ClaudeBot/1.0; +claudebot@anthropic.com)"
74.7.227.160 - - [10/Sep/2026:07:19:15 -0500] "GET /gorbus.transportessuroeste.com/cnbcqwvh.php?dl=1&f=%2Frun%2Fsystemd%2Fjournal%2Fstreams%2F8%3A31167624&p=%2Frun%2Fsystemd%2Fjournal%2Fstreams HTTP/1.1" 200 13850 "http://mail.transportessuroeste.com/gorbus.transportessuroeste.com/cnbcqwvh.php?dl=1&f=%2Frun%2Fsystemd%2Fjournal%2Fstreams%2F8%3A22757894&p=%2Frun%2Fsystemd%2Fjournal%2Fstreams" "Mozilla/5.0 AppleWebKit/537.36 (KHTML, like Gecko; compatible; GPTBot/1.4; +https://openai.com/gptbot)"
216.73.216.236 - - [10/Sep/2026:07:19:08 -0500] "GET /category/blog-suroeste/ HTTP/1.1" 301 - "-" "Mozilla/5.0 AppleWebKit/537.36 (KHTML, like Gecko; compatible; ClaudeBot/1.0; +claudebot@anthropic.com)"
216.73.216.236 - - [10/Sep/2026:07:19:08 -0500] "GET /well-known/acme-challenge/c/e/f/a/upnboiy/kup1lfc/ HTTP/1.1" 301 - "-" "Mozilla/5.0 AppleWebKit/537.36 (KHTML, like Gecko; compatible; ClaudeBot/1.0; +claudebot@anthropic.com)"
74.7.227.160 - - [10/Sep/2026:07:19:18 -0500] "GET /gorbus.transportessuroeste.com/cnbcqwvh.php?dl=1&f=%2Frun%2Fsystemd%2Fjournal%2Fstreams%2F8%3A36691922&p=%2Frun%2Fsystemd%2Fjournal%2Fstreams HTTP/1.1" 200 13850 "http://mail.transportessuroeste.com/gorbus.transportessuroeste.com/cnbcqwvh.php?f=%2Frun%2Fsystemd%2Fjournal%2Fstreams%2F8%3A36679320&p=%2Frun%2Fsystemd%2Fjournal%2Fstreams&rm=1" "Mozilla/5.0 AppleWebKit/537.36 (KHTML, like Gecko; compatible; GPTBot/1.4; +https://openai.com/gptbot)"
74.7.242.35 - - [10/Sep/2026:07:19:18 -0500] "GET /gorbus.transportessuroeste.com/cnbcqwvh.php?dl=1&f=%2Frun%2Fsystemd%2Fjournal%2Fstreams%2F8%3A20288918&p=%2Frun%2Fsystemd%2Fjournal%2Fstreams HTTP/1.1" 200 13850 "http://www.transportessuroeste.com/gorbus.transportessuroeste.com/cnbcqwvh.php?f=%2Frun%2Fsystemd%2Fjournal%2Fstreams%2F8%3A20280448&p=%2Frun%2Fsystemd%2Fjournal%2Fstreams&rm=1" "Mozilla/5.0 AppleWebKit/537.36 (KHTML, like Gecko; compatible; GPTBot/1.4; +https://openai.com/gptbot)"
74.7.242.35 - - [10/Sep/2026:07:19:20 -0500] "GET /gorbus.transportessuroeste.com/cnbcqwvh.php?dl=1&f=%2Frun%2Fsystemd%2Fjournal%2Fstreams%2F8%3A21764761&p=%2Frun%2Fsystemd%2Fjournal%2Fstreams HTTP/1.1" 200 13850 "http://www.transportessuroeste.com/gorbus.transportessuroeste.com/cnbcqwvh.php?f=%2Frun%2Fsystemd%2Fjournal%2Fstreams%2F8%3A21755803&p=%2Frun%2Fsystemd%2Fjournal%2Fstreams&rm=1" "Mozilla/5.0 AppleWebKit/537.36 (KHTML, like Gecko; compatible; GPTBot/1.4; +https://openai.com/gptbot)"
74.7.227.160 - - [10/Sep/2026:07:19:20 -0500] "GET /gorbus.transportessuroeste.com/cnbcqwvh.php?f=%2Frun%2Fsystemd%2Fjournal%2Fstreams%2F8%3A11820997&p=%2Frun%2Fsystemd%2Fjournal%2Fstreams&rm=1 HTTP/1.1" 200 13850 "http://mail.transportessuroeste.com/gorbus.transportessuroeste.com/cnbcqwvh.php?dl=1&f=%2Frun%2Fsystemd%2Fjournal%2Fstreams%2F8%3A101084019&p=%2Frun%2Fsystemd%2Fjournal%2Fstreams" "Mozilla/5.0 AppleWebKit/537.36 (KHTML, like Gecko; compatible; GPTBot/1.4; +https://openai.com/gptbot)"
216.73.216.236 - - [10/Sep/2026:07:19:17 -0500] "GET /nuestros-horarios/ HTTP/1.1" 200 172016 "http://transportessuroeste.com/nuestros-horarios/" "Mozilla/5.0 AppleWebKit/537.36 (KHTML, like Gecko; compatible; ClaudeBot/1.0; +claudebot@anthropic.com)"
216.73.216.236 - - [10/Sep/2026:07:19:17 -0500] "GET /blog/ HTTP/1.1" 200 138189 "http://transportessuroeste.com/blog/" "Mozilla/5.0 AppleWebKit/537.36 (KHTML, like Gecko; compatible; ClaudeBot/1.0; +claudebot@anthropic.com)"
216.73.216.236 - - [10/Sep/2026:07:19:17 -0500] "GET /category/blog-suroeste/ HTTP/1.1" 200 123519 "http://transportessuroeste.com/category/blog-suroeste/" "Mozilla/5.0 AppleWebKit/537.36 (KHTML, like Gecko; compatible; ClaudeBot/1.0; +claudebot@anthropic.com)"
74.7.242.35 - - [10/Sep/2026:07:19:21 -0500] "GET /gorbus.transportessuroeste.com/cnbcqwvh.php?f=%2Frun%2Fsystemd%2Fjournal%2Fstreams%2F8%3A32518725&p=%2Frun%2Fsystemd%2Fjournal%2Fstreams&rm=1 HTTP/1.1" 200 11240 "http://www.transportessuroeste.com/gorbus.transportessuroeste.com/cnbcqwvh.php?dl=1&f=%2Frun%2Fsystemd%2Fjournal%2Fstreams%2F8%3A32488238&p=%2Frun%2Fsystemd%2Fjournal%2Fstreams" "Mozilla/5.0 AppleWebKit/537.36 (KHTML, like Gecko; compatible; GPTBot/1.4; +https://openai.com/gptbot)"
74.7.227.160 - - [10/Sep/2026:07:19:21 -0500] "GET /gorbus.transportessuroeste.com/cnbcqwvh.php?dl=1&f=%2Frun%2Fsystemd%2Fjournal%2Fstreams%2F8%3A32843849&p=%2Frun%2Fsystemd%2Fjournal%2Fstreams HTTP/1.1" 200 10718 "http://mail.transportessuroeste.com/gorbus.transportessuroeste.com/cnbcqwvh.php?dl=1&f=%2Frun%2Fsystemd%2Fjournal%2Fstreams%2F8%3A32830046&p=%2Frun%2Fsystemd%2Fjournal%2Fstreams" "Mozilla/5.0 AppleWebKit/537.36 (KHTML, like Gecko; compatible; GPTBot/1.4; +https://openai.com/gptbot)"
74.7.227.191 - - [10/Sep/2026:07:19:21 -0500] "GET /gorbus.transportessuroeste.com/cnbcqwvh.php?f=%2Frun%2Fsystemd%2Fjournal%2Fstreams%2F8%3A33429152&p=%2Frun%2Fsystemd%2Fjournal%2Fstreams&rm=1 HTTP/1.1" 200 10718 "http://transportessuroeste.com/gorbus.transportessuroeste.com/cnbcqwvh.php?dl=1&f=%2Frun%2Fsystemd%2Fjournal%2Fstreams%2F8%3A33332386&p=%2Frun%2Fsystemd%2Fjournal%2Fstreams" "Mozilla/5.0 AppleWebKit/537.36 (KHTML, like Gecko; compatible; GPTBot/1.4; +https://openai.com/gptbot)"
216.73.216.236 - - [10/Sep/2026:07:19:18 -0500] "GET /well-known/acme-challenge/c/e/f/a/upnboiy/kup1lfc/ HTTP/1.1" 404 98909 "http://transportessuroeste.com/well-known/acme-challenge/c/e/f/a/upnboiy/kup1lfc/" "Mozilla/5.0 AppleWebKit/537.36 (KHTML, like Gecko; compatible; ClaudeBot/1.0; +claudebot@anthropic.com)"
74.7.227.160 - - [10/Sep/2026:07:19:23 -0500] "GET /gorbus.transportessuroeste.com/cnbcqwvh.php?dl=1&f=%2Frun%2Fsystemd%2Fjournal%2Fstreams%2F8%3A24520227&p=%2Frun%2Fsystemd%2Fjournal%2Fstreams HTTP/1.1" 200 10718 "http://mail.transportessuroeste.com/gorbus.transportessuroeste.com/cnbcqwvh.php?dl=1&f=%2Frun%2Fsystemd%2Fjournal%2Fstreams%2F8%3A23625525&p=%2Frun%2Fsystemd%2Fjournal%2Fstreams" "Mozilla/5.0 AppleWebKit/537.36 (KHTML, like Gecko; compatible; GPTBot/1.4; +https://openai.com/gptbot)"
74.7.227.191 - - [10/Sep/2026:07:19:23 -0500] "GET /gorbus.transportessuroeste.com/cnbcqwvh.php?f=%2Frun%2Fsystemd%2Fjournal%2Fstreams%2F8%3A32467494&p=%2Frun%2Fsystemd%2Fjournal%2Fstreams&rm=1 HTTP/1.1" 200 10718 "http://transportessuroeste.com/gorbus.transportessuroeste.com/cnbcqwvh.php?f=%2Frun%2Fsystemd%2Fjournal%2Fstreams%2F8%3A32427355&p=%2Frun%2Fsystemd%2Fjournal%2Fstreams&rm=1" "Mozilla/5.0 AppleWebKit/537.36 (KHTML, like Gecko; compatible; GPTBot/1.4; +https://openai.com/gptbot)"
74.7.227.160 - - [10/Sep/2026:07:19:24 -0500] "GET /gorbus.transportessuroeste.com/cnbcqwvh.php?dl=1&f=%2Frun%2Fsystemd%2Fjournal%2Fstreams%2F8%3A18380048&p=%2Frun%2Fsystemd%2Fjournal%2Fstreams HTTP/1.1" 200 10196 "http://mail.transportessuroeste.com/gorbus.transportessuroeste.com/cnbcqwvh.php?f=%2Frun%2Fsystemd%2Fjournal%2Fstreams%2F8%3A18368456&p=%2Frun%2Fsystemd%2Fjournal%2Fstreams&rm=1" "Mozilla/5.0 AppleWebKit/537.36 (KHTML, like Gecko; compatible; GPTBot/1.4; +https://openai.com/gptbot)"
74.7.227.160 - - [10/Sep/2026:07:19:25 -0500] "GET /gorbus.transportessuroeste.com/cnbcqwvh.php?f=%2Frun%2Fsystemd%2Fjournal%2Fstreams%2F8%3A24048542&p=%2Frun%2Fsystemd%2Fjournal%2Fstreams&rm=1 HTTP/1.1" 200 7586 "http://mail.transportessuroeste.com/gorbus.transportessuroeste.com/cnbcqwvh.php?f=%2Frun%2Fsystemd%2Fjournal%2Fstreams%2F8%3A23780154&p=%2Frun%2Fsystemd%2Fjournal%2Fstreams&rm=1" "Mozilla/5.0 AppleWebKit/537.36 (KHTML, like Gecko; compatible; GPTBot/1.4; +https://openai.com/gptbot)"
74.7.242.35 - - [10/Sep/2026:07:19:26 -0500] "GET /gorbus.transportessuroeste.com/cnbcqwvh.php?f=%2Frun%2Fsystemd%2Fjournal%2Fstreams%2F8%3A36329372&p=%2Frun%2Fsystemd%2Fjournal%2Fstreams&rm=1 HTTP/1.1" 200 7586 "http://www.transportessuroeste.com/gorbus.transportessuroeste.com/cnbcqwvh.php?dl=1&f=%2Frun%2Fsystemd%2Fjournal%2Fstreams%2F8%3A36317792&p=%2Frun%2Fsystemd%2Fjournal%2Fstreams" "Mozilla/5.0 AppleWebKit/537.36 (KHTML, like Gecko; compatible; GPTBot/1.4; +https://openai.com/gptbot)"
74.7.227.191 - - [10/Sep/2026:07:19:26 -0500] "GET /gorbus.transportessuroeste.com/cnbcqwvh.php?f=%2Frun%2Fsystemd%2Fjournal%2Fstreams%2F8%3A29309143&p=%2Frun%2Fsystemd%2Fjournal%2Fstreams&rm=1 HTTP/1.1" 200 7586 "http://transportessuroeste.com/gorbus.transportessuroeste.com/cnbcqwvh.php?f=%2Frun%2Fsystemd%2Fjournal%2Fstreams%2F8%3A29300053&p=%2Frun%2Fsystemd%2Fjournal%2Fstreams" "Mozilla/5.0 AppleWebKit/537.36 (KHTML, like Gecko; compatible; GPTBot/1.4; +https://openai.com/gptbot)"
74.7.227.160 - - [10/Sep/2026:07:19:27 -0500] "GET /gorbus.transportessuroeste.com/cnbcqwvh.php?dl=1&f=%2Frun%2Fsystemd%2Fjournal%2Fstreams%2F8%3A12127046&p=%2Frun%2Fsystemd%2Fjournal%2Fstreams HTTP/1.1" 200 4976 "http://mail.transportessuroeste.com/gorbus.transportessuroeste.com/cnbcqwvh.php?f=%2Frun%2Fsystemd%2Fjournal%2Fstreams%2F8%3A103375268&p=%2Frun%2Fsystemd%2Fjournal%2Fstreams&rm=1" "Mozilla/5.0 AppleWebKit/537.36 (KHTML, like Gecko; compatible; GPTBot/1.4; +https://openai.com/gptbot)"
74.7.242.35 - - [10/Sep/2026:07:19:27 -0500] "GET /gorbus.transportessuroeste.com/cnbcqwvh.php?dl=1&f=%2Frun%2Fsystemd%2Fjournal%2Fstreams%2F8%3A23762395&p=%2Frun%2Fsystemd%2Fjournal%2Fstreams HTTP/1.1" 200 4454 "http://www.transportessuroeste.com/gorbus.transportessuroeste.com/cnbcqwvh.php?f=%2Frun%2Fsystemd%2Fjournal%2Fstreams%2F8%3A23750927&p=%2Frun%2Fsystemd%2Fjournal%2Fstreams&rm=1" "Mozilla/5.0 AppleWebKit/537.36 (KHTML, like Gecko; compatible; GPTBot/1.4; +https://openai.com/gptbot)"
74.7.227.191 - - [10/Sep/2026:07:19:28 -0500] "GET /gorbus.transportessuroeste.com/cnbcqwvh.php?f=%2Frun%2Fsystemd%2Fjournal%2Fstreams%2F8%3A37048882&p=%2Frun%2Fsystemd%2Fjournal%2Fstreams&rm=1 HTTP/1.1" 200 4454 "http://transportessuroeste.com/gorbus.transportessuroeste.com/cnbcqwvh.php?f=%2Frun%2Fsystemd%2Fjournal%2Fstreams%2F8%3A37031426&p=%2Frun%2Fsystemd%2Fjournal%2Fstreams&rm=1" "Mozilla/5.0 AppleWebKit/537.36 (KHTML, like Gecko; compatible; GPTBot/1.4; +https://openai.com/gptbot)"
74.7.227.160 - - [10/Sep/2026:07:19:29 -0500] "GET /gorbus.transportessuroeste.com/cnbcqwvh.php?f=%2Frun%2Fsystemd%2Fjournal%2Fstreams%2F8%3A37048885&p=%2Frun%2Fsystemd%2Fjournal%2Fstreams&rm=1 HTTP/1.1" 200 4454 "http://mail.transportessuroeste.com/gorbus.transportessuroeste.com/cnbcqwvh.php?f=%2Frun%2Fsystemd%2Fjournal%2Fstreams%2F8%3A29728542&p=%2Frun%2Fsystemd%2Fjournal%2Fstreams&rm=1" "Mozilla/5.0 AppleWebKit/537.36 (KHTML, like Gecko; compatible; GPTBot/1.4; +https://openai.com/gptbot)"
74.7.227.191 - - [10/Sep/2026:07:19:29 -0500] "GET /gorbus.transportessuroeste.com/cnbcqwvh.php?f=%2Frun%2Fsystemd%2Fjournal%2Fstreams%2F8%3A37048884&p=%2Frun%2Fsystemd%2Fjournal%2Fstreams&rm=1 HTTP/1.1" 200 4454 "http://transportessuroeste.com/gorbus.transportessuroeste.com/cnbcqwvh.php?f=%2Frun%2Fsystemd%2Fjournal%2Fstreams%2F8%3A37031426&p=%2Frun%2Fsystemd%2Fjournal%2Fstreams&rm=1" "Mozilla/5.0 AppleWebKit/537.36 (KHTML, like Gecko; compatible; GPTBot/1.4; +https://openai.com/gptbot)"
74.7.227.160 - - [10/Sep/2026:07:19:30 -0500] "GET /gorbus.transportessuroeste.com/cnbcqwvh.php?f=%2Frun%2Fsystemd%2Fjournal%2Fstreams%2F8%3A37048886&p=%2Frun%2Fsystemd%2Fjournal%2Fstreams&rm=1 HTTP/1.1" 200 4454 "http://mail.transportessuroeste.com/gorbus.transportessuroeste.com/cnbcqwvh.php?f=%2Frun%2Fsystemd%2Fjournal%2Fstreams%2F8%3A29728542&p=%2Frun%2Fsystemd%2Fjournal%2Fstreams&rm=1" "Mozilla/5.0 AppleWebKit/537.36 (KHTML, like Gecko; compatible; GPTBot/1.4; +https://openai.com/gptbot)"
74.7.227.191 - - [10/Sep/2026:07:19:31 -0500] "GET /gorbus.transportessuroeste.com/cnbcqwvh.php?f=%2Frun%2Fsystemd%2Fjournal%2Fstreams%2F8%3A37048885&p=%2Frun%2Fsystemd%2Fjournal%2Fstreams&rm=1 HTTP/1.1" 200 4454 "http://transportessuroeste.com/gorbus.transportessuroeste.com/cnbcqwvh.php?f=%2Frun%2Fsystemd%2Fjournal%2Fstreams%2F8%3A37031426&p=%2Frun%2Fsystemd%2Fjournal%2Fstreams&rm=1" "Mozilla/5.0 AppleWebKit/537.36 (KHTML, like Gecko; compatible; GPTBot/1.4; +https://openai.com/gptbot)"
74.7.227.160 - - [10/Sep/2026:07:19:32 -0500] "GET /gorbus.transportessuroeste.com/cnbcqwvh.php?f=%2Frun%2Fsystemd%2Fjournal%2Fstreams%2F8%3A37048884&p=%2Frun%2Fsystemd%2Fjournal%2Fstreams&rm=1 HTTP/1.1" 200 4454 "http://mail.transportessuroeste.com/gorbus.transportessuroeste.com/cnbcqwvh.php?f=%2Frun%2Fsystemd%2Fjournal%2Fstreams%2F8%3A29728542&p=%2Frun%2Fsystemd%2Fjournal%2Fstreams&rm=1" "Mozilla/5.0 AppleWebKit/537.36 (KHTML, like Gecko; compatible; GPTBot/1.4; +https://openai.com/gptbot)"
74.7.227.191 - - [10/Sep/2026:07:19:32 -0500] "GET /gorbus.transportessuroeste.com/cnbcqwvh.php?f=%2Frun%2Fsystemd%2Fjournal%2Fstreams%2F8%3A37048886&p=%2Frun%2Fsystemd%2Fjournal%2Fstreams&rm=1 HTTP/1.1" 200 3932 "http://transportessuroeste.com/gorbus.transportessuroeste.com/cnbcqwvh.php?f=%2Frun%2Fsystemd%2Fjournal%2Fstreams%2F8%3A37031426&p=%2Frun%2Fsystemd%2Fjournal%2Fstreams&rm=1" "Mozilla/5.0 AppleWebKit/537.36 (KHTML, like Gecko; compatible; GPTBot/1.4; +https://openai.com/gptbot)"
74.7.227.160 - - [10/Sep/2026:07:19:33 -0500] "GET /gorbus.transportessuroeste.com/cnbcqwvh.php?f=%2Frun%2Fsystemd%2Fjournal%2Fstreams%2F8%3A37048882&p=%2Frun%2Fsystemd%2Fjournal%2Fstreams&rm=1 HTTP/1.1" 200 3932 "http://mail.transportessuroeste.com/gorbus.transportessuroeste.com/cnbcqwvh.php?f=%2Frun%2Fsystemd%2Fjournal%2Fstreams%2F8%3A29728542&p=%2Frun%2Fsystemd%2Fjournal%2Fstreams&rm=1" "Mozilla/5.0 AppleWebKit/537.36 (KHTML, like Gecko; compatible; GPTBot/1.4; +https://openai.com/gptbot)"
74.7.227.160 - - [10/Sep/2026:07:19:35 -0500] "GET /gorbus.transportessuroeste.com/cnbcqwvh.php?f=%2Frun%2Fsystemd%2Fjournal%2Fstreams%2F8%3A37048883&p=%2Frun%2Fsystemd%2Fjournal%2Fstreams&rm=1 HTTP/1.1" 200 3932 "http://mail.transportessuroeste.com/gorbus.transportessuroeste.com/cnbcqwvh.php?f=%2Frun%2Fsystemd%2Fjournal%2Fstreams%2F8%3A29728542&p=%2Frun%2Fsystemd%2Fjournal%2Fstreams&rm=1" "Mozilla/5.0 AppleWebKit/537.36 (KHTML, like Gecko; compatible; GPTBot/1.4; +https://openai.com/gptbot)"
74.7.242.35 - - [10/Sep/2026:07:19:35 -0500] "GET /gorbus.transportessuroeste.com/cnbcqwvh.php?f=%2Frun%2Fsystemd%2Fjournal%2Fstreams%2F8%3A37048886&p=%2Frun%2Fsystemd%2Fjournal%2Fstreams&rm=1 HTTP/1.1" 200 3932 "http://www.transportessuroeste.com/gorbus.transportessuroeste.com/cnbcqwvh.php?dl=1&f=%2Frun%2Fsystemd%2Fjournal%2Fstreams%2F8%3A20288918&p=%2Frun%2Fsystemd%2Fjournal%2Fstreams" "Mozilla/5.0 AppleWebKit/537.36 (KHTML, like Gecko; compatible; GPTBot/1.4; +https://openai.com/gptbot)"
74.7.227.160 - - [10/Sep/2026:07:19:36 -0500] "GET /gorbus.transportessuroeste.com/cnbcqwvh.php?dl=1&f=%2Frun%2Fsystemd%2Fjournal%2Fstreams%2F8%3A37048882&p=%2Frun%2Fsystemd%2Fjournal%2Fstreams HTTP/1.1" 200 3932 "http://mail.transportessuroeste.com/gorbus.transportessuroeste.com/cnbcqwvh.php?f=%2Frun%2Fsystemd%2Fjournal%2Fstreams%2F8%3A29728542&p=%2Frun%2Fsystemd%2Fjournal%2Fstreams&rm=1" "Mozilla/5.0 AppleWebKit/537.36 (KHTML, like Gecko; compatible; GPTBot/1.4; +https://openai.com/gptbot)"
74.7.242.35 - - [10/Sep/2026:07:19:36 -0500] "GET /gorbus.transportessuroeste.com/cnbcqwvh.php?f=%2Frun%2Fsystemd%2Fjournal%2Fstreams%2F8%3A37048885&p=%2Frun%2Fsystemd%2Fjournal%2Fstreams&rm=1 HTTP/1.1" 200 3932 "http://www.transportessuroeste.com/gorbus.transportessuroeste.com/cnbcqwvh.php?dl=1&f=%2Frun%2Fsystemd%2Fjournal%2Fstreams%2F8%3A20288918&p=%2Frun%2Fsystemd%2Fjournal%2Fstreams" "Mozilla/5.0 AppleWebKit/537.36 (KHTML, like Gecko; compatible; GPTBot/1.4; +https://openai.com/gptbot)"
74.7.227.160 - - [10/Sep/2026:07:19:38 -0500] "GET /gorbus.transportessuroeste.com/cnbcqwvh.php?dl=1&f=%2Frun%2Fsystemd%2Fjournal%2Fstreams%2F8%3A37048886&p=%2Frun%2Fsystemd%2Fjournal%2Fstreams HTTP/1.1" 200 3932 "http://mail.transportessuroeste.com/gorbus.transportessuroeste.com/cnbcqwvh.php?f=%2Frun%2Fsystemd%2Fjournal%2Fstreams%2F8%3A29728542&p=%2Frun%2Fsystemd%2Fjournal%2Fstreams&rm=1" "Mozilla/5.0 AppleWebKit/537.36 (KHTML, like Gecko; compatible; GPTBot/1.4; +https://openai.com/gptbot)"
74.7.242.35 - - [10/Sep/2026:07:19:38 -0500] "GET /gorbus.transportessuroeste.com/cnbcqwvh.php?f=%2Frun%2Fsystemd%2Fjournal%2Fstreams%2F8%3A37048882&p=%2Frun%2Fsystemd%2Fjournal%2Fstreams&rm=1 HTTP/1.1" 200 3932 "http://www.transportessuroeste.com/gorbus.transportessuroeste.com/cnbcqwvh.php?dl=1&f=%2Frun%2Fsystemd%2Fjournal%2Fstreams%2F8%3A20288918&p=%2Frun%2Fsystemd%2Fjournal%2Fstreams" "Mozilla/5.0 AppleWebKit/537.36 (KHTML, like Gecko; compatible; GPTBot/1.4; +https://openai.com/gptbot)"
74.7.227.191 - - [10/Sep/2026:07:19:38 -0500] "GET /gorbus.transportessuroeste.com/cnbcqwvh.php?f=%2Frun%2Fsystemd%2Fjournal%2Fstreams%2F8%3A37057878&p=%2Frun%2Fsystemd%2Fjournal%2Fstreams HTTP/1.1" 200 3932 "http://transportessuroeste.com/gorbus.transportessuroeste.com/cnbcqwvh.php?f=%2Frun%2Fsystemd%2Fjournal%2Fstreams%2F8%3A33429152&p=%2Frun%2Fsystemd%2Fjournal%2Fstreams&rm=1" "Mozilla/5.0 AppleWebKit/537.36 (KHTML, like Gecko; compatible; GPTBot/1.4; +https://openai.com/gptbot)"
74.7.227.160 - - [10/Sep/2026:07:19:39 -0500] "GET /gorbus.transportessuroeste.com/cnbcqwvh.php?dl=1&f=%2Frun%2Fsystemd%2Fjournal%2Fstreams%2F8%3A37048885&p=%2Frun%2Fsystemd%2Fjournal%2Fstreams HTTP/1.1" 200 3932 "http://mail.transportessuroeste.com/gorbus.transportessuroeste.com/cnbcqwvh.php?f=%2Frun%2Fsystemd%2Fjournal%2Fstreams%2F8%3A29728542&p=%2Frun%2Fsystemd%2Fjournal%2Fstreams&rm=1" "Mozilla/5.0 AppleWebKit/537.36 (KHTML, like Gecko; compatible; GPTBot/1.4; +https://openai.com/gptbot)"
74.7.242.35 - - [10/Sep/2026:07:19:39 -0500] "GET /gorbus.transportessuroeste.com/cnbcqwvh.php?f=%2Frun%2Fsystemd%2Fjournal%2Fstreams%2F8%3A37048884&p=%2Frun%2Fsystemd%2Fjournal%2Fstreams&rm=1 HTTP/1.1" 200 3932 "http://www.transportessuroeste.com/gorbus.transportessuroeste.com/cnbcqwvh.php?dl=1&f=%2Frun%2Fsystemd%2Fjournal%2Fstreams%2F8%3A20288918&p=%2Frun%2Fsystemd%2Fjournal%2Fstreams" "Mozilla/5.0 AppleWebKit/537.36 (KHTML, like Gecko; compatible; GPTBot/1.4; +https://openai.com/gptbot)"
74.7.227.191 - - [10/Sep/2026:07:19:40 -0500] "GET /gorbus.transportessuroeste.com/cnbcqwvh.php?f=%2Frun%2Fsystemd%2Fjournal%2Fstreams%2F8%3A37057878&p=%2Frun%2Fsystemd%2Fjournal%2Fstreams&rm=1 HTTP/1.1" 200 3932 "http://transportessuroeste.com/gorbus.transportessuroeste.com/cnbcqwvh.php?f=%2Frun%2Fsystemd%2Fjournal%2Fstreams%2F8%3A33429152&p=%2Frun%2Fsystemd%2Fjournal%2Fstreams&rm=1" "Mozilla/5.0 AppleWebKit/537.36 (KHTML, like Gecko; compatible; GPTBot/1.4; +https://openai.com/gptbot)"
74.7.227.160 - - [10/Sep/2026:07:19:41 -0500] "GET /gorbus.transportessuroeste.com/cnbcqwvh.php?dl=1&f=%2Frun%2Fsystemd%2Fjournal%2Fstreams%2F8%3A37048884&p=%2Frun%2Fsystemd%2Fjournal%2Fstreams HTTP/1.1" 200 3932 "http://mail.transportessuroeste.com/gorbus.transportessuroeste.com/cnbcqwvh.php?f=%2Frun%2Fsystemd%2Fjournal%2Fstreams%2F8%3A29728542&p=%2Frun%2Fsystemd%2Fjournal%2Fstreams&rm=1" "Mozilla/5.0 AppleWebKit/537.36 (KHTML, like Gecko; compatible; GPTBot/1.4; +https://openai.com/gptbot)"
74.7.242.35 - - [10/Sep/2026:07:19:41 -0500] "GET /gorbus.transportessuroeste.com/cnbcqwvh.php?dl=1&f=%2Frun%2Fsystemd%2Fjournal%2Fstreams%2F8%3A37048882&p=%2Frun%2Fsystemd%2Fjournal%2Fstreams HTTP/1.1" 200 3932 "http://www.transportessuroeste.com/gorbus.transportessuroeste.com/cnbcqwvh.php?dl=1&f=%2Frun%2Fsystemd%2Fjournal%2Fstreams%2F8%3A20288918&p=%2Frun%2Fsystemd%2Fjournal%2Fstreams" "Mozilla/5.0 AppleWebKit/537.36 (KHTML, like Gecko; compatible; GPTBot/1.4; +https://openai.com/gptbot)"
74.7.227.191 - - [10/Sep/2026:07:19:41 -0500] "GET /gorbus.transportessuroeste.com/cnbcqwvh.php?dl=1&f=%2Frun%2Fsystemd%2Fjournal%2Fstreams%2F8%3A37048882&p=%2Frun%2Fsystemd%2Fjournal%2Fstreams HTTP/1.1" 200 3932 "http://transportessuroeste.com/gorbus.transportessuroeste.com/cnbcqwvh.php?f=%2Frun%2Fsystemd%2Fjournal%2Fstreams%2F8%3A37031426&p=%2Frun%2Fsystemd%2Fjournal%2Fstreams&rm=1" "Mozilla/5.0 AppleWebKit/537.36 (KHTML, like Gecko; compatible; GPTBot/1.4; +https://openai.com/gptbot)"
74.7.227.160 - - [10/Sep/2026:07:19:42 -0500] "GET /gorbus.transportessuroeste.com/cnbcqwvh.php?dl=1&f=%2Frun%2Fsystemd%2Fjournal%2Fstreams%2F8%3A37048883&p=%2Frun%2Fsystemd%2Fjournal%2Fstreams HTTP/1.1" 200 3932 "http://mail.transportessuroeste.com/gorbus.transportessuroeste.com/cnbcqwvh.php?f=%2Frun%2Fsystemd%2Fjournal%2Fstreams%2F8%3A29728542&p=%2Frun%2Fsystemd%2Fjournal%2Fstreams&rm=1" "Mozilla/5.0 AppleWebKit/537.36 (KHTML, like Gecko; compatible; GPTBot/1.4; +https://openai.com/gptbot)"
74.7.227.160 - - [10/Sep/2026:07:19:44 -0500] "GET /gorbus.transportessuroeste.com/cnbcqwvh.php?f=%2Frun%2Fsystemd%2Fjournal%2Fstreams%2F8%3A37048882&p=%2Frun%2Fsystemd%2Fjournal%2Fstreams HTTP/1.1" 200 3932 "http://mail.transportessuroeste.com/gorbus.transportessuroeste.com/cnbcqwvh.php?f=%2Frun%2Fsystemd%2Fjournal%2Fstreams%2F8%3A29728542&p=%2Frun%2Fsystemd%2Fjournal%2Fstreams&rm=1" "Mozilla/5.0 AppleWebKit/537.36 (KHTML, like Gecko; compatible; GPTBot/1.4; +https://openai.com/gptbot)"
74.7.242.35 - - [10/Sep/2026:07:19:44 -0500] "GET /gorbus.transportessuroeste.com/cnbcqwvh.php?f=%2Frun%2Fsystemd%2Fjournal%2Fstreams%2F8%3A37048883&p=%2Frun%2Fsystemd%2Fjournal%2Fstreams&rm=1 HTTP/1.1" 200 3932 "http://www.transportessuroeste.com/gorbus.transportessuroeste.com/cnbcqwvh.php?dl=1&f=%2Frun%2Fsystemd%2Fjournal%2Fstreams%2F8%3A20288918&p=%2Frun%2Fsystemd%2Fjournal%2Fstreams" "Mozilla/5.0 AppleWebKit/537.36 (KHTML, like Gecko; compatible; GPTBot/1.4; +https://openai.com/gptbot)"
74.7.227.160 - - [10/Sep/2026:07:19:45 -0500] "GET /gorbus.transportessuroeste.com/cnbcqwvh.php?f=%2Frun%2Fsystemd%2Fjournal%2Fstreams%2F8%3A37048885&p=%2Frun%2Fsystemd%2Fjournal%2Fstreams HTTP/1.1" 200 3932 "http://mail.transportessuroeste.com/gorbus.transportessuroeste.com/cnbcqwvh.php?f=%2Frun%2Fsystemd%2Fjournal%2Fstreams%2F8%3A29728542&p=%2Frun%2Fsystemd%2Fjournal%2Fstreams&rm=1" "Mozilla/5.0 AppleWebKit/537.36 (KHTML, like Gecko; compatible; GPTBot/1.4; +https://openai.com/gptbot)"
74.7.227.191 - - [10/Sep/2026:07:19:46 -0500] "GET /gorbus.transportessuroeste.com/cnbcqwvh.php?f=%2Frun%2Fsystemd%2Fjournal%2Fstreams%2F8%3A37048883&p=%2Frun%2Fsystemd%2Fjournal%2Fstreams&rm=1 HTTP/1.1" 200 3932 "http://transportessuroeste.com/gorbus.transportessuroeste.com/cnbcqwvh.php?f=%2Frun%2Fsystemd%2Fjournal%2Fstreams%2F8%3A37031426&p=%2Frun%2Fsystemd%2Fjournal%2Fstreams&rm=1" "Mozilla/5.0 AppleWebKit/537.36 (KHTML, like Gecko; compatible; GPTBot/1.4; +https://openai.com/gptbot)"
74.7.227.160 - - [10/Sep/2026:07:19:47 -0500] "GET /gorbus.transportessuroeste.com/cnbcqwvh.php?f=%2Frun%2Fsystemd%2Fjournal%2Fstreams%2F8%3A37048884&p=%2Frun%2Fsystemd%2Fjournal%2Fstreams HTTP/1.1" 200 3932 "http://mail.transportessuroeste.com/gorbus.transportessuroeste.com/cnbcqwvh.php?f=%2Frun%2Fsystemd%2Fjournal%2Fstreams%2F8%3A29728542&p=%2Frun%2Fsystemd%2Fjournal%2Fstreams&rm=1" "Mozilla/5.0 AppleWebKit/537.36 (KHTML, like Gecko; compatible; GPTBot/1.4; +https://openai.com/gptbot)"
74.7.242.35 - - [10/Sep/2026:07:19:47 -0500] "GET /gorbus.transportessuroeste.com/cnbcqwvh.php?dl=1&f=%2Frun%2Fsystemd%2Fjournal%2Fstreams%2F8%3A37048883&p=%2Frun%2Fsystemd%2Fjournal%2Fstreams HTTP/1.1" 200 3932 "http://www.transportessuroeste.com/gorbus.transportessuroeste.com/cnbcqwvh.php?dl=1&f=%2Frun%2Fsystemd%2Fjournal%2Fstreams%2F8%3A20288918&p=%2Frun%2Fsystemd%2Fjournal%2Fstreams" "Mozilla/5.0 AppleWebKit/537.36 (KHTML, like Gecko; compatible; GPTBot/1.4; +https://openai.com/gptbot)"
74.7.227.160 - - [10/Sep/2026:07:19:49 -0500] "GET /gorbus.transportessuroeste.com/cnbcqwvh.php?f=%2Frun%2Fsystemd%2Fjournal%2Fstreams%2F8%3A37048883&p=%2Frun%2Fsystemd%2Fjournal%2Fstreams HTTP/1.1" 200 3932 "http://mail.transportessuroeste.com/gorbus.transportessuroeste.com/cnbcqwvh.php?f=%2Frun%2Fsystemd%2Fjournal%2Fstreams%2F8%3A29728542&p=%2Frun%2Fsystemd%2Fjournal%2Fstreams&rm=1" "Mozilla/5.0 AppleWebKit/537.36 (KHTML, like Gecko; compatible; GPTBot/1.4; +https://openai.com/gptbot)"
74.7.242.35 - - [10/Sep/2026:07:19:49 -0500] "GET /gorbus.transportessuroeste.com/cnbcqwvh.php?dl=1&f=%2Frun%2Fsystemd%2Fjournal%2Fstreams%2F8%3A37048884&p=%2Frun%2Fsystemd%2Fjournal%2Fstreams HTTP/1.1" 200 3932 "http://www.transportessuroeste.com/gorbus.transportessuroeste.com/cnbcqwvh.php?dl=1&f=%2Frun%2Fsystemd%2Fjournal%2Fstreams%2F8%3A20288918&p=%2Frun%2Fsystemd%2Fjournal%2Fstreams" "Mozilla/5.0 AppleWebKit/537.36 (KHTML, like Gecko; compatible; GPTBot/1.4; +https://openai.com/gptbot)"
74.7.227.160 - - [10/Sep/2026:07:19:50 -0500] "GET /gorbus.transportessuroeste.com/cnbcqwvh.php?f=%2Frun%2Fsystemd%2Fjournal%2Fstreams%2F8%3A37048886&p=%2Frun%2Fsystemd%2Fjournal%2Fstreams HTTP/1.1" 200 3932 "http://mail.transportessuroeste.com/gorbus.transportessuroeste.com/cnbcqwvh.php?f=%2Frun%2Fsystemd%2Fjournal%2Fstreams%2F8%3A29728542&p=%2Frun%2Fsystemd%2Fjournal%2Fstreams&rm=1" "Mozilla/5.0 AppleWebKit/537.36 (KHTML, like Gecko; compatible; GPTBot/1.4; +https://openai.com/gptbot)"
74.7.227.160 - - [10/Sep/2026:07:19:52 -0500] "GET /gorbus.transportessuroeste.com/cnbcqwvh.php?f=%2Frun%2Fsystemd%2Fjournal%2Fstreams%2F8%3A37052757&p=%2Frun%2Fsystemd%2Fjournal%2Fstreams&rm=1 HTTP/1.1" 200 3932 "http://mail.transportessuroeste.com/gorbus.transportessuroeste.com/cnbcqwvh.php?f=%2Frun%2Fsystemd%2Fjournal%2Fstreams%2F8%3A29728542&p=%2Frun%2Fsystemd%2Fjournal%2Fstreams&rm=1" "Mozilla/5.0 AppleWebKit/537.36 (KHTML, like Gecko; compatible; GPTBot/1.4; +https://openai.com/gptbot)"
74.7.227.191 - - [10/Sep/2026:07:19:52 -0500] "GET /gorbus.transportessuroeste.com/cnbcqwvh.php?dl=1&f=%2Frun%2Fsystemd%2Fjournal%2Fstreams%2F8%3A37048884&p=%2Frun%2Fsystemd%2Fjournal%2Fstreams HTTP/1.1" 200 3932 "http://transportessuroeste.com/gorbus.transportessuroeste.com/cnbcqwvh.php?f=%2Frun%2Fsystemd%2Fjournal%2Fstreams%2F8%3A37031426&p=%2Frun%2Fsystemd%2Fjournal%2Fstreams&rm=1" "Mozilla/5.0 AppleWebKit/537.36 (KHTML, like Gecko; compatible; GPTBot/1.4; +https://openai.com/gptbot)"
74.7.227.160 - - [10/Sep/2026:07:19:53 -0500] "GET /gorbus.transportessuroeste.com/cnbcqwvh.php?f=%2Frun%2Fsystemd%2Fjournal%2Fstreams%2F8%3A37052760&p=%2Frun%2Fsystemd%2Fjournal%2Fstreams&rm=1 HTTP/1.1" 200 3932 "http://mail.transportessuroeste.com/gorbus.transportessuroeste.com/cnbcqwvh.php?f=%2Frun%2Fsystemd%2Fjournal%2Fstreams%2F8%3A29728542&p=%2Frun%2Fsystemd%2Fjournal%2Fstreams&rm=1" "Mozilla/5.0 AppleWebKit/537.36 (KHTML, like Gecko; compatible; GPTBot/1.4; +https://openai.com/gptbot)"
74.7.227.160 - - [10/Sep/2026:07:19:55 -0500] "GET /gorbus.transportessuroeste.com/cnbcqwvh.php?f=%2Frun%2Fsystemd%2Fjournal%2Fstreams%2F8%3A37048170&p=%2Frun%2Fsystemd%2Fjournal%2Fstreams&rm=1 HTTP/1.1" 200 3932 "http://mail.transportessuroeste.com/gorbus.transportessuroeste.com/cnbcqwvh.php?f=%2Frun%2Fsystemd%2Fjournal%2Fstreams%2F8%3A29728542&p=%2Frun%2Fsystemd%2Fjournal%2Fstreams&rm=1" "Mozilla/5.0 AppleWebKit/537.36 (KHTML, like Gecko; compatible; GPTBot/1.4; +https://openai.com/gptbot)"
74.7.242.35 - - [10/Sep/2026:07:19:55 -0500] "GET /gorbus.transportessuroeste.com/cnbcqwvh.php?dl=1&f=%2Frun%2Fsystemd%2Fjournal%2Fstreams%2F8%3A37048885&p=%2Frun%2Fsystemd%2Fjournal%2Fstreams HTTP/1.1" 200 3932 "http://www.transportessuroeste.com/gorbus.transportessuroeste.com/cnbcqwvh.php?dl=1&f=%2Frun%2Fsystemd%2Fjournal%2Fstreams%2F8%3A20288918&p=%2Frun%2Fsystemd%2Fjournal%2Fstreams" "Mozilla/5.0 AppleWebKit/537.36 (KHTML, like Gecko; compatible; GPTBot/1.4; +https://openai.com/gptbot)"
74.7.227.191 - - [10/Sep/2026:07:19:55 -0500] "GET /gorbus.transportessuroeste.com/cnbcqwvh.php?dl=1&f=%2Frun%2Fsystemd%2Fjournal%2Fstreams%2F8%3A37048885&p=%2Frun%2Fsystemd%2Fjournal%2Fstreams HTTP/1.1" 200 3932 "http://transportessuroeste.com/gorbus.transportessuroeste.com/cnbcqwvh.php?f=%2Frun%2Fsystemd%2Fjournal%2Fstreams%2F8%3A37031426&p=%2Frun%2Fsystemd%2Fjournal%2Fstreams&rm=1" "Mozilla/5.0 AppleWebKit/537.36 (KHTML, like Gecko; compatible; GPTBot/1.4; +https://openai.com/gptbot)"
74.7.227.160 - - [10/Sep/2026:07:19:56 -0500] "GET /gorbus.transportessuroeste.com/cnbcqwvh.php?dl=1&f=%2Frun%2Fsystemd%2Fjournal%2Fstreams%2F8%3A37052737&p=%2Frun%2Fsystemd%2Fjournal%2Fstreams HTTP/1.1" 200 3932 "http://mail.transportessuroeste.com/gorbus.transportessuroeste.com/cnbcqwvh.php?f=%2Frun%2Fsystemd%2Fjournal%2Fstreams%2F8%3A29728542&p=%2Frun%2Fsystemd%2Fjournal%2Fstreams&rm=1" "Mozilla/5.0 AppleWebKit/537.36 (KHTML, like Gecko; compatible; GPTBot/1.4; +https://openai.com/gptbot)"
74.7.227.191 - - [10/Sep/2026:07:19:56 -0500] "GET /gorbus.transportessuroeste.com/cnbcqwvh.php?dl=1&f=%2Frun%2Fsystemd%2Fjournal%2Fstreams%2F8%3A37048883&p=%2Frun%2Fsystemd%2Fjournal%2Fstreams HTTP/1.1" 200 3932 "http://transportessuroeste.com/gorbus.transportessuroeste.com/cnbcqwvh.php?f=%2Frun%2Fsystemd%2Fjournal%2Fstreams%2F8%3A37031426&p=%2Frun%2Fsystemd%2Fjournal%2Fstreams&rm=1" "Mozilla/5.0 AppleWebKit/537.36 (KHTML, like Gecko; compatible; GPTBot/1.4; +https://openai.com/gptbot)"
74.7.227.160 - - [10/Sep/2026:07:19:58 -0500] "GET /gorbus.transportessuroeste.com/cnbcqwvh.php?f=%2Frun%2Fsystemd%2Fjournal%2Fstreams%2F8%3A37051952&p=%2Frun%2Fsystemd%2Fjournal%2Fstreams&rm=1 HTTP/1.1" 200 3932 "http://mail.transportessuroeste.com/gorbus.transportessuroeste.com/cnbcqwvh.php?f=%2Frun%2Fsystemd%2Fjournal%2Fstreams%2F8%3A29728542&p=%2Frun%2Fsystemd%2Fjournal%2Fstreams&rm=1" "Mozilla/5.0 AppleWebKit/537.36 (KHTML, like Gecko; compatible; GPTBot/1.4; +https://openai.com/gptbot)"
74.7.242.35 - - [10/Sep/2026:07:19:58 -0500] "GET /gorbus.transportessuroeste.com/cnbcqwvh.php?dl=1&f=%2Frun%2Fsystemd%2Fjournal%2Fstreams%2F8%3A37048886&p=%2Frun%2Fsystemd%2Fjournal%2Fstreams HTTP/1.1" 200 3932 "http://www.transportessuroeste.com/gorbus.transportessuroeste.com/cnbcqwvh.php?dl=1&f=%2Frun%2Fsystemd%2Fjournal%2Fstreams%2F8%3A20288918&p=%2Frun%2Fsystemd%2Fjournal%2Fstreams" "Mozilla/5.0 AppleWebKit/537.36 (KHTML, like Gecko; compatible; GPTBot/1.4; +https://openai.com/gptbot)"
74.7.227.191 - - [10/Sep/2026:07:19:58 -0500] "GET /gorbus.transportessuroeste.com/cnbcqwvh.php?dl=1&f=%2Frun%2Fsystemd%2Fjournal%2Fstreams%2F8%3A37048886&p=%2Frun%2Fsystemd%2Fjournal%2Fstreams HTTP/1.1" 200 3932 "http://transportessuroeste.com/gorbus.transportessuroeste.com/cnbcqwvh.php?f=%2Frun%2Fsystemd%2Fjournal%2Fstreams%2F8%3A37031426&p=%2Frun%2Fsystemd%2Fjournal%2Fstreams&rm=1" "Mozilla/5.0 AppleWebKit/537.36 (KHTML, like Gecko; compatible; GPTBot/1.4; +https://openai.com/gptbot)"
74.7.227.160 - - [10/Sep/2026:07:19:59 -0500] "GET /gorbus.transportessuroeste.com/cnbcqwvh.php?dl=1&f=%2Frun%2Fsystemd%2Fjournal%2Fstreams%2F8%3A37052757&p=%2Frun%2Fsystemd%2Fjournal%2Fstreams HTTP/1.1" 200 3932 "http://mail.transportessuroeste.com/gorbus.transportessuroeste.com/cnbcqwvh.php?f=%2Frun%2Fsystemd%2Fjournal%2Fstreams%2F8%3A29728542&p=%2Frun%2Fsystemd%2Fjournal%2Fstreams&rm=1" "Mozilla/5.0 AppleWebKit/537.36 (KHTML, like Gecko; compatible; GPTBot/1.4; +https://openai.com/gptbot)"
74.7.227.160 - - [10/Sep/2026:07:20:01 -0500] "GET /gorbus.transportessuroeste.com/cnbcqwvh.php?f=%2Frun%2Fsystemd%2Fjournal%2Fstreams%2F8%3A37048868&p=%2Frun%2Fsystemd%2Fjournal%2Fstreams&rm=1 HTTP/1.1" 200 3932 "http://mail.transportessuroeste.com/gorbus.transportessuroeste.com/cnbcqwvh.php?f=%2Frun%2Fsystemd%2Fjournal%2Fstreams%2F8%3A29728542&p=%2Frun%2Fsystemd%2Fjournal%2Fstreams&rm=1" "Mozilla/5.0 AppleWebKit/537.36 (KHTML, like Gecko; compatible; GPTBot/1.4; +https://openai.com/gptbot)"
74.7.242.35 - - [10/Sep/2026:07:20:01 -0500] "GET /gorbus.transportessuroeste.com/cnbcqwvh.php?f=%2Frun%2Fsystemd%2Fjournal%2Fstreams%2F8%3A37048882&p=%2Frun%2Fsystemd%2Fjournal%2Fstreams HTTP/1.1" 200 4454 "http://www.transportessuroeste.com/gorbus.transportessuroeste.com/cnbcqwvh.php?dl=1&f=%2Frun%2Fsystemd%2Fjournal%2Fstreams%2F8%3A20288918&p=%2Frun%2Fsystemd%2Fjournal%2Fstreams" "Mozilla/5.0 AppleWebKit/537.36 (KHTML, like Gecko; compatible; GPTBot/1.4; +https://openai.com/gptbot)"
74.7.227.191 - - [10/Sep/2026:07:20:01 -0500] "GET /gorbus.transportessuroeste.com/cnbcqwvh.php?f=%2Frun%2Fsystemd%2Fjournal%2Fstreams%2F8%3A37048882&p=%2Frun%2Fsystemd%2Fjournal%2Fstreams HTTP/1.1" 200 5498 "http://transportessuroeste.com/gorbus.transportessuroeste.com/cnbcqwvh.php?f=%2Frun%2Fsystemd%2Fjournal%2Fstreams%2F8%3A37031426&p=%2Frun%2Fsystemd%2Fjournal%2Fstreams&rm=1" "Mozilla/5.0 AppleWebKit/537.36 (KHTML, like Gecko; compatible; GPTBot/1.4; +https://openai.com/gptbot)"
74.7.227.160 - - [10/Sep/2026:07:20:02 -0500] "GET /gorbus.transportessuroeste.com/cnbcqwvh.php?f=%2Frun%2Fsystemd%2Fjournal%2Fstreams%2F8%3A37052737&p=%2Frun%2Fsystemd%2Fjournal%2Fstreams&rm=1 HTTP/1.1" 200 13328 "http://mail.transportessuroeste.com/gorbus.transportessuroeste.com/cnbcqwvh.php?f=%2Frun%2Fsystemd%2Fjournal%2Fstreams%2F8%3A29728542&p=%2Frun%2Fsystemd%2Fjournal%2Fstreams&rm=1" "Mozilla/5.0 AppleWebKit/537.36 (KHTML, like Gecko; compatible; GPTBot/1.4; +https://openai.com/gptbot)"
